{"id":10301,"date":"2011-06-19T02:35:11","date_gmt":"2011-06-18T23:35:11","guid":{"rendered":"http:\/\/www.kayiprihtim.org\/portal\/"},"modified":"2022-07-31T23:11:12","modified_gmt":"2022-07-31T20:11:12","slug":"sadik-yemni-ile-roportaj","status":"publish","type":"page","link":"https:\/\/www.kayiprihtim.org\/portal\/roportajlar\/sadik-yemni-ile-roportaj\/","title":{"rendered":"Sad\u0131k Yemni ile R\u00f6portaj"},"content":{"rendered":"<p style=\"text-align: center;\"><img fetchpriority=\"high\" decoding=\"async\" class=\"aligncenter\" src=\"https:\/\/www.kayiprihtim.org\/portal\/gorsel\/sadik-yemni.jpg\" alt=\"\" width=\"466\" height=\"213\"><\/p>\n<ul style=\"text-align: justify;\">\n<li><strong>Sad\u0131k Yemni\u2019nin kelimelerle olan yolculu\u011funa nas\u0131l ve ne zaman ba\u015flad\u0131?<\/strong><\/li>\n<\/ul>\n<p style=\"text-indent: 0.4cm; text-align: justify;\">Kelimelerle yolculuk san\u0131r\u0131m \u00e7o\u011fu kez anlat\u0131c\u0131l\u0131kla ba\u015fl\u0131yor. Ben ge\u00e7 konu\u015fmu\u015fum. Daha iki bu\u00e7uk \u00fc\u00e7 ya\u015f\u0131ndayken bakkal yerine kakal dermi\u015fim mesela. Sonradan g\u00fc\u00e7l\u00fc anlat\u0131c\u0131lar\u0131n elinde b\u00fcy\u00fcd\u00fcm, Annem ve onun baz\u0131 teyzeleri(toplam alt\u0131 adetti) s\u00fcper etkin anlat\u0131c\u0131lard\u0131. Dinleyicileri bazen b\u00fcy\u00fcler, bazen de g\u00fclmekten k\u0131rar ge\u00e7irirlerdi. Bizim ev akrabalar\u0131n bulu\u015fma merkezi oldu\u011fundan daha on ya\u015flar\u0131ndayken ben de iyice forma girmi\u015ftim.<\/p>\n<p>[stextbox id=&#8221;info&#8221; float=&#8221;true&#8221; align=&#8221;right&#8221;]<img decoding=\"async\" class=\"alignright\" src=\"https:\/\/www.kayiprihtim.org\/portal\/images\/melahat.png\" alt=\"\" width=\"55\" height=\"80\"><span style=\"color: #ff0000;\"><span style=\"font-size: 12pt;\"><strong>R\u00d6PORTAJ<\/strong><\/span><strong><br \/>\n<\/strong><\/span><\/p>\n<p style=\"text-indent: 0.4cm; margin-bottom: 0cm; text-align: right;\"><span style=\"font-size: 8pt; line-height: 1.2em;\"><strong>Melahat Y\u0131lmaz<\/strong><\/span><br \/>\n<span style=\"font-size: x-small;\"><span style=\"color: #333399;\"><strong>[Ar\u015fivi]<\/strong><\/span><\/span><\/p>\n<p style=\"text-align: left;\">On iki ya\u015f\u0131ndayken mahallede hayali filmler anlatmakla \u00fcnlenmi\u015ftim. G\u00f6rmedi\u011fim filmleri an\u0131nda do\u011fa\u00e7lamayla uydurarak ba\u015ftan sona anlat\u0131rd\u0131m. Gerekli yerlerde film m\u00fczi\u011fi de yapard\u0131m. Gerilim tonlar\u0131 \u00f6zellikle\u2026<\/p>\n<p style=\"text-indent: 0.4cm; text-align: justify;\">On iki, on \u00fc\u00e7 ya\u015f\u0131na kadar s\u00fcrd\u00fcrd\u00fcm. Tutkulu dinleyicilerim vard\u0131. Uydurdu\u011fumu bildikleri halde, \u2018yeni film g\u00f6rd\u00fcn m\u00fc?\u2019 diye sorarlard\u0131. O s\u0131ralarda televizyon ve internet olmad\u0131\u011f\u0131 i\u00e7in b\u00f6yle \u015feylere merak, talep ve istek vard\u0131. Yazmaya otuz ortalar\u0131nda seyreltik bir \u015fekilde ba\u015flad\u0131m. \u00d6yk\u00fcler kaleme ald\u0131m. G\u00f6\u00e7men i\u015f\u00e7ilerle ilgili konular\u0131 i\u015flemekteydim. K\u0131rk ya\u015f\u0131ndayken ilk polisiyemi yazd\u0131m. Amsterdam\u2019\u0131n G\u00fcl\u00fc. Yazd\u0131\u011f\u0131m ilk novellad\u0131r. Arkas\u0131 geldi. Yazarl\u0131\u011fa k\u0131rk\u0131nda ba\u015flad\u0131m yani.<\/p>\n<ul style=\"text-align: justify;\">\n<li><strong>Size g\u00f6re yazarl\u0131\u011f\u0131n tan\u0131m\u0131 nedir?<\/strong><\/li>\n<\/ul>\n<p style=\"text-indent: 0.4cm; text-align: justify;\">Bize kendimizi hat\u0131rlatan, empati g\u00fcc\u00fcm\u00fcz\u00fc besleyen, sezgilerimizin t\u00fclden parmaklar\u0131n\u0131n dokundu\u011fu en u\u00e7 yerlerden tekinsizlik estiren, hedefi ak\u0131c\u0131 metin, iyi kurgu, sars\u0131c\u0131 son format\u0131 olan yaz\u0131 i\u015f\u00e7ili\u011fine yarat\u0131c\u0131 yazarl\u0131k denebilir.<\/p>\n<p style=\"text-indent: 0.4cm; text-align: justify;\">Yazarl\u0131\u011f\u0131n bir i\u015flevi daha var. Her gece yata\u011fa yatt\u0131\u011f\u0131m\u0131zda kim oldu\u011fumuzu unutur, r\u00fcyalar \u00e2lemi denilen gezegenlere ini\u015f yapar\u0131z. Yazar\u0131n esini denen \u015fey r\u00fcyalardaki her \u015feyin olabilirli\u011fi, ayk\u0131r\u0131l\u0131klar\u0131n ola\u011fan zeminlerde belirmesi cinsinden bir zihin usaresidir. Ge\u00e7i\u015flidir. Bir zihinden di\u011ferine, r\u00fcya de\u011fi\u015f toku\u015fu, okumak, film izlemek ve anlatmak yoluyla ge\u00e7er. Her ge\u00e7i\u015fte ba\u015fka bir zihin taraf\u0131ndan yorumland\u0131\u011f\u0131ndan bir miktar de\u011fi\u015fikli\u011fe u\u011frar. B\u00fct\u00fcn k\u00e2inat\u0131 dolan\u0131yor bile olabilirler. Evrenin % 72\u2019sinin kara enerjiden olu\u015ftu\u011fu s\u00f6yleniyor. \u0130\u00e7inde bu t\u00fcr malzemeler de bar\u0131nd\u0131rmaktad\u0131r belki.<\/p>\n<ul style=\"text-align: justify;\">\n<li><strong>Yaz\u0131m kurallar\u0131nda bir metin olu\u015fturulurken giri\u015f, geli\u015fme, sonu\u00e7 olarak ayr\u0131l\u0131r. Siz okurlar\u0131n\u0131z\u0131 hik\u00e2yeden olu\u015fan evinize davet etti\u011finizde hangi b\u00f6l\u00fcm onlar\u0131 daha \u00e7ok etkilemeli?<\/strong><\/li>\n<\/ul>\n<p style=\"text-indent: 0.4cm; text-align: justify;\">Giri\u015f \u00e7ok \u00f6nemlidir. \u00c7\u00fcnk\u00fc \u00e2\u015f\u0131k olma ihtimaliniz olan kimseyi ilk kez g\u00f6rmek gibidir. \u0130lk etki \u00e7ok \u00f6nemlidir. Giri\u015fi biraz uzay meki\u011finin d\u00fcnyaya d\u00f6n\u00fc\u015f\u00fcne de benzetiyorum. Atmosfere uygun bir a\u00e7\u0131yla girmezse yanar k\u00fcl olur. Okuyucuyu da giri\u015f b\u00f6l\u00fcm\u00fcyle en uygun a\u00e7\u0131dan \u00f6yk\u00fcye ini\u015f yapt\u0131rmal\u0131y\u0131z. G\u00fcne\u015fin alt\u0131ndaki yeni bir \u015fey yoktur denir. Do\u011fru bir s\u00f6zd\u00fcr. Bu nedenle finalin kurgusal zembere\u011fin en ehven ayar\u0131yla bi\u00e7imlenmesi \u015fartt\u0131r. B\u00f6ylece \u00f6yk\u00fc hem tekrar okuma, hem de ba\u015fkalar\u0131na anlatma arzusu uyand\u0131r\u0131r. Geli\u015fme b\u00f6l\u00fcm\u00fc de bu iki oda aras\u0131ndaki hold\u00fcr. I\u015f\u0131kl\u0131, e\u015fyalarla t\u0131kal\u0131 olmayan, ge\u00e7i\u015fi kolay bir \u015fekilde bulunmal\u0131d\u0131r.<\/p>\n<p style=\"text-align: center;\">\n<ul style=\"text-align: justify;\">\n<li><strong>Sizce \u00f6nemli olan hi\u00e7 yaz\u0131lmam\u0131\u015f\u0131 yazmak m\u0131d\u0131r yoksa daha \u00f6nce de ele al\u0131nan bir konuyu iyi i\u015flemek midir?<\/strong><\/li>\n<\/ul>\n<p style=\"text-indent: 0.4cm; text-align: justify;\">Hi\u00e7 yaz\u0131lmam\u0131\u015f \u015feyler \u00e7ok nadirdir. Bir kez yaz\u0131nca da bilinir alana ge\u00e7erler. Bence \u00f6nemli olan \u00fcsluptur. \u00dcslubu sa\u011flam bir yazar\u0131n ne yazd\u0131\u011f\u0131 pek \u00f6nemli de\u011fildir. \u00c7\u00fcnk\u00fc etkiyi yapacak \u015fey ne yazd\u0131\u011f\u0131 de\u011fil, nas\u0131l yazd\u0131\u011f\u0131d\u0131r. \u00d6rne\u011fin vampir \u00f6yk\u00fcleri\u2026 \u00c7ok kli\u015fedir, ama h\u00e2l\u00e2 iyi vampir \u00f6yk\u00fcleri yaz\u0131l\u0131yor. Vampirle G\u00f6r\u00fc\u015fme, Salems Lot film ve kitaplar\u0131 buna \u00f6rnek olabilir. Tabii ilgin\u00e7 konular bulmak i\u00e7in \u00e7abalamak da \u015fartt\u0131r. Ben \u015fahsen bir \u00f6yk\u00fc yazarken kendime bin kez sorar\u0131m \u2018Bu \u00f6yk\u00fcde orijinal olan bir \u015fey var m\u0131d\u0131r? Varsa bu nedir?\u2019 diye. Bu sorgulama yazar\u0131n dik yoku\u015f \u00e7\u0131kmada solu\u011funu g\u00fc\u00e7lendirir. Yazd\u0131\u011f\u0131m\u0131z her \u015feyi ba\u015fkalar\u0131yla payla\u015fmak i\u00e7in bir kontrat\u0131m\u0131z yok. Kulu\u00e7ka devresini tamamlamam\u0131\u015f bir s\u00fcr\u00fc \u00f6yk\u00fc ve roman var. Yamru yumru civcivler dolan\u0131yor ortal\u0131kta. Benim \u015fahsen yaz\u0131p da hi\u00e7bir yerde yay\u0131mlamad\u0131\u011f\u0131m eserlerim b\u00fct\u00fcn\u00fcn i\u00e7inde y\u00fczde otuz faland\u0131r. Y\u0131llard\u0131r bir kenarda duruyorlar.<\/p>\n<ul style=\"text-align: justify;\">\n<li><strong>Avradoid, Tozluta ve Endi\u015feciler de i\u015fledi\u011finiz kad\u0131n karakterleriniz etkileyici. Karakterlerinizi betimlerken nelere dikkat ediyorsunuz?<\/strong><\/li>\n<\/ul>\n<p style=\"text-indent: 0.4cm; text-align: justify;\">En \u00e7ok dikkat etti\u011fim \u015fey karakterlerin canl\u0131, kanl\u0131, etten ve kemikten yap\u0131lm\u0131\u015f olmas\u0131d\u0131r. G\u00fcnl\u00fck hayattaki yerleri, hayalleri ve d\u00fc\u015f\u00fcnceleriyle okuyucuda do\u011fal bir tip etkisi yaratmal\u0131d\u0131r. Benim \u00f6zellikle bilimkurgu, gizem ve korku t\u00fcr\u00fc a\u011f\u0131rl\u0131kl\u0131 \u00f6yk\u00fcleri kad\u0131n okurlara sevdirme misyonum vard\u0131r. Bunun i\u00e7in onlara hem ortam, hem de tip olarak \u00e7ok tan\u0131d\u0131k gelen konular yazar\u0131m.<\/p>\n<ul style=\"text-align: justify;\">\n<li><strong>Avradoid ile devam edersek ba\u015fka bir d\u00fcnya, ba\u015fka bir zaman var. G\u00f6z\u00fcn\u00fczde canlanan\u0131n kaleminize d\u00f6k\u00fclmesi olduk\u00e7a zor gibi duruyor. Siz nas\u0131l ba\u015far\u0131yorsunuz?<\/strong><\/li>\n<\/ul>\n<p style=\"text-indent: 0.4cm; text-align: justify;\">Bu t\u00fcr \u00f6yk\u00fcleri iyi k\u0131v\u0131rabilmenin yeterli k\u00fclt\u00fcrel ba\u011faj\u0131n yan\u0131 s\u0131ra iki olmazsa olmaz\u0131 var. Birincisi beyninizin bir \u00e7anak anten gibi esin evreninden mesaj almaya a\u00e7\u0131k olmas\u0131. Yaz\u0131 \u00fcst \u00fcste y\u0131\u011f\u0131lan s\u00f6zc\u00fcklerden ibaret de\u011fildir asla. Baz\u0131 ger\u00e7eklikler ba\u015fka \u00e2lemlere bir deklan\u015f\u00f6r gibi anl\u0131k a\u00e7\u0131kl\u0131klar yarat\u0131rlar. Bunu yakalamaya haz\u0131r olmak gerekir. Mecazi olarak ele al\u0131rsak; anten uzaya f\u0131rlat\u0131lacak, do\u011fru konumda y\u00f6r\u00fcngeye oturtulacak, s\u00fcrekli bak\u0131m\u0131 yap\u0131lacak. Me\u015fakkatli bir i\u015f\u2026 Ama bu g\u00f6ze al\u0131nmazsa g\u00f6z\u00fcn\u00fczde canlanan d\u00fcnya asla size kendini teslim etmez. Zaten alg\u0131lad\u0131\u011f\u0131m\u0131z\u0131n, sezdi\u011fimizin y\u00fczde onunu ancak yaz\u0131ya d\u00f6kebiliyoruz. Buradan da fire vermemek laz\u0131m\u2026 \u0130kincisi bu i\u015fleri k\u0131v\u0131rabilmek egzersizle, talimle ilgili\u2026 Yaz\u0131 i\u015fi talimidir. \u00c7ok okunacak ve yaz\u0131lacak.<\/p>\n<ul style=\"text-align: justify;\">\n<li><strong>Endi\u015fecilerde bir \u00e7anta var. Al\u0131nmak istenen ve insan\u0131n g\u00f6z\u00fcn\u00fc metaya dikip de asl\u0131 unuttu\u011funa kan\u0131t olan. Hik\u00e2yenizde \u00e7anta sembol\u00fcn\u00fc kullanman\u0131z\u0131n \u00f6zel bir anlam\u0131 var m\u0131? Ba\u015fka bir a\u00e7\u0131dan sorarsak; Sad\u0131k Yemni imzas\u0131 ta\u015f\u0131yan sembolleriniz var m\u0131?<\/strong><\/li>\n<\/ul>\n<p style=\"text-indent: 0.4cm; text-align: justify;\">\u0130\u00e7 i\u00e7e ger\u00e7eklikleri birbirine ba\u011flayan kap\u0131lardan ge\u00e7mek bazen bir e\u015fyaya odaklanmayla ger\u00e7ekle\u015febilir pek\u00e2l\u00e2. Bilin\u00e7li sembol kullan\u0131m\u0131m yok, ama kamufleli ya da a\u00e7\u0131k bir \u015fekilde iki ger\u00e7eklik aras\u0131nda e\u015fiklik etme potansiyeli olan nesneleri kullanmay\u0131 severim.<\/p>\n<ul style=\"text-align: justify;\">\n<li><strong>\u0130ntikam, cinayet, \u00f6zg\u00fcven, eski ve yeni d\u00fcnyada ne istedi\u011fini bilen kad\u0131nlar var hik\u00e2yelerinizde, peki ya a\u015fk?<\/strong><\/li>\n<\/ul>\n<p style=\"text-indent: 0.4cm; text-align: justify;\">Tozluta adl\u0131 \u00f6yk\u00fcmde \u00e7ok gaddar bir a\u015fk ve intikam sarmal\u0131 vard\u0131r \u00f6rne\u011fin.<\/p>\n<p style=\"text-indent: 0.4cm; text-align: justify;\">Zor Kopya&#8217;da \u00e7ocuk sevgisi a\u015fk\u0131 and\u0131r\u0131r bir d\u00fczeye ula\u015fm\u0131\u015ft\u0131r. G\u00f6n\u00fcl Vitrinimin Mankeni\u2019nde \u00e2\u015f\u0131klar alemleri ve zaman\u0131n i\u00e7bunalt\u0131c\u0131 temposunu a\u015farlar. Tepe D\u00fcnyaya Taklak\u2019ta ise a\u015fk konusunda g\u00f6rsel bir bulu\u015f yap\u0131lmaya kadar var\u0131lm\u0131\u015ft\u0131r. Bunlar 50 \u00f6yk\u00fcmden sadece d\u00f6rt tanesi.<\/p>\n<p style=\"text-align: center;\">\n<ul style=\"text-align: justify;\">\n<li><strong>Betimlemeleriniz g\u00f6z doldurucu. Beyninizde y\u00fckselen bu kelime trafi\u011fine kendinizi nas\u0131l haz\u0131rl\u0131yorsunuz?<\/strong><\/li>\n<\/ul>\n<p style=\"text-indent: 0.4cm; text-align: justify;\">Bir \u00e7e\u015fit zihinsel yo\u011funluk kesbetme s\u00f6z konusu. Talimi bir durum\u2026 \u0130natla durulan bir k\u0131y\u0131y\u0131 d\u00f6ven dalgalar\u0131n biriken enerjisi. Ans\u0131z\u0131n zihnimin ekran\u0131nda belirirler. Nereden gelirler hi\u00e7 bilmem.<\/p>\n<ul style=\"text-align: justify;\">\n<li><strong>Siz pek \u00e7ok gen\u00e7 yazar\u0131n kahraman\u0131s\u0131n\u0131z. Peki, sizin kahramanlar\u0131n\u0131z kimlerdir?<\/strong><\/li>\n<\/ul>\n<p style=\"text-indent: 0.4cm; text-align: justify;\">TekinsizX (Polisiye, paranormal, Gizem, Korku, Bilimkurgu, Fantastik) t\u00fcr\u00fcndeki kahramanlar\u0131m\u0131 sayay\u0131m: E. A. Poe, J.L. Borges, S. King, L. Deighton, Philip K. Dick, Ray Bradbury, S. Lem<\/p>\n<ul style=\"text-align: justify;\">\n<li><strong>Yaz\u0131 yolu uzun ve me\u015fakkatli \u00e7o\u011fu zamanda yorucu\u2026 Siz gen\u00e7 yazarlara bu yolculukta ne gibi tavsiyelerde bulunursunuz?<\/strong><\/li>\n<\/ul>\n<p style=\"text-indent: 0.4cm; text-align: justify;\">Zaman k\u0131sa. \u0130\u015f a\u011f\u0131r. Hayatta sorumluluk denen enerji emici \u00e7ekim g\u00fc\u00e7leri de var. Bu nedenle zaman\u0131 \u00e7ok verimli kullanmalar\u0131 laz\u0131m&#8230; \u00dcslup edimi \u015fartt\u0131r. Bunla do\u011fuluyor diye d\u00fc\u015f\u00fcnmekteyim. \u00c7al\u0131\u015fmayla belirginle\u015fiyor sadece. Kurgunun ise hayati \u00f6nemi vard\u0131r. Bunun i\u00e7in iyi ve karakterlerine yatk\u0131n oldu\u011funu d\u00fc\u015f\u00fcnd\u00fckleri bir yazar bulduklar\u0131nda o kimsenin \u00f6yk\u00fclerini, romanlar\u0131n\u0131 on, yirmi, elli kere okusunlar. \u00c7o\u011fu vasat olan elli \u00f6yk\u00fc okumak yerine, iyi \u00fc\u00e7 be\u015f \u00f6yk\u00fcy\u00fc onar kere okumak beyni daha \u00e7ok geli\u015ftirir.<\/p>\n<p><span style=\"color: #800000;\"><strong>Bu g\u00fczel ve bilgilendirici cevaplar\u0131 i\u00e7in, sorular\u0131 i\u00e7tenlikle cevaplayan Sad\u0131k Yemni&#8217;ye bir kez daha sonsuz te\u015fekk\u00fcrlerimizi sunuyoruz.<\/strong><\/span><\/p>\n<div class=\"seperator\">#<\/div>\n<table id=\"table20\" style=\"border-collapse: collapse; width: 450px; height: 21px;\" border=\"0\" cellspacing=\"0\" cellpadding=\"2\" align=\"center\">\n<tbody>\n<tr>\n<td style=\"border-style: solid ridge ridge; border-width: 1px; padding-left: 4px; padding-right: 4px;\" width=\"98%\" bgcolor=\"#5d372a\"><span style=\"color: #ffffff;\"><strong><span style=\"font-family: Tahoma;\"><span style=\"color: #ffff99;\">R\u00f6portaj: <\/span>Melahat Y\u0131lmaz<\/span><\/strong><\/span><strong><br \/>\n<\/strong><strong> <\/strong><\/td>\n<\/tr>\n<\/tbody>\n<\/table>\n","protected":false},"excerpt":{"rendered":"<p>Sad\u0131k Yemni\u2019nin kelimelerle olan yolculu\u011funa nas\u0131l ve ne zaman ba\u015flad\u0131? Kelimelerle yolculuk san\u0131r\u0131m \u00e7o\u011fu kez anlat\u0131c\u0131l\u0131kla ba\u015fl\u0131yor. Ben ge\u00e7 konu\u015fmu\u015fum. Daha iki bu\u00e7uk \u00fc\u00e7 ya\u015f\u0131ndayken bakkal yerine kakal dermi\u015fim mesela. Sonradan g\u00fc\u00e7l\u00fc anlat\u0131c\u0131lar\u0131n elinde b\u00fcy\u00fcd\u00fcm, Annem ve onun baz\u0131 teyzeleri(toplam alt\u0131 adetti) s\u00fcper etkin anlat\u0131c\u0131lard\u0131. Dinleyicileri bazen b\u00fcy\u00fcler, bazen de g\u00fclmekten k\u0131rar ge\u00e7irirlerdi. Bizim ev [&hellip;]<\/p>\n","protected":false},"author":1,"featured_media":0,"parent":1029,"menu_order":0,"comment_status":"open","ping_status":"closed","template":"","meta":{"_acf_changed":false,"footnotes":""},"class_list":["post-10301","page","type-page","status-publish"],"acf":[],"_links":{"self":[{"href":"https:\/\/www.kayiprihtim.org\/portal\/wp-json\/wp\/v2\/pages\/10301","targetHints":{"allow":["GET"]}}],"collection":[{"href":"https:\/\/www.kayiprihtim.org\/portal\/wp-json\/wp\/v2\/pages"}],"about":[{"href":"https:\/\/www.kayiprihtim.org\/portal\/wp-json\/wp\/v2\/types\/page"}],"author":[{"embeddable":true,"href":"https:\/\/www.kayiprihtim.org\/portal\/wp-json\/wp\/v2\/users\/1"}],"replies":[{"embeddable":true,"href":"https:\/\/www.kayiprihtim.org\/portal\/wp-json\/wp\/v2\/comments?post=10301"}],"version-history":[{"count":3,"href":"https:\/\/www.kayiprihtim.org\/portal\/wp-json\/wp\/v2\/pages\/10301\/revisions"}],"predecessor-version":[{"id":59769,"href":"https:\/\/www.kayiprihtim.org\/portal\/wp-json\/wp\/v2\/pages\/10301\/revisions\/59769"}],"up":[{"embeddable":true,"href":"https:\/\/www.kayiprihtim.org\/portal\/wp-json\/wp\/v2\/pages\/1029"}],"wp:attachment":[{"href":"https:\/\/www.kayiprihtim.org\/portal\/wp-json\/wp\/v2\/media?parent=10301"}],"curies":[{"name":"wp","href":"https:\/\/api.w.org\/{rel}","templated":true}]}}