{"id":10632,"date":"2011-07-03T23:43:01","date_gmt":"2011-07-03T20:43:01","guid":{"rendered":"http:\/\/www.kayiprihtim.org\/portal\/"},"modified":"2011-07-03T23:43:01","modified_gmt":"2011-07-03T20:43:01","slug":"nijura","status":"publish","type":"page","link":"https:\/\/www.kayiprihtim.org\/portal\/kitaplar\/nijura\/","title":{"rendered":"Nijura"},"content":{"rendered":"<table style=\"border: thin outset; border-collapse: collapse; height: 30px; width: 470px;\" border=\"0\" cellpadding=\"2\">\n<tbody>\n<tr>\n<td width=\"30%\" bgcolor=\"#330000\"><span style=\"color: #ffffff;\"><span style=\"font-family: Verdana;\"><strong>NIJURA &#8211; ELF TACININ V\u00c2R\u0130S\u0130<\/strong><\/span><\/span><\/td>\n<\/tr>\n<\/tbody>\n<\/table>\n<table style=\"border-collapse: collapse; width: 462px; height: 250px;\" border=\"0\" cellspacing=\"0\" cellpadding=\"0\" bordercolor=\"#111111\">\n<tbody>\n<tr>\n<td width=\"58%\" align=\"center\" valign=\"top\">\n<table style=\"border-collapse: collapse; width: 315px; height: 248px;\" border=\"0\" cellspacing=\"2\">\n<tbody>\n<tr>\n<td width=\"100%\" align=\"right\">\n<table style=\"width: 310px; height: 88px;\" border=\"0\" cellspacing=\"0\">\n<tbody>\n<tr bgcolor=\"#D1C4A5\">\n<td width=\"39%\"><strong>Yazar<\/strong><\/td>\n<td width=\"3%\">:<\/td>\n<td width=\"51%\"><span style=\"color: #993300;\"><strong>Jenny-Mai Nuyen<\/strong><\/span><\/td>\n<\/tr>\n<tr bgcolor=\"#E4DDCB\">\n<td><strong>\u00c7eviri<\/strong><\/td>\n<td width=\"3%\">:<\/td>\n<td width=\"51%\">Firuzan G\u00fcrb\u00fcz<\/td>\n<\/tr>\n<tr bgcolor=\"#D1C4A5\">\n<td width=\"39%\"><strong>\u00d6zg\u00fcn Ad\u0131<\/strong><\/td>\n<td width=\"3%\">:<\/td>\n<td width=\"51%\">Nijura &#8211; Das Erbe Der<\/td>\n<\/tr>\n<tr bgcolor=\"#E4DDCB\">\n<td width=\"39%\"><strong>Edit\u00f6r<\/strong><\/td>\n<td width=\"3%\">:<\/td>\n<td width=\"51%\">Zeynep T\u00fcr<\/td>\n<\/tr>\n<\/tbody>\n<\/table>\n<\/td>\n<\/tr>\n<tr>\n<td style=\"border-style: solid ridge ridge; border-width: 1px; padding-left: 4px; padding-right: 4px;\" width=\"100%\" bgcolor=\"#C0B18D\"><strong><span style=\"font-size: 9pt; font-family: Tahoma;\">Pegasus Yay\u0131nlar\u0131<br \/>\n<\/span><\/strong><\/td>\n<\/tr>\n<tr>\n<td width=\"100%\" align=\"right\">\n<table style=\"width: 310px; height: 88px;\" border=\"0\" cellspacing=\"0\">\n<tbody>\n<tr bgcolor=\"#E4DDCB\">\n<td width=\"39%\"><strong>\u00c7\u0131k\u0131\u015f Tarihi<\/strong><\/td>\n<td width=\"3%\">:<\/td>\n<td width=\"51%\">Temmuz, 2011<\/td>\n<\/tr>\n<tr bgcolor=\"#D1C4A5\">\n<td><strong>Sayfa Say\u0131s\u0131<\/strong><\/td>\n<td width=\"3%\">:<\/td>\n<td width=\"51%\">464<\/td>\n<\/tr>\n<tr bgcolor=\"#E4DDCB\">\n<td width=\"39%\"><strong>Fiyat\u0131<\/strong><\/td>\n<td width=\"3%\">:<\/td>\n<td width=\"51%\">20,00 TL<\/td>\n<\/tr>\n<tr bgcolor=\"#D1C4A5\">\n<td width=\"39%\"><strong>ISBN No<\/strong><\/td>\n<td width=\"3%\">:<\/td>\n<td width=\"51%\">9786054456581<\/td>\n<\/tr>\n<\/tbody>\n<\/table>\n<\/td>\n<\/tr>\n<\/tbody>\n<\/table>\n<\/td>\n<td width=\"39%\" align=\"left\" valign=\"top\">\n<p style=\"text-align: center;\">\n<p style=\"text-align: center;\"><a href=\"https:\/\/www.kayiprihtim.org\/portal\/gorsel\/nijura-elf-tacinin-varisi.jpg\" target=\"_blank\"><img decoding=\"async\" class=\"aligncenter\" src=\"https:\/\/www.kayiprihtim.org\/portal\/gorsel\/nijura-elf-tacinin-varisi.jpg\" border=\"0\" alt=\"\" hspace=\"1\" width=\"140\" height=\"219\"><\/a><\/p>\n<\/td>\n<\/tr>\n<\/tbody>\n<\/table>\n<table style=\"border-collapse: collapse; width: 47%;\" border=\"0\" cellpadding=\"0\">\n<tbody>\n<tr>\n<td width=\"54%\">\n<table style=\"border-collapse: collapse; height: 147px; width: 470px;\" border=\"0\" cellspacing=\"0\" cellpadding=\"2\">\n<tbody>\n<tr>\n<td style=\"border-style: solid ridge ridge; border-width: 1px; padding-left: 4px; padding-right: 4px;\" width=\"98%\" bgcolor=\"#C0B18D\"><strong><span style=\"font-size: 9pt; font-family: Tahoma;\">Tan\u0131t\u0131m Yaz\u0131s\u0131<\/span><\/strong><\/td>\n<\/tr>\n<tr>\n<td width=\"99%\" align=\"left\">\n<table style=\"width: 465px;\" border=\"0\">\n<tbody>\n<tr>\n<td style=\"border-style: outset; border-width: 1px;\" width=\"96%\" bgcolor=\"#D1C4A5\">\n<table style=\"border-collapse: collapse; width: 452px; height: 199px;\" border=\"0\" cellspacing=\"0\" cellpadding=\"5\" bgcolor=\"#D1C4A5\" bordercolor=\"#D1C4A5\">\n<tbody>\n<tr>\n<td width=\"96%\" bgcolor=\"#D1C4A5\">Fantastik Edebiyat\u0131n Son Y\u0131llardaki En B\u00fcy\u00fck Ke\u015ffi&#8230;<\/p>\n<p>Yar\u0131 Elf olan gen\u00e7 Nill, insanlar\u0131n ve Elflerin d\u00fcnyas\u0131, kendi karma\u015f\u0131k duygusal ya\u015fam\u0131 ve \u00e7al\u0131nan sihirli Elf tac\u0131n\u0131n m\u00fccadelesi aras\u0131nda kalm\u0131\u015ft\u0131r. Elf tac\u0131 ilk kez, g\u00fc\u00e7 h\u0131rs\u0131na sahip bir insan kral\u0131n eline ge\u00e7er ve yeni kral muazzam bir kudret elde eder. Bu g\u00fcc\u00fcn kar\u015f\u0131s\u0131na \u00e7\u0131kabilecek tek bir ki\u015fi vard\u0131r: Nill. Maceralarla dolu bu ayakta kalma sava\u015f\u0131nda Nill, arkada\u015flar\u0131yla birlikte \u00f6nemli bir rol \u00fcstlenir. B\u00fct\u00fcn umutlar yar\u0131 Elf bir gen\u00e7 k\u0131za, Nill&#8217;e ba\u011flanm\u0131\u015ft\u0131r.<\/p>\n<p>O se\u00e7ilmi\u015f ki\u015fidir. O Nijura&#8217;d\u0131r.<\/p>\n<p>&#8220;Jenny-Mai Nuyen, Almanya&#8217;n\u0131n en iyi fantastik roman yazar\u0131.&#8221;<br \/>\n<strong>-Bild-<\/strong><\/p>\n<p>&#8220;Jenny-Mai Nuyen, kitaplar\u0131nda fantastik karakterleri \u00e7ok yarat\u0131c\u0131 bir bi\u00e7imde kurguluyor. Her sayfa s\u00fcrprizlerle dolu ve okurken bir sonraki ad\u0131mda olacaklar\u0131 asla tahmin edemiyorsunuz. E\u011fer Y\u00fcz\u00fcklerin Efendisi&#8217;ni ya da Eragon&#8217;u okuduysan\u0131z, bu kitab\u0131 da bir \u00e7\u0131rp\u0131da okuyacaks\u0131n\u0131z demektir.&#8221;<br \/>\n<strong>-S\u00fcddeutsche Zeitung-<\/strong><\/p>\n<hr size=\"1\" \/>\n<strong>Kapak Tasar\u0131m\u0131 : <\/strong>Yunus Bora \u00dclke<br \/>\n<strong>Bilgisayar Uygulama :<\/strong> Meral G\u00f6k<\/td>\n<\/tr>\n<\/tbody>\n<\/table>\n<\/td>\n<\/tr>\n<\/tbody>\n<\/table>\n<\/td>\n<\/tr>\n<\/tbody>\n<\/table>\n<\/td>\n<\/tr>\n<\/tbody>\n<\/table>\n","protected":false},"excerpt":{"rendered":"<p>NIJURA &#8211; ELF TACININ V\u00c2R\u0130S\u0130 Yazar : Jenny-Mai Nuyen \u00c7eviri : Firuzan G\u00fcrb\u00fcz \u00d6zg\u00fcn Ad\u0131 : Nijura &#8211; Das Erbe Der Edit\u00f6r : Zeynep T\u00fcr Pegasus Yay\u0131nlar\u0131 \u00c7\u0131k\u0131\u015f Tarihi : Temmuz, 2011 Sayfa Say\u0131s\u0131 : 464 Fiyat\u0131 : 20,00 TL ISBN No : 9786054456581 Tan\u0131t\u0131m Yaz\u0131s\u0131 Fantastik Edebiyat\u0131n Son Y\u0131llardaki En B\u00fcy\u00fck Ke\u015ffi&#8230; Yar\u0131 Elf [&hellip;]<\/p>\n","protected":false},"author":1,"featured_media":0,"parent":57,"menu_order":0,"comment_status":"open","ping_status":"closed","template":"","meta":{"_acf_changed":false,"footnotes":""},"class_list":["post-10632","page","type-page","status-publish"],"acf":[],"_links":{"self":[{"href":"https:\/\/www.kayiprihtim.org\/portal\/wp-json\/wp\/v2\/pages\/10632","targetHints":{"allow":["GET"]}}],"collection":[{"href":"https:\/\/www.kayiprihtim.org\/portal\/wp-json\/wp\/v2\/pages"}],"about":[{"href":"https:\/\/www.kayiprihtim.org\/portal\/wp-json\/wp\/v2\/types\/page"}],"author":[{"embeddable":true,"href":"https:\/\/www.kayiprihtim.org\/portal\/wp-json\/wp\/v2\/users\/1"}],"replies":[{"embeddable":true,"href":"https:\/\/www.kayiprihtim.org\/portal\/wp-json\/wp\/v2\/comments?post=10632"}],"version-history":[{"count":0,"href":"https:\/\/www.kayiprihtim.org\/portal\/wp-json\/wp\/v2\/pages\/10632\/revisions"}],"up":[{"embeddable":true,"href":"https:\/\/www.kayiprihtim.org\/portal\/wp-json\/wp\/v2\/pages\/57"}],"wp:attachment":[{"href":"https:\/\/www.kayiprihtim.org\/portal\/wp-json\/wp\/v2\/media?parent=10632"}],"curies":[{"name":"wp","href":"https:\/\/api.w.org\/{rel}","templated":true}]}}