{"id":10718,"date":"2011-07-05T01:20:51","date_gmt":"2011-07-04T22:20:51","guid":{"rendered":"http:\/\/www.kayiprihtim.org\/portal\/"},"modified":"2011-07-05T09:32:49","modified_gmt":"2011-07-05T06:32:49","slug":"the-wise-mans-fear-on-okuma","status":"publish","type":"page","link":"https:\/\/www.kayiprihtim.org\/portal\/projeler\/biz-bunu-istiyoruz\/biz-bunu-istiyoruz-1\/the-wise-mans-fear-on-okuma\/","title":{"rendered":"The Wise Man&#8217;s Fear | \u00d6n Okuma"},"content":{"rendered":"<table style=\"width: 650px;\" border=\"0\" align=\"center\">\n<tbody>\n<tr>\n<td style=\"font-size: 15px;\">\n<p style=\"text-align: center;\"><img fetchpriority=\"high\" decoding=\"async\" class=\"aligncenter\" src=\"https:\/\/www.kayiprihtim.org\/portal\/gorsel\/nameofhtewind\/the-wise-mans-fear-onokuma.jpg\" alt=\"\" width=\"467\" height=\"170\"><\/p>\n<p style=\"text-align: center;\"><span style=\"font-family: tahoma,arial,helvetica,sans-serif;\"><span style=\"font-size: medium;\"><strong>ON BE\u015e\u0130NC\u0130 B\u00d6L\u00dcM<\/strong><\/span><\/span><\/p>\n<p style=\"text-align: center;\"><span style=\"font-family: impact,chicago;\"><span style=\"color: #800000;\"><span style=\"font-size: x-large;\">Enteresan Ger\u00e7ekler<\/span><\/span><\/span><\/p>\n<p style=\"text-indent: 0.4cm; text-align: justify;\"><span style=\"font-family: Segoe UI,helvetica,sans-serif;\">ELODIN UZUN ADIMLARLA amfiye girdi. Adam neredeyse bir saat kadar gecikmi\u015fti. K\u0131yafetleri \u00e7im lekeleri ile kaplanm\u0131\u015ft\u0131 ve sa\u00e7lar\u0131nda kuru yapraklar vard\u0131. S\u0131r\u0131t\u0131yordu.<\/span><\/p>\n<p style=\"text-indent: 0.4cm; text-align: justify;\"><span style=\"font-family: Segoe UI,helvetica,sans-serif;\">Bug\u00fcn s\u0131n\u0131fta sadece alt\u0131 ki\u015fiydik. Jarret son iki derstir ortal\u0131kta g\u00f6r\u00fcnm\u00fcyordu. Kaybolmadan \u00f6nce yapt\u0131\u011f\u0131 sert yorumlar g\u00f6z \u00f6n\u00fcne al\u0131nd\u0131\u011f\u0131nda geri gelece\u011finden de \u015f\u00fcpheliydim.<\/span><\/p>\n<p style=\"text-indent: 0.4cm; text-align: justify;\"><span style=\"font-family: Segoe UI,helvetica,sans-serif;\">&#8220;\u015eimdi!&#8221; diye ba\u011f\u0131rd\u0131 Elodin, herhangi bir girizg\u00e2h yapmadan. &#8220;Anlat\u0131n bana!&#8221;<\/span><\/p>\n<p style=\"text-indent: 0.4cm; text-align: justify;\"><span style=\"font-family: Segoe UI,helvetica,sans-serif;\">Bu, zaman\u0131m\u0131z\u0131 bo\u015fa harcamak i\u00e7in kulland\u0131\u011f\u0131 en yeni y\u00f6ntemiydi. Her ders \u00f6ncesi daha \u00f6nce hi\u00e7 duymad\u0131\u011f\u0131 enteresan ger\u00e7ekler anlatmam\u0131z\u0131 istiyordu. Elbette ki neyin ilgin\u00e7 oldu\u011funa karar veren tek ki\u015fi Elodin&#8217;di ve sundu\u011funuz ger\u00e7ek yeteri kadar iyi de\u011filse veya bunu zaten biliyorsa sizden yeni bir tane daha istiyordu ve bir tane daha&#8230; Ta ki siz onu ger\u00e7ekten de e\u011flendiren bir \u015fey buluncaya kadar.<\/span><\/p>\n<p style=\"text-indent: 0.4cm; text-align: justify;\"><span style=\"font-family: Segoe UI,helvetica,sans-serif;\">Brean&#8217;i i\u015faret etti. &#8220;Ba\u015fla!&#8221;<\/span><\/p>\n<p style=\"text-indent: 0.4cm; text-align: justify;\"><span style=\"font-family: Segoe UI,helvetica,sans-serif;\">&#8220;\u00d6r\u00fcmcekler su alt\u0131nda nefes alabilir,&#8221; dedi k\u0131z h\u0131zla.<\/span><\/p>\n<p style=\"text-indent: 0.4cm; text-align: justify;\"><span style=\"font-family: Segoe UI,helvetica,sans-serif;\">Elodin ba\u015f\u0131n\u0131 sallad\u0131. &#8220;G\u00fczel.&#8221; Fenton&#8217;a bakt\u0131.<\/span><\/p>\n<p style=\"text-indent: 0.4cm; text-align: justify;\"><span style=\"font-family: Segoe UI,helvetica,sans-serif;\">&#8220;Vintas&#8217;\u0131n g\u00fcneyinde ters y\u00f6ne akan bir nehir var,&#8221; dedi Fenton. &#8220;Centhe denizinden i\u00e7 b\u00f6lgelere akan bir tuzlu su nehri.&#8221;<\/span><\/p>\n<p style=\"text-indent: 0.4cm; text-align: justify;\"><span style=\"font-family: Segoe UI,helvetica,sans-serif;\">Elodin ba\u015f\u0131n\u0131 olumsuz anlamda sallad\u0131. &#8220;Bunu zaten biliyorum.&#8221;<\/span><\/p>\n<p style=\"text-indent: 0.4cm; text-align: justify;\"><span style=\"font-family: Segoe UI,helvetica,sans-serif;\">Fenton bir k\u00e2\u011f\u0131t par\u00e7as\u0131na bakt\u0131. &#8220;\u0130mparator Ventoran bir keresinde\u2014&#8221;<\/span><\/p>\n<p style=\"text-indent: 0.4cm; text-align: justify;\"><span style=\"font-family: Segoe UI,helvetica,sans-serif;\">&#8220;S\u0131k\u0131c\u0131,&#8221; diye araya girdi Elodin, Fenton&#8217;\u0131n laf\u0131n\u0131 keserek.<\/span><\/p>\n<p style=\"text-indent: 0.4cm; text-align: justify;\"><span style=\"font-family: Segoe UI,helvetica,sans-serif;\">&#8220;Yar\u0131m galondan fazla deniz suyu i\u00e7erseniz kusar m\u0131yd\u0131n\u0131z?&#8221; diye sordu Fenton.<\/span><\/p>\n<p style=\"text-indent: 0.4cm; text-align: justify;\"><span style=\"font-family: Segoe UI,helvetica,sans-serif;\">Elodin a\u011fz\u0131n\u0131 \u015f\u00fcpheli bir bi\u00e7imde b\u00fckt\u00fc, sanki di\u015flerinin aras\u0131ndaki bir k\u0131k\u0131rda\u011f\u0131 \u00e7\u0131kartmaya \u00e7al\u0131\u015f\u0131yor gibiydi. Sonra ba\u015f\u0131n\u0131 memnuniyetle sallad\u0131. &#8220;Bu iyiydi.&#8221; Uresh&#8217;i i\u015faret etti.<\/span><\/p>\n<p style=\"text-indent: 0.4cm; text-align: justify;\"><span style=\"font-family: Segoe UI,helvetica,sans-serif;\">&#8220;Sonsuzlu\u011fu sonsuz bir say\u0131ya defalarca b\u00f6lebilirsiniz ve ortaya \u00e7\u0131kan sonu\u00e7lar yine de son derece b\u00fcy\u00fck olur,&#8221; Uresh bunu kendi garip Lenatti aksan\u0131 ile s\u00f6ylemi\u015fti. &#8220;Fakat sonsuz olmayan bir say\u0131y\u0131 sonsuz kez b\u00f6lerseniz sonu\u00e7lar o kadar da k\u00fc\u00e7\u00fck olmaz. Son derece k\u00fc\u00e7\u00fck olmad\u0131klar\u0131 halde sonsuz tane sonu\u00e7 olaca\u011f\u0131 i\u00e7in hepsini toplarsan\u0131z sonu\u00e7 sonsuz olacakt\u0131r. Bu da her say\u0131n\u0131n asl\u0131nda sonsuz oldu\u011funu g\u00f6sterir.&#8221;<\/span><\/p>\n<p style=\"text-indent: 0.4cm; text-align: justify;\"><span style=\"font-family: Segoe UI,helvetica,sans-serif;\">&#8220;Vay can\u0131na,&#8221; dedi Elodin, uzun bir sessizli\u011fin ard\u0131ndan. Bir parma\u011f\u0131n\u0131 Lenattili adama do\u011fru ciddice kald\u0131rd\u0131. &#8220;Uresh. Bir sonraki \u00f6devin seks yapmak. E\u011fer nas\u0131l yap\u0131laca\u011f\u0131n\u0131 bilmiyorsan dersten sonra beni g\u00f6r.&#8221; Inyssa&#8217;ya bakmak i\u00e7in d\u00f6nd\u00fc.<\/span><\/p>\n<p style=\"text-indent: 0.4cm; text-align: justify;\"><span style=\"font-family: Segoe UI,helvetica,sans-serif;\">&#8220;Yllish halk\u0131 asla yaz\u0131labilir bir dil geli\u015ftirememi\u015ftir,&#8221; dedi k\u0131z.<\/span><\/p>\n<p style=\"text-indent: 0.4cm; text-align: justify;\"><span style=\"font-family: Segoe UI,helvetica,sans-serif;\">&#8220;Do\u011fru de\u011fil,&#8221; dedi Elodin. &#8220;Y\u00fcz d\u00fc\u011f\u00fcmleri ile ilgili bir sistem kullan\u0131yorlard\u0131.&#8221; Sanki bir \u015feyi \u00f6r\u00fcyormu\u015f gibi elleriyle karma\u015f\u0131k bir hareket yapt\u0131. &#8220;Ve bunu biz daha koyun derisi \u00fczerine hiyeroglifler kaz\u0131madan \u00e7ok daha \u00f6nce yap\u0131yorlard\u0131.&#8221;<\/span><\/p>\n<p style=\"text-indent: 0.4cm; text-align: justify;\"><span style=\"font-family: Segoe UI,helvetica,sans-serif;\">&#8220;Kaydedilebilir bir dil demedim,&#8221; diye m\u0131r\u0131ldand\u0131 Inyssa. &#8220;Yaz\u0131labilir bir dil dedim.&#8221;<\/span><\/p>\n<p style=\"text-indent: 0.4cm; text-align: justify;\"><span style=\"font-family: Segoe UI,helvetica,sans-serif;\">Elodin muazzam s\u0131k\u0131nt\u0131s\u0131n\u0131 basit bir omuz silki\u015fle g\u00f6stermeyi ba\u015fard\u0131.<\/span><\/p>\n<p style=\"text-indent: 0.4cm; text-align: justify;\"><span style=\"font-family: Segoe UI,helvetica,sans-serif;\">Inyssa ona ka\u015flar\u0131n\u0131 \u00e7att\u0131. &#8220;\u0130yi. Sceria&#8217;da i\u015flevini kaybetmi\u015f penisinden do\u011furabilen bir k\u00f6pek \u00e7e\u015fidi var,&#8221; dedi.<\/span><\/p>\n<p style=\"text-indent: 0.4cm; text-align: justify;\"><span style=\"font-family: Segoe UI,helvetica,sans-serif;\">&#8220;Vay can\u0131na,&#8221; dedi Elodin. &#8220;Tamam. Evet.&#8221; Fela&#8217;y\u0131 i\u015faret etti.<\/span><\/p>\n<p style=\"text-indent: 0.4cm; text-align: justify;\"><span style=\"font-family: Segoe UI,helvetica,sans-serif;\">&#8220;Seksen y\u0131l \u00f6nce Medica halk\u0131 katarakt hastal\u0131\u011f\u0131n\u0131n \u00e7aresini buldu,&#8221; dedi Fela.<\/span><\/p>\n<p style=\"text-indent: 0.4cm; text-align: justify;\"><span style=\"font-family: Segoe UI,helvetica,sans-serif;\">&#8220;Bunu zaten biliyorum,&#8221; dedi Elodin, elini ilgisizce sa\u011flayarak.<\/span><\/p>\n<p style=\"text-indent: 0.4cm; text-align: justify;\"><span style=\"font-family: Segoe UI,helvetica,sans-serif;\">&#8220;Bitirmeme izin verin,&#8221; dedi Fela. &#8220;Bunu nas\u0131l yapacaklar\u0131n\u0131 kavramalar\u0131, daha \u00f6nce hi\u00e7bir \u015fey g\u00f6remeyen insanlar\u0131 iyile\u015ftirebilecekleri anlam\u0131na geliyordu. Bu insanlar k\u00f6r olmam\u0131\u015ft\u0131, do\u011fu\u015ftan k\u00f6rd\u00fcler.&#8221;<\/span><\/p>\n<p style=\"text-indent: 0.4cm; text-align: justify;\"><span style=\"font-family: Segoe UI,helvetica,sans-serif;\">Elodin merakla ba\u015f\u0131n\u0131 kald\u0131rd\u0131.<\/span><\/p>\n<p style=\"text-indent: 0.4cm; text-align: justify;\"><span style=\"font-family: Segoe UI,helvetica,sans-serif;\">Fela devam etti. &#8220;\u0130nsanlar g\u00f6rmeye ba\u015flad\u0131ktan sonra onlara \u00e7e\u015fitli objeler g\u00f6sterilmi\u015f. Masan\u0131n \u00fczerinde duran bir top, bir k\u00fcp ve bir piramit.&#8221; Fela bir yandan konu\u015furken bir yandan da elleri ile havada \u015fekilleri \u00e7iziyordu. &#8220;Daha sonra fizik\u00e7iler bu \u00fc\u00e7\u00fcnden hangisinin yuvarlak oldu\u011funu sormu\u015flar.&#8221;<\/span><\/p>\n<p style=\"text-indent: 0.4cm; text-align: justify;\"><span style=\"font-family: Segoe UI,helvetica,sans-serif;\">Fela konu\u015fmas\u0131n\u0131n etkisini artt\u0131rmak i\u00e7in hepimize bakarak bir m\u00fcddet durdu. &#8220;Hangisinin yuvarlak oldu\u011funu bakarak s\u00f6yleyememi\u015fler. \u0130lk ba\u015fta onlara dokunmalar\u0131 gerekiyormu\u015f. Sadece dokunduktan sonra topun yuvarlak oldu\u011funu fark edebilmi\u015fler.&#8221;<\/span><\/p>\n<p style=\"text-indent: 0.4cm; text-align: justify;\"><span style=\"font-family: Segoe UI,helvetica,sans-serif;\">Elodin ba\u015f\u0131n\u0131 arkaya att\u0131 ve keyifle kahkaha att\u0131. &#8220;Ger\u00e7ekten mi?&#8221; diye sordu.<\/span><\/p>\n<p style=\"text-indent: 0.4cm; text-align: justify;\"><span style=\"font-family: Segoe UI,helvetica,sans-serif;\">K\u0131z olumlu anlamda ba\u015f\u0131n\u0131 sallad\u0131.<\/span><\/p>\n<p style=\"text-indent: 0.4cm; text-align: justify;\"><span style=\"font-family: Segoe UI,helvetica,sans-serif;\">&#8220;\u00d6d\u00fcl\u00fc kazanan Fela oldu!&#8221; diye ba\u011f\u0131rd\u0131 Elodin, kollar\u0131n\u0131 yukar\u0131 kald\u0131rarak. Elini cebine att\u0131 ve kahverengi, dikd\u00f6rtgen \u015fekilli bir \u015fey \u00e7\u0131kararak k\u0131z\u0131n eline tutu\u015fturdu.<\/span><\/p>\n<p style=\"text-indent: 0.4cm; text-align: justify;\"><span style=\"font-family: Segoe UI,helvetica,sans-serif;\">Fela merakla eline bakt\u0131. Bu bir ipek b\u00f6ce\u011fi kozas\u0131yd\u0131.<\/span><\/p>\n<p style=\"text-indent: 0.4cm; text-align: justify;\"><span style=\"font-family: Segoe UI,helvetica,sans-serif;\">&#8220;Kvothe hen\u00fcz bir \u015fey anlatmad\u0131,&#8221; dedi Brean.<\/span><\/p>\n<p style=\"text-indent: 0.4cm; text-align: justify;\"><span style=\"font-family: Segoe UI,helvetica,sans-serif;\">&#8220;Fark etmez,&#8221; dedi Elodin laubali bir \u015fekilde. &#8220;Kvothe, Enteresan Ger\u00e7ekler&#8217;de bir rezalet.&#8221;<\/span><\/p>\n<p style=\"text-indent: 0.4cm; text-align: justify;\"><span style=\"font-family: Segoe UI,helvetica,sans-serif;\">Yapabilece\u011fim en g\u00fcr\u00fclt\u00fcl\u00fc \u015fekilde ka\u015flar\u0131m\u0131 \u00e7att\u0131m.<\/span><\/p>\n<p style=\"text-indent: 0.4cm; text-align: justify;\"><span style=\"font-family: Segoe UI,helvetica,sans-serif;\">&#8220;Peki,\u201d dedi Elodin. &#8220;Sende ne var s\u00f6yle bakal\u0131m.&#8221;<\/span><\/p>\n<p style=\"text-indent: 0.4cm; text-align: justify;\"><span style=\"font-family: Segoe UI,helvetica,sans-serif;\">&#8220;Adem halk\u0131ndan gelen paral\u0131 askerlerin Lethani ad\u0131nda gizli bir sanatlar\u0131 var,&#8221; dedim. &#8220;Onlar\u0131 bu kadar vah\u015fi sava\u015f\u00e7\u0131lar yapan \u015feyin anahtar\u0131 bu.&#8221;<\/span><\/p>\n<p style=\"text-indent: 0.4cm; text-align: justify;\"><span style=\"font-family: Segoe UI,helvetica,sans-serif;\">Elodin ba\u015f\u0131n\u0131 bir yana yat\u0131rd\u0131. &#8220;Ger\u00e7ekten mi?&#8221; diye sordu. &#8220;Nedir o?&#8221;<\/span><\/p>\n<p style=\"text-indent: 0.4cm; text-align: justify;\"><span style=\"font-family: Segoe UI,helvetica,sans-serif;\">&#8220;Bilmiyorum,&#8221; dedim ars\u0131zca, onu sinirlendirmeyi umarak. &#8220;Dedi\u011fim gibi, gizli bir sanat.&#8221;<\/span><\/p>\n<p style=\"text-indent: 0.4cm; text-align: justify;\"><span style=\"font-family: Segoe UI,helvetica,sans-serif;\">Elodin bunu bir anl\u0131\u011f\u0131na kafas\u0131nda tartar gibi g\u00f6r\u00fcnd\u00fc, sonra kafas\u0131n\u0131 olumsuz anlamda sallad\u0131. &#8220;Hay\u0131r. Enteresan ama bir ger\u00e7ek de\u011fil. Bu Cealdish tefecilerinin onlar\u0131 vah\u015fi birer banker yapan Finansia ad\u0131nda gizli bir sanatlar\u0131 var demek gibi bir \u015fey. Do\u011frulu\u011funu g\u00f6steren bir \u015fey yok.&#8221; Beklenti i\u00e7inde tekrar bana bakt\u0131.<\/span><\/p>\n<p style=\"text-indent: 0.4cm; text-align: justify;\"><span style=\"font-family: Segoe UI,helvetica,sans-serif;\">Ba\u015fka bir \u015fey d\u00fc\u015f\u00fcnmeye \u00e7al\u0131\u015ft\u0131m fakat ba\u015faramad\u0131m. Kafam\u0131n i\u00e7i peri hik\u00e2yeleri ve  Chandrian&#8217;daki sonu\u00e7suz ara\u015ft\u0131rmalarla doluydu.<\/span><\/p>\n<p style=\"text-indent: 0.4cm; text-align: justify;\"><span style=\"font-family: Segoe UI,helvetica,sans-serif;\">&#8220;G\u00f6rd\u00fcn m\u00fc?&#8221; dedi Elodin Brean&#8217;e. &#8220;Tam bir rezalet.&#8221;<\/span><\/p>\n<p style=\"text-indent: 0.4cm; text-align: justify;\"><span style=\"font-family: Segoe UI,helvetica,sans-serif;\">&#8220;Neden vaktimizi bununla harcad\u0131\u011f\u0131m\u0131z\u0131 anlayam\u0131yorum,&#8221; diye \u00e7\u0131k\u0131\u015ft\u0131m.<\/span><\/p>\n<p style=\"text-indent: 0.4cm; text-align: justify;\"><span style=\"font-family: Segoe UI,helvetica,sans-serif;\">&#8220;Yapacak daha iyi bir \u015feyin mi var?&#8221; diye sordu Elodin.<\/span><\/p>\n<p style=\"text-indent: 0.4cm; text-align: justify;\"><span style=\"font-family: Segoe UI,helvetica,sans-serif;\">&#8220;Evet!&#8221; dedim \u00f6fkeyle. &#8220;Yapacak binlerce daha \u00f6nemli \u015feyim var! Mesela r\u00fczg\u00e2r\u0131n ad\u0131n\u0131 \u00f6\u011frenmek gibi!&#8221;<\/span><\/p>\n<p style=\"text-indent: 0.4cm; text-align: justify;\"><span style=\"font-family: Segoe UI,helvetica,sans-serif;\">Elodin bilgece bir poz verme niyeti ile tek parma\u011f\u0131n\u0131 kald\u0131rd\u0131. Fakat sa\u00e7lar\u0131ndaki yapraklardan dolay\u0131 beceremedi. &#8220;K\u00fc\u00e7\u00fck ger\u00e7ekler insan\u0131 b\u00fcy\u00fck bilgilere y\u00f6nlendirir,&#8221; diye \u015fak\u0131d\u0131. &#8220;T\u0131pk\u0131 k\u00fc\u00e7\u00fck isimlerin b\u00fcy\u00fck isimlere y\u00f6nlendirdi\u011fi gibi.&#8221;<\/span><\/p>\n<p style=\"text-indent: 0.4cm; text-align: justify;\"><span style=\"font-family: Segoe UI,helvetica,sans-serif;\">Ellerini \u00e7\u0131rpt\u0131 ve onlar\u0131 hevesle ovu\u015fturdu. &#8220;Pekala! Fela! \u00d6d\u00fcl\u00fcn\u00fc a\u00e7 ve biz de Kvothe&#8217;a o \u00e7ok istedi\u011fi dersi vermi\u015f olal\u0131m.&#8221;<\/span><\/p>\n<p style=\"text-indent: 0.4cm; text-align: justify;\"><span style=\"font-family: Segoe UI,helvetica,sans-serif;\">Fela kozan\u0131n kuru kabu\u011funu \u00e7atlatarak a\u00e7t\u0131. Kaygan tohumlar\u0131n beyaz t\u00fcyleri ellerine d\u00f6k\u00fcld\u00fc.<\/span><\/p>\n<p style=\"text-indent: 0.4cm; text-align: justify;\"><span style=\"font-family: Segoe UI,helvetica,sans-serif;\">Efendi Elodin onlar\u0131 havaya atmas\u0131n\u0131 i\u015faret etti. Fela f\u0131rlatt\u0131 ve herkes beyaz t\u00fcy y\u0131\u011f\u0131n\u0131n\u0131n amfinin y\u00fcksek tavan\u0131na do\u011fru y\u00fckseli\u015fini sonra da a\u011f\u0131r bir \u015fekilde d\u00fc\u015f\u00fc\u015f\u00fcn\u00fc izledi.<\/span><\/p>\n<p style=\"text-indent: 0.4cm; text-align: justify;\"><span style=\"font-family: Segoe UI,helvetica,sans-serif;\">&#8220;Kahretsin,&#8221; dedi Elodin. Tohum demetine do\u011fru uzun ad\u0131mlarla y\u00fcr\u00fcd\u00fc, onlar\u0131 yerden ald\u0131 ve b\u00fct\u00fcn hava zarif\u00e7e s\u00fcz\u00fclen ipek b\u00f6ce\u011fi tohumlar\u0131yla dolana kadar h\u0131zla etrafta sallad\u0131.<\/span><\/p>\n<p style=\"text-indent: 0.4cm; text-align: justify;\"><span style=\"font-family: Segoe UI,helvetica,sans-serif;\">Sonra odan\u0131n i\u00e7inde onlar\u0131 elleriyle yakalamaya \u00e7al\u0131\u015farak \u00e7\u0131lg\u0131nca kovalamaya ba\u015flad\u0131. Sandalyelere t\u0131rmand\u0131, konu\u015fmac\u0131 k\u00fcrs\u00fcs\u00fcne do\u011fru ko\u015fturdu ve odan\u0131n \u00f6n\u00fcndeki masan\u0131n \u00fczerine s\u0131\u00e7rad\u0131.<\/span><\/p>\n<p style=\"text-indent: 0.4cm; text-align: justify;\"><span style=\"font-family: Segoe UI,helvetica,sans-serif;\">Her seferinde tohumlar\u0131 yakalamak i\u00e7in hamle yapt\u0131. \u0130lk ba\u015fta tek elle denedi, t\u0131pk\u0131 bir topu yakalamaya \u00e7al\u0131\u015ft\u0131\u011f\u0131n\u0131z gibi. Fakat ba\u015far\u0131l\u0131 olamad\u0131 ve ellerini \u00e7\u0131rparak denemeye ba\u015flad\u0131, sinekleri avlad\u0131\u011f\u0131n\u0131z gibi. Bu da i\u015fe yaramay\u0131nca onlar\u0131 iki eliyle yakalamay\u0131 denedi, t\u0131pk\u0131 \u00e7ocuklar\u0131n havadaki ate\u015f b\u00f6ceklerini yakalamaya \u00e7al\u0131\u015ft\u0131klar\u0131nda yapt\u0131\u011f\u0131 gibi.<\/span><\/p>\n<p style=\"text-indent: 0.4cm; text-align: justify;\"><span style=\"font-family: Segoe UI,helvetica,sans-serif;\">Ama bir tane bile tutamad\u0131. Onlar\u0131 kovalad\u0131k\u00e7a daha \u00e7ok z\u0131vanadan \u00e7\u0131k\u0131yor, daha h\u0131zl\u0131 ko\u015fuyor, daha \u00e7\u0131lg\u0131n bir \u015fekilde yakalamaya \u00e7al\u0131\u015f\u0131yordu. Bir dakika boyunca b\u00f6yle devam etti. \u0130ki dakika. Be\u015f dakika. On.<\/span><\/p>\n<p style=\"text-indent: 0.4cm; text-align: justify;\"><span style=\"font-family: Segoe UI,helvetica,sans-serif;\">T\u00fcm ders boyunca s\u00fcrmesi m\u00fcmk\u00fcnd\u00fc fakat sonunda bir sandalyeye tak\u0131ld\u0131 ve ac\u0131 dolu bir \u015fekilde ta\u015f zemine d\u00fc\u015ft\u00fc, pantolonunun pa\u00e7as\u0131n\u0131 s\u0131y\u0131rd\u0131 ve kanayan dizini ortaya \u00e7\u0131kard\u0131.<\/span><\/p>\n<p style=\"text-indent: 0.4cm; text-align: justify;\"><span style=\"font-family: Segoe UI,helvetica,sans-serif;\">Baca\u011f\u0131na sar\u0131larak yere oturdu daha \u00f6nce hayat\u0131m boyunca hi\u00e7 duymad\u0131\u011f\u0131m bir s\u00fcr\u00fc \u00f6fkeli k\u00fcfr\u00fc ard\u0131 ard\u0131na s\u0131ralad\u0131. Ba\u011f\u0131rd\u0131, h\u0131rlad\u0131 ve t\u00fck\u00fcrd\u00fc. Bunu en az sekiz farkl\u0131 dilde s\u00fcrd\u00fcrd\u00fc ve kulland\u0131\u011f\u0131 kelimeleri anlamasam bile \u00e7\u0131kard\u0131\u011f\u0131 sesler ba\u011f\u0131rsaklar\u0131m\u0131n s\u0131k\u0131\u015fmas\u0131na ve kollar\u0131mdaki t\u00fcylerin dikilmesine neden oluyordu. Beni terleten \u015feyler s\u00f6yledi. Beni hasta eden \u015feyler s\u00f6yledi. S\u00f6ylenmesinin imk\u00e2ns\u0131z oldu\u011funu d\u00fc\u015f\u00fcnd\u00fc\u011f\u00fcm \u015feyler s\u00f6yledi.<\/span><\/p>\n<p style=\"text-indent: 0.4cm; text-align: justify;\"><span style=\"font-family: Segoe UI,helvetica,sans-serif;\">Bunun bir m\u00fcddet daha s\u00fcrmesini umuyordum ki \u00f6fkeyle derin bir nefes al\u0131rken havada s\u00fcz\u00fclen tohumlardan birini yuttu ve \u015fiddetle aks\u0131r\u0131p t\u0131ks\u0131rmaya ba\u015flad\u0131.<\/span><\/p>\n<p style=\"text-indent: 0.4cm; text-align: justify;\"><span style=\"font-family: Segoe UI,helvetica,sans-serif;\">En nihayetinde tohumu t\u00fck\u00fcrd\u00fc, nefesini d\u00fczene soktu, aya\u011fa kalkt\u0131 ve tek bir kelime bile etmeden topallayarak amfiyi terk etti.<\/span><\/p>\n<p style=\"text-indent: 0.4cm; text-align: justify;\"><span style=\"font-family: Segoe UI,helvetica,sans-serif;\">Bu Efendi Elodin i\u00e7in o kadar da garip bir ders de\u011fildi.<\/span><\/p>\n<p style=\"text-align: center;\"><span style=\"font-family: Segoe UI,helvetica,sans-serif;\"> <a href=\"https:\/\/www.kayiprihtim.org\/portal\/biz-bunu-istiyoruz-1\/\">Bir \u00f6nceki sayfaya d\u00f6nmek i\u00e7in t\u0131klay\u0131n\u0131z&#8230;<\/a><strong><br \/>\n<\/strong><\/span><\/p>\n<\/td>\n<\/tr>\n<\/tbody>\n<\/table>\n","protected":false},"excerpt":{"rendered":"<p>ON BE\u015e\u0130NC\u0130 B\u00d6L\u00dcM Enteresan Ger\u00e7ekler ELODIN UZUN ADIMLARLA amfiye girdi. Adam neredeyse bir saat kadar gecikmi\u015fti. K\u0131yafetleri \u00e7im lekeleri ile kaplanm\u0131\u015ft\u0131 ve sa\u00e7lar\u0131nda kuru yapraklar vard\u0131. S\u0131r\u0131t\u0131yordu. Bug\u00fcn s\u0131n\u0131fta sadece alt\u0131 ki\u015fiydik. Jarret son iki derstir ortal\u0131kta g\u00f6r\u00fcnm\u00fcyordu. Kaybolmadan \u00f6nce yapt\u0131\u011f\u0131 sert yorumlar g\u00f6z \u00f6n\u00fcne al\u0131nd\u0131\u011f\u0131nda geri gelece\u011finden de \u015f\u00fcpheliydim. &#8220;\u015eimdi!&#8221; diye ba\u011f\u0131rd\u0131 Elodin, herhangi [&hellip;]<\/p>\n","protected":false},"author":1,"featured_media":0,"parent":10647,"menu_order":0,"comment_status":"open","ping_status":"closed","template":"fullwidth.php","meta":{"_acf_changed":false,"footnotes":""},"class_list":["post-10718","page","type-page","status-publish"],"acf":[],"_links":{"self":[{"href":"https:\/\/www.kayiprihtim.org\/portal\/wp-json\/wp\/v2\/pages\/10718","targetHints":{"allow":["GET"]}}],"collection":[{"href":"https:\/\/www.kayiprihtim.org\/portal\/wp-json\/wp\/v2\/pages"}],"about":[{"href":"https:\/\/www.kayiprihtim.org\/portal\/wp-json\/wp\/v2\/types\/page"}],"author":[{"embeddable":true,"href":"https:\/\/www.kayiprihtim.org\/portal\/wp-json\/wp\/v2\/users\/1"}],"replies":[{"embeddable":true,"href":"https:\/\/www.kayiprihtim.org\/portal\/wp-json\/wp\/v2\/comments?post=10718"}],"version-history":[{"count":0,"href":"https:\/\/www.kayiprihtim.org\/portal\/wp-json\/wp\/v2\/pages\/10718\/revisions"}],"up":[{"embeddable":true,"href":"https:\/\/www.kayiprihtim.org\/portal\/wp-json\/wp\/v2\/pages\/10647"}],"wp:attachment":[{"href":"https:\/\/www.kayiprihtim.org\/portal\/wp-json\/wp\/v2\/media?parent=10718"}],"curies":[{"name":"wp","href":"https:\/\/api.w.org\/{rel}","templated":true}]}}