{"id":10740,"date":"2011-07-05T01:57:15","date_gmt":"2011-07-04T22:57:15","guid":{"rendered":"http:\/\/www.kayiprihtim.org\/portal\/"},"modified":"2011-08-08T00:06:38","modified_gmt":"2011-08-07T21:06:38","slug":"the-name-of-the-wind-tanitim-yazisi","status":"publish","type":"page","link":"https:\/\/www.kayiprihtim.org\/portal\/projeler\/biz-bunu-istiyoruz\/biz-bunu-istiyoruz-1\/the-name-of-the-wind-tanitim-yazisi\/","title":{"rendered":"The Name of the Wind | Tan\u0131t\u0131m Yaz\u0131s\u0131"},"content":{"rendered":"<table style=\"width: 900px; background-image: url(https:\/\/www.kayiprihtim.org\/portal\/gorsel\/nameofhtewind\/notw-backround.jpg); height: 841px;\" border=\"0\" cellpadding=\"10\" align=\"center\">\n<tbody>\n<tr>\n<td style=\"text-align: center;\"><em><span style=\"font-family: times new roman,times; font-size: 34px;\">The Name of the Wind<\/span><\/em><\/td>\n<\/tr>\n<tr>\n<td style=\"text-align: center;\"><a href=\"https:\/\/www.kayiprihtim.org\/portal\/gorsel\/nameofhtewind\/the-name-of-the-wind-uk.jpg\"><img fetchpriority=\"high\" decoding=\"async\" src=\"https:\/\/www.kayiprihtim.org\/portal\/gorsel\/nameofhtewind\/the-name-of-the-wind-uk.jpg\" alt=\"\" width=\"180\" height=\"292\"><\/a><\/td>\n<\/tr>\n<tr style=\"text-align: justify;\" valign=\"top\">\n<td style=\"font-family: Segoe UI,Times New Roman,Times,serif; font-size: 14px; font-style: normal; width: 450px; text-align: justify;\" dir=\"ltr\" valign=\"top\" scope=\"col\">\n<table style=\"width: 450px;\" border=\"0\" align=\"center\">\n<tbody>\n<tr>\n<td><\/td>\n<\/tr>\n<tr style=\"text-align: justify;\" valign=\"top\">\n<td style=\"font-family: Segoe UI,Times New Roman,Times,serif; font-size: 14px; font-style: normal; width: 450px; text-align: justify;\" dir=\"ltr\" valign=\"top\" scope=\"col\">\n<p style=\"text-indent: 0.4cm; text-align: justify;\"><em>Benim ad\u0131m Kvothe, s\u00f6yleni\u015fi &#8220;quothe&#8221; kelimesine \u00e7ok benzer. \u0130simler, size bir insana dair pek \u00e7ok \u015fey anlatt\u0131klar\u0131 i\u00e7in \u00f6nemlidirler. Herhangi birinin sahip olmaya hakk\u0131 oldu\u011fundan daha fazla ada sahibim. Adem bana Maedre der. Nas\u0131l s\u00f6ylendi\u011fine g\u00f6re de\u011fi\u015fen, Ate\u015f, G\u00f6kg\u00fcr\u00fclt\u00fcs\u00fc veya K\u0131r\u0131k A\u011fa\u00e7 anlam\u0131na gelebilen&#8230;<\/em><\/p>\n<p style=\"text-indent: 0.4cm; text-align: justify;\"><em>E\u011fer beni bir kez bile g\u00f6rd\u00fcyseniz &#8220;Ate\u015f&#8221; a\u015fik\u00e2rd\u0131r. Parlak, k\u0131z\u0131l sa\u00e7lar\u0131m var. E\u011fer birka\u00e7 y\u00fczy\u0131l \u00f6nce do\u011fmu\u015f olsayd\u0131m, muhtemelen bir iblis olarak yak\u0131l\u0131rd\u0131m. Sa\u00e7lar\u0131m\u0131 k\u0131sa tutmaya \u00e7al\u0131\u015ft\u0131m ama zaptedilmeleri m\u00fcmk\u00fcn de\u011fildi. Kendi hallerine b\u0131rak\u0131ld\u0131klar\u0131nda dikilir ve ate\u015fe verilmi\u015fim gibi g\u00f6r\u00fcnmeme neden olurlar.<\/em><\/p>\n<p style=\"text-indent: 0.4cm; text-align: justify;\"><em>&#8220;G\u00f6kg\u00fcr\u00fclt\u00fcs\u00fcn\u00fc&#8221;n\u00fc, g\u00fc\u00e7l\u00fc bir bariton sese sahip olmama ve erken ya\u015fta ald\u0131\u011f\u0131m sahne e\u011fitimime ba\u011fl\u0131yorum.<\/em><\/p>\n<p><em> <\/em><\/p>\n<p><em> <\/em><\/p>\n<p><em> <\/em><\/p>\n<p><em> <\/em><\/p>\n<p><em> <\/em><\/p>\n<p><em> <\/em><\/p>\n<p><em> <\/em><\/p>\n<p><em> <\/em><\/p>\n<p><em> <\/em><\/p>\n<p style=\"text-indent: 0.4cm; text-align: justify;\"><span style=\"font-family: Segoe UI,helvetica,sans-serif;\"><em>Hi\u00e7bir zaman &#8220;K\u0131r\u0131k A\u011fa\u00e7&#8221;\u0131n bu kadar anlaml\u0131 olaca\u011f\u0131n\u0131 d\u00fc\u015f\u00fcnmemi\u015ftim. Ge\u00e7mi\u015fe bakt\u0131\u011f\u0131m\u0131zda, en az\u0131ndan peygamberlere \u00f6zg\u00fc olarak d\u00fc\u015f\u00fcn\u00fclebilir.<\/em><\/span><\/p>\n<p style=\"text-indent: 0.4cm; text-align: justify;\"><span style=\"font-family: Segoe UI,helvetica,sans-serif;\"><em>\u0130lk ak\u0131l hocam bana E&#8217;lir derdi, \u00e7\u00fcnk\u00fc zekiydim ve bunun fark\u0131ndayd\u0131m. \u0130lk ger\u00e7ek \u00e2\u015f\u0131\u011f\u0131m bana Dulator derdi \u00e7\u00fcnk\u00fc kula\u011f\u0131na ho\u015f geliyordu. Bu zamana kadar Shadicar, Hafifparmak ve Alt\u0131-\u015eerit olarak an\u0131ld\u0131m. Kans\u0131z Kvothe olarak adland\u0131r\u0131ld\u0131m, Esrarl\u0131 Kvothe ve Kralkatili Kvothe. Bu isimleri kazand\u0131m. Sat\u0131n ald\u0131m ve kar\u015f\u0131l\u0131\u011f\u0131n\u0131 \u00f6dedim.<\/em><\/span><\/p>\n<p style=\"text-indent: 0.4cm; text-align: justify;\"><span style=\"font-family: Segoe UI,helvetica,sans-serif;\"><em>Ama Kvothe olarak yeti\u015ftirildim. Babam bir keresinde anlam\u0131n\u0131n &#8220;bilmek&#8221; oldu\u011funu s\u00f6ylemi\u015fti.<\/em><\/span><\/p>\n<p style=\"text-indent: 0.4cm; text-align: justify;\"><span style=\"font-family: Segoe UI,helvetica,sans-serif;\"><em>Elbette, pek \u00e7ok ba\u015fka isimle de \u00e7a\u011fr\u0131ld\u0131m. \u00c7ok az\u0131 kazan\u0131lm\u0131\u015f olsa da, pek \u00e7o\u011fu kabacayd\u0131.<\/em><\/span><\/p>\n<p style=\"text-indent: 0.4cm; text-align: justify;\"><span style=\"font-family: Segoe UI,helvetica,sans-serif;\"><em>Uyuyan h\u00f6y\u00fck krallar\u0131ndan prensesleri ka\u00e7\u0131rd\u0131m. Trebon \u015fehrini yak\u0131p k\u00fcl ettim. Felurina ile bir gece ge\u00e7irdim ve onu ak\u0131l sa\u011fl\u0131\u011f\u0131m ve hayat\u0131mla birlikte terk ettim. \u00dcniversiteden, pek \u00e7ok ki\u015finin al\u0131nmas\u0131na izin verilenden \u00e7ok daha gen\u00e7 bir ya\u015fta kovuldum. Di\u011ferlerinin g\u00fcn i\u00e7inde ad\u0131n\u0131 anmaya korktuklar\u0131 yollar\u0131 ben ay \u0131\u015f\u0131\u011f\u0131nda ar\u015f\u0131nlad\u0131m. Tanr\u0131larla konu\u015ftum, kad\u0131nlar\u0131 sevdim ve ozanlar\u0131 a\u011flatan \u015fark\u0131lar yazd\u0131m.<\/em><\/span><\/p>\n<p><em> <\/em><em> <\/em><em> <\/em><em> <\/em><em> <\/em><em> <\/em><\/p>\n<p style=\"text-indent: 0.4cm; text-align: justify;\"><em> Beni duymu\u015f olabilirsiniz.<\/em><\/p>\n<p style=\"text-indent: 0.4cm; text-align: justify;\">B\u00f6yle ba\u015flar Kvothe&#8217;un hik\u00e2yesi \u2013 gezici bir tiyatro grubunda ge\u00e7en \u00e7ocuklu\u011fundan, su\u00e7la dolu bir \u015fehirde yar\u0131 vah\u015fi bir yetim olarak ge\u00e7irdi\u011fi y\u0131llara, cesurca bir y\u00fczs\u00fczl\u00fckle yine de ba\u015far\u0131l\u0131 bir te\u015febb\u00fcsle zorlu ve tehlikeli b\u00fcy\u00fc okuluna girmesine kadar. Bu sayfalarda, Kvothe&#8217;u ad\u0131 \u00e7\u0131km\u0131\u015f bir b\u00fcy\u00fcc\u00fc, ba\u015far\u0131l\u0131 bir h\u0131rs\u0131z, usta bir m\u00fczisyen ve rezil bir suikast\u00e7\u0131 olarak tan\u0131yacaks\u0131n\u0131z. Ama  <em>The Name of the Wind<\/em> bundan \u00e7ok daha fazlas\u0131, \u00e7\u00fcnk\u00fc bu hik\u00e2ye Kvothe Efsanesi&#8217;nin arkas\u0131ndaki hakikati a\u00e7\u0131\u011fa \u00e7\u0131kar\u0131yor\u2026<\/p>\n<p style=\"text-align: center;\"><span style=\"font-family: Segoe UI,helvetica,sans-serif;\"> <a href=\"https:\/\/www.kayiprihtim.org\/portal\/biz-bunu-istiyoruz-1\/\">Bir \u00f6nceki sayfaya d\u00f6nmek i\u00e7in t\u0131klay\u0131n\u0131z&#8230;<\/a><strong> <\/strong><\/span><\/p>\n<\/td>\n<\/tr>\n<\/tbody>\n<\/table>\n<\/td>\n<\/tr>\n<\/tbody>\n<\/table>\n","protected":false},"excerpt":{"rendered":"<p>The Name of the Wind Benim ad\u0131m Kvothe, s\u00f6yleni\u015fi &#8220;quothe&#8221; kelimesine \u00e7ok benzer. \u0130simler, size bir insana dair pek \u00e7ok \u015fey anlatt\u0131klar\u0131 i\u00e7in \u00f6nemlidirler. Herhangi birinin sahip olmaya hakk\u0131 oldu\u011fundan daha fazla ada sahibim. Adem bana Maedre der. Nas\u0131l s\u00f6ylendi\u011fine g\u00f6re de\u011fi\u015fen, Ate\u015f, G\u00f6kg\u00fcr\u00fclt\u00fcs\u00fc veya K\u0131r\u0131k A\u011fa\u00e7 anlam\u0131na gelebilen&#8230; E\u011fer beni bir kez bile g\u00f6rd\u00fcyseniz [&hellip;]<\/p>\n","protected":false},"author":1,"featured_media":0,"parent":10647,"menu_order":0,"comment_status":"open","ping_status":"closed","template":"fullwidth.php","meta":{"_acf_changed":false,"footnotes":""},"class_list":["post-10740","page","type-page","status-publish"],"acf":[],"_links":{"self":[{"href":"https:\/\/www.kayiprihtim.org\/portal\/wp-json\/wp\/v2\/pages\/10740","targetHints":{"allow":["GET"]}}],"collection":[{"href":"https:\/\/www.kayiprihtim.org\/portal\/wp-json\/wp\/v2\/pages"}],"about":[{"href":"https:\/\/www.kayiprihtim.org\/portal\/wp-json\/wp\/v2\/types\/page"}],"author":[{"embeddable":true,"href":"https:\/\/www.kayiprihtim.org\/portal\/wp-json\/wp\/v2\/users\/1"}],"replies":[{"embeddable":true,"href":"https:\/\/www.kayiprihtim.org\/portal\/wp-json\/wp\/v2\/comments?post=10740"}],"version-history":[{"count":0,"href":"https:\/\/www.kayiprihtim.org\/portal\/wp-json\/wp\/v2\/pages\/10740\/revisions"}],"up":[{"embeddable":true,"href":"https:\/\/www.kayiprihtim.org\/portal\/wp-json\/wp\/v2\/pages\/10647"}],"wp:attachment":[{"href":"https:\/\/www.kayiprihtim.org\/portal\/wp-json\/wp\/v2\/media?parent=10740"}],"curies":[{"name":"wp","href":"https:\/\/api.w.org\/{rel}","templated":true}]}}