{"id":10753,"date":"2011-07-05T03:02:58","date_gmt":"2011-07-05T00:02:58","guid":{"rendered":"http:\/\/www.kayiprihtim.org\/portal\/"},"modified":"2011-07-05T09:45:37","modified_gmt":"2011-07-05T06:45:37","slug":"the-kingkiller-chronicle-yazar-yorumlari","status":"publish","type":"page","link":"https:\/\/www.kayiprihtim.org\/portal\/projeler\/biz-bunu-istiyoruz\/biz-bunu-istiyoruz-1\/the-kingkiller-chronicle-yazar-yorumlari\/","title":{"rendered":"The Kingkiller Chronicle Yazar Yorumlar\u0131"},"content":{"rendered":"<table style=\"height: 841px; width: 900px; background-image: url(https:\/\/www.kayiprihtim.org\/portal\/gorsel\/nameofhtewind\/notw-backround.jpg);\" border=\"0\" cellpadding=\"10\" align=\"center\">\n<tbody>\n<tr>\n<td>\n<table style=\"width: 500px;\" border=\"0\" align=\"center\">\n<tbody>\n<tr>\n<td style=\"font-size: 14px;\">\n<p style=\"text-align: center;\"><span style=\"font-family: Segoe UI,helvetica,sans-serif;\">\u00dc\u00e7lemesinin ilk kitab\u0131nda, Rothfuss\u2019un fantazi d\u00fcnyas\u0131nda \u00e7arp\u0131c\u0131 ortaya \u00e7\u0131k\u0131\u015f\u0131n\u0131n \u00f6zg\u00fcnl\u00fc\u011f\u00fc, isimlendirilmemi\u015f d\u00fc\u015fsel d\u00fcnyas\u0131ndan \u00e7ok bunun kusursuz uygulamas\u0131nda yat\u0131yor. Binlerce hik\u00e2yenin kahraman\u0131 ve k\u00f6t\u00fc adam\u0131, \u00f6ld\u00fc\u011f\u00fc san\u0131lan Kvothe, uydurma bir isim alt\u0131nda Yolta\u015f\u0131 Han\u0131\u2019n\u0131n sahibi olarak basit bir ya\u015fam s\u00fcrd\u00fcr\u00fcr. Tarih\u00e7i olarak adland\u0131r\u0131lan bir biyografi yazar\u0131 taraf\u0131ndan ger\u00e7ek kimli\u011finin fark\u0131na var\u0131lmas\u0131yla, Kvothe ya\u015fam \u00f6yk\u00fcs\u00fcn\u00fc anlatmaya ba\u015flar. \u201cEdema Ruh\u201d olan ailesinin sihirbazlardan, akrobatlardan, komedyenlerden olu\u015fan gezgin g\u00f6steri grubunda yeti\u015fmesinden ba\u015flayarak, geni\u015f liman \u015fehri Tarbean sokaklar\u0131ndaki vah\u015fi \u00e7ocuklu\u011funa, ard\u0131ndan, \u201c\u00dcniversite\u201ddeki e\u011fitimine dek, Kvothe iki emelin pe\u015finde ko\u015far; isimlerin g\u00fc\u00e7l\u00fc b\u00fcy\u00fcs\u00fcn\u00fc \u00f6\u011frenme arzusu ve ailesini katleden efsanevi iblisler Chandrian\u2019l\u0131lar hakk\u0131nda olabildi\u011fince \u00e7ok bilgi edinmek.<br \/>\n\u00c7o\u011fu yazar\u0131n yaln\u0131zca hayalini kurabilece\u011fi g\u00fc\u00e7te, ikinci kez okunurken dahi ilkinde oldu\u011fu kadar s\u00fcr\u00fckleyici olan bir ilk roman. Fantezi d\u00fcnyas\u0131n\u0131n art\u0131k yeni bir y\u0131ld\u0131z\u0131 var.<br \/>\n<strong>&#8211; Publishers Weekly<\/strong><\/span><\/p>\n<p style=\"text-align: center;\"><span style=\"font-family: Segoe UI,helvetica,sans-serif;\"> <\/span><\/p>\n<hr size=\"1\" \/>\n<p style=\"text-align: center;\"><span style=\"font-family: Segoe UI,helvetica,sans-serif;\">Akla hemen Ursula K. LeGuin, George R.R. Martin ve J.R.R. Tolkien\u2019i getiriyor, ama Rothfuss asla bunlardan birini taklit etmiyor. Takdir etti\u011fi yazarlar gibi, geleneksel temalarla \u00e7al\u0131\u015fan eski ku\u015fak bir \u00f6yk\u00fcc\u00fc gibi ama kendine ait bir tarz\u0131 var. Beni bu kadar ba\u011flayan yeni bir fantezi serisi y\u0131llard\u0131r olmam\u0131\u015ft\u0131. Bir klasi\u011fe d\u00f6n\u00fc\u015fece\u011fi \u00e7ok belli.<br \/>\n<strong>&#8211; The London Times<\/strong><\/span><\/p>\n<hr size=\"1\" \/>\n<p style=\"text-align: center;\"><span style=\"font-family: Segoe UI,helvetica,sans-serif;\">Birilerinin bu \u015fekilde yazabildi\u011fini g\u00f6rmek fantezi \u00fcreticileri i\u00e7in ender ve b\u00fcy\u00fck bir keyif. Bana bir mutlak zorunluluk olarak g\u00f6r\u00fcnen, yaln\u0131zca dilin bu \u00e7e\u015fit bir do\u011frulukla kullan\u0131lmas\u0131 de\u011fil, ama ayn\u0131 zamanda kelimelerin i\u00e7inde ger\u00e7ek bir m\u00fczik sakl\u0131 olmas\u0131. \u00c7ok b\u00fcy\u00fck bir zevk!<br \/>\n<strong>&#8211; Ursula K. Le Guin,<\/strong><\/span><\/p>\n<hr size=\"1\" \/>\n<p style=\"text-align: center;\"><span style=\"font-family: Segoe UI,helvetica,sans-serif;\">Millet, i\u015fte ger\u00e7ek i\u015f budur. Her ne kadar Harry Potter serisine g\u00f6re dikkate de\u011fer bir \u015fekilde daha karanl\u0131k olsa da bu ayn\u0131 zamanda ahlaki ve psikolojik geli\u015fimin hik\u00e2yesi \u2013 \u00e7ocuklu\u011fun hik\u00e2yesi, efsanevi bir kahraman olacak olan gen\u00e7 bir adam\u0131n e\u011fitiminin. Neredeyse 700 sayfal\u0131k kitapta tek bir kelime bile bo\u015fa harcanmam\u0131\u015f. Rothfuss \u015fi\u015firme yapm\u0131yor. O, bekledi\u011fimiz t\u00fcrden b\u00fcy\u00fck bir yeni fantezi yazar\u0131 ve bu \u015fa\u015f\u0131rt\u0131c\u0131 g\u00fczellikte bir kitap. Onlu ya\u015flar\u0131n\u0131n ba\u015f\u0131ndakiler i\u00e7in tavsiye etmem. Bunun ana nedeni; bir yeti\u015fkin hik\u00e2yesinin ad\u0131mlar\u0131yla ilerlemesi ve ger\u00e7ekten rahats\u0131z edici olaylar\u0131n olmas\u0131. Ama Rothfuss kan revan tarifine girmiyor (olaylar \u00e7ok yo\u011fun bir \u015fekilde geli\u015fse de), ve bir miktar cinsel gerilim varsa da, bu gen\u00e7 okurlar\u0131 \u015fok edecek d\u00fczeyde de\u011fil. E\u011fer bir fantezi okuruysan\u0131z veya kahramanl\u0131k d\u00fczeyinde bir d\u00fc\u015fsel hik\u00e2yeden keyif almay\u0131 d\u00fc\u015f\u00fcn\u00fcyorsan\u0131z, bu y\u0131l\u0131, bu kitab\u0131 okumadan ge\u00e7irmeyin. En az\u0131ndan, son Harry Potter roman\u0131 \u00e7\u0131kana kadar sizi me\u015fgul edecektir. Ama sizi uyarmal\u0131y\u0131m \u2013 The Name of the Wind\u2019i okuduktan sonra, Harry Potter roman\u0131 size biraz hafif gelebilir ve s\u00f6ylemesi c\u00fcretk\u00e2rca olsa da \u00e7ocuk\u00e7a gelebilir. Uyarmad\u0131 demeyin.<br \/>\n<strong>&#8211; Orson Scott Card<\/strong><\/span><\/p>\n<hr size=\"1\" \/>\n<p style=\"text-align: center;\"><span style=\"font-family: Segoe UI,helvetica,sans-serif;\"><strong> <\/strong><\/span><\/p>\n<p style=\"text-align: center;\"><span style=\"font-family: Segoe UI,helvetica,sans-serif;\">Bu kitap de\u011ferli okuma zaman\u0131n\u0131za fazlas\u0131yla de\u011fer. Bahse girerim bunu izleyen kitaplar\u0131 da ayn\u0131 olacakt\u0131r.<br \/>\n<strong>&#8211; Robin Hobb<\/strong><\/span><\/p>\n<hr size=\"1\" \/>\n<p style=\"text-align: center;\"><span style=\"font-family: Segoe UI,helvetica,sans-serif;\"><strong> <\/strong><\/span><\/p>\n<p style=\"text-align: center;\"><span style=\"font-family: Segoe UI,helvetica,sans-serif;\">Bu muhte\u015fem bir kitap, ger\u00e7ekten g\u00fczel bir \u00f6yk\u00fc. Ziyadesiyle okunabilir ve s\u00fcr\u00fckleyici. B\u00fct\u00fcn \u00f6vg\u00fclerim gen\u00e7 Pat\u2019e. \u0130lk roman\u0131 muhte\u015fem bir eser. Bravo!<br \/>\n<strong>&#8211; Anne McCaffrey<\/strong><\/span><\/p>\n<hr size=\"1\" \/>\n<p style=\"text-align: center;\"><span style=\"font-family: Segoe UI,helvetica,sans-serif;\"><strong> <\/strong><\/span><\/p>\n<p style=\"text-align: center;\"><span style=\"font-family: Segoe UI,helvetica,sans-serif;\"><strong> <\/strong><\/span><\/p>\n<p style=\"text-align: center;\"><span style=\"font-family: Segoe UI,helvetica,sans-serif;\">The Name of the Wind, hepimizin izlemek istedi\u011fi bir yazar\u0131n ortaya \u00e7\u0131k\u0131\u015f\u0131na i\u015faret ediyor. Patrick Rothfuss ger\u00e7ek bir yetenek ve Kvothe\u2019nin \u00f6yk\u00fcs\u00fc derin, detayl\u0131 ve ola\u011fan\u00fcst\u00fc.<br \/>\n<strong>&#8211; Terry Brooks<\/strong><\/span><\/p>\n<hr size=\"1\" \/>\n<p style=\"text-align: center;\"><span style=\"font-family: Segoe UI,helvetica,sans-serif;\">Patrick Rothfuss fantezi t\u00fcr\u00fcn\u00fcn ana sahnesinde hi\u00e7bir \u0131s\u0131nma hareketine ihtiya\u00e7 duymadan sa\u011flam bir \u015fekilde durup bize \u015fahane bir \u00e7\u0131k\u0131\u015f veriyor. Jordan ve Goodkind omuzlar\u0131n\u0131n \u00fczerinden sinirle bak\u0131yor olmal\u0131lar.<br \/>\n<strong>&#8211; Kevin J. Anderson<\/strong><\/span> <span style=\"font-family: Segoe UI,helvetica,sans-serif;\"><br \/>\n<em> <\/em><\/span><\/p>\n<hr size=\"1\" \/>\n<p style=\"text-align: center;\"><span style=\"font-family: Segoe UI,helvetica,sans-serif;\">The Name of the Wind fantezi okurlar\u0131n\u0131n ho\u015fland\u0131\u011f\u0131 her \u015feye sahip: B\u00fcy\u00fc ve esrarlar ve kadim k\u00f6t\u00fcl\u00fckler, ama ayn\u0131 zamanda mizahi ve sars\u0131c\u0131 ve t\u00fcm\u00fcyle inan\u0131labilir. T\u00fcr\u00fcm\u00fczdeki di\u011fer en iyi kitaplarda oldu\u011fu gibi, bu roman\u0131 da bu denli iyi yapan fantezi t\u00fcr\u00fcn\u00fcn bildik temalar\u0131 de\u011fil (her ne kadar muhte\u015fem olsalar da), ancak yazar\u0131n, ger\u00e7ek, s\u0131radan \u015feyler hakk\u0131nda, h\u0131rs ve ba\u015far\u0131s\u0131zl\u0131k, sanat, a\u015fk ve kay\u0131plar hakk\u0131nda s\u00f6yledikleri.<br \/>\n<strong>&#8211; Tad Williams<\/strong><\/span><\/p>\n<p style=\"text-align: center;\"><span style=\"font-family: Segoe UI,helvetica,sans-serif;\"> <a href=\"https:\/\/www.kayiprihtim.org\/portal\/biz-bunu-istiyoruz-1\/\">Bir \u00f6nceki sayfaya d\u00f6nmek i\u00e7in t\u0131klay\u0131n\u0131z&#8230;<\/a><strong><br \/>\n<\/strong><\/span><\/p>\n<p style=\"text-align: center;\"><span style=\"font-family: Segoe UI,helvetica,sans-serif;\"><strong> <\/strong><\/span><\/p>\n<p style=\"text-align: center;\"><span style=\"font-family: Segoe UI,helvetica,sans-serif;\"><strong> <\/strong><\/span><\/p>\n<\/td>\n<\/tr>\n<\/tbody>\n<\/table>\n<\/td>\n<\/tr>\n<\/tbody>\n<\/table>\n","protected":false},"excerpt":{"rendered":"<p>\u00dc\u00e7lemesinin ilk kitab\u0131nda, Rothfuss\u2019un fantazi d\u00fcnyas\u0131nda \u00e7arp\u0131c\u0131 ortaya \u00e7\u0131k\u0131\u015f\u0131n\u0131n \u00f6zg\u00fcnl\u00fc\u011f\u00fc, isimlendirilmemi\u015f d\u00fc\u015fsel d\u00fcnyas\u0131ndan \u00e7ok bunun kusursuz uygulamas\u0131nda yat\u0131yor. Binlerce hik\u00e2yenin kahraman\u0131 ve k\u00f6t\u00fc adam\u0131, \u00f6ld\u00fc\u011f\u00fc san\u0131lan Kvothe, uydurma bir isim alt\u0131nda Yolta\u015f\u0131 Han\u0131\u2019n\u0131n sahibi olarak basit bir ya\u015fam s\u00fcrd\u00fcr\u00fcr. Tarih\u00e7i olarak adland\u0131r\u0131lan bir biyografi yazar\u0131 taraf\u0131ndan ger\u00e7ek kimli\u011finin fark\u0131na var\u0131lmas\u0131yla, Kvothe ya\u015fam \u00f6yk\u00fcs\u00fcn\u00fc anlatmaya ba\u015flar. [&hellip;]<\/p>\n","protected":false},"author":1,"featured_media":0,"parent":10647,"menu_order":0,"comment_status":"open","ping_status":"closed","template":"fullwidth.php","meta":{"_acf_changed":false,"footnotes":""},"class_list":["post-10753","page","type-page","status-publish"],"acf":[],"_links":{"self":[{"href":"https:\/\/www.kayiprihtim.org\/portal\/wp-json\/wp\/v2\/pages\/10753","targetHints":{"allow":["GET"]}}],"collection":[{"href":"https:\/\/www.kayiprihtim.org\/portal\/wp-json\/wp\/v2\/pages"}],"about":[{"href":"https:\/\/www.kayiprihtim.org\/portal\/wp-json\/wp\/v2\/types\/page"}],"author":[{"embeddable":true,"href":"https:\/\/www.kayiprihtim.org\/portal\/wp-json\/wp\/v2\/users\/1"}],"replies":[{"embeddable":true,"href":"https:\/\/www.kayiprihtim.org\/portal\/wp-json\/wp\/v2\/comments?post=10753"}],"version-history":[{"count":0,"href":"https:\/\/www.kayiprihtim.org\/portal\/wp-json\/wp\/v2\/pages\/10753\/revisions"}],"up":[{"embeddable":true,"href":"https:\/\/www.kayiprihtim.org\/portal\/wp-json\/wp\/v2\/pages\/10647"}],"wp:attachment":[{"href":"https:\/\/www.kayiprihtim.org\/portal\/wp-json\/wp\/v2\/media?parent=10753"}],"curies":[{"name":"wp","href":"https:\/\/api.w.org\/{rel}","templated":true}]}}