{"id":11409,"date":"2011-08-09T12:16:20","date_gmt":"2011-08-09T09:16:20","guid":{"rendered":"http:\/\/www.kayiprihtim.org\/portal\/"},"modified":"2016-05-26T06:19:15","modified_gmt":"2016-05-26T03:19:15","slug":"yesil-suvari-serisi","status":"publish","type":"page","link":"https:\/\/www.kayiprihtim.org\/portal\/kitaplar\/yesil-suvari-serisi\/","title":{"rendered":"Ye\u015fil S\u00fcvari Serisi"},"content":{"rendered":"<p>Karigan G\u2019ladheon, ba\u015f\u0131n\u0131 b\u00fcy\u00fck derde sokan bir okul kavgas\u0131ndan sonra eve do\u011fru \u00e7\u0131kt\u0131\u011f\u0131 uzun yolculu\u011fu s\u0131ras\u0131nda Ye\u015fim Pelerin denen s\u0131k ormanl\u0131kta gelece\u011fiyle ilgili endi\u015felerine bo\u011fulmu\u015f bir halde y\u00fcr\u00fcrken, aniden \u00e7al\u0131lar\u0131n aras\u0131ndan \u00e7\u0131lg\u0131n gibi d\u00f6rtnala f\u0131rlayan bir atla kar\u015f\u0131la\u015f\u0131r; at\u0131n binicisi iki siyah okla s\u0131rt\u0131ndan vurulmu\u015ftur ve eyerde zorlukla oturabilmektedir. Gen\u00e7 adam orman\u0131n i\u00e7inden ge\u00e7en toprak yolda son nefesini vermeden \u00f6nce, Karigan\u2019a kendisinin kral\u0131n Ye\u015fil S\u00fcvari olarak bilinen efsanevi habercilerinden biri oldu\u011funu ve Kral Zachary\u2019ye ula\u015ft\u0131r\u0131lmas\u0131 gereken, \u201c\u00f6l\u00fcm-kal\u0131m\u201d \u00f6nemine sahip bir mesaj ta\u015f\u0131d\u0131\u011f\u0131n\u0131 s\u00f6yler. Kraigan\u2019dan mesaj\u0131 krala ula\u015ft\u0131rmas\u0131n\u0131 ister ve kesinlikle okumamas\u0131 i\u00e7in uyar\u0131r; gen\u00e7 k\u0131z g\u00f6n\u00fcls\u00fcz bir \u015fekilde bu g\u00f6revi kabul etti\u011finde, haberci ona k\u0131l\u0131c\u0131n\u0131 vererek \u201c\u00fclkesine kar\u015f\u0131 sevgisi i\u00e7in\u201d g\u00f6revi yerine getirmeye ant i\u00e7tirir. G\u00f6revinin sembol\u00fc olan alt\u0131n \u201ckanatl\u0131 at\u201d rozetini Karigan\u2019a verirken, onu b\u00fcy\u00fck bir tehlikeyle ilgili uyar\u0131r: \u201cG\u00f6lge adama dikkat et\u2026\u201d<\/p>\n","protected":false},"excerpt":{"rendered":"<p>Karigan G\u2019ladheon, ba\u015f\u0131n\u0131 b\u00fcy\u00fck derde sokan bir okul kavgas\u0131ndan sonra eve do\u011fru \u00e7\u0131kt\u0131\u011f\u0131 uzun yolculu\u011fu s\u0131ras\u0131nda Ye\u015fim Pelerin denen s\u0131k ormanl\u0131kta gelece\u011fiyle ilgili endi\u015felerine bo\u011fulmu\u015f bir halde y\u00fcr\u00fcrken, aniden \u00e7al\u0131lar\u0131n aras\u0131ndan \u00e7\u0131lg\u0131n gibi d\u00f6rtnala f\u0131rlayan bir atla kar\u015f\u0131la\u015f\u0131r; at\u0131n binicisi iki siyah okla s\u0131rt\u0131ndan vurulmu\u015ftur ve eyerde zorlukla oturabilmektedir. Gen\u00e7 adam orman\u0131n i\u00e7inden ge\u00e7en toprak [&hellip;]<\/p>\n","protected":false},"author":1,"featured_media":0,"parent":57,"menu_order":0,"comment_status":"open","ping_status":"closed","template":"","meta":{"_acf_changed":false,"footnotes":""},"class_list":["post-11409","page","type-page","status-publish"],"acf":[],"_links":{"self":[{"href":"https:\/\/www.kayiprihtim.org\/portal\/wp-json\/wp\/v2\/pages\/11409","targetHints":{"allow":["GET"]}}],"collection":[{"href":"https:\/\/www.kayiprihtim.org\/portal\/wp-json\/wp\/v2\/pages"}],"about":[{"href":"https:\/\/www.kayiprihtim.org\/portal\/wp-json\/wp\/v2\/types\/page"}],"author":[{"embeddable":true,"href":"https:\/\/www.kayiprihtim.org\/portal\/wp-json\/wp\/v2\/users\/1"}],"replies":[{"embeddable":true,"href":"https:\/\/www.kayiprihtim.org\/portal\/wp-json\/wp\/v2\/comments?post=11409"}],"version-history":[{"count":0,"href":"https:\/\/www.kayiprihtim.org\/portal\/wp-json\/wp\/v2\/pages\/11409\/revisions"}],"up":[{"embeddable":true,"href":"https:\/\/www.kayiprihtim.org\/portal\/wp-json\/wp\/v2\/pages\/57"}],"wp:attachment":[{"href":"https:\/\/www.kayiprihtim.org\/portal\/wp-json\/wp\/v2\/media?parent=11409"}],"curies":[{"name":"wp","href":"https:\/\/api.w.org\/{rel}","templated":true}]}}