{"id":1148,"date":"2009-04-11T09:55:16","date_gmt":"2009-04-11T06:55:16","guid":{"rendered":"http:\/\/www.kayiprihtim.org\/portal\/?page_id=1148"},"modified":"2012-01-31T10:16:14","modified_gmt":"2012-01-31T08:16:14","slug":"dragons-of-the-hourglass-mage","status":"publish","type":"page","link":"https:\/\/www.kayiprihtim.org\/portal\/kitaplar\/ejderha-mizragi-serisi\/dragons-of-the-hourglass-mage\/","title":{"rendered":"Dragons of the Hourglass Mage"},"content":{"rendered":"<p><img fetchpriority=\"high\" decoding=\"async\" class=\"alignnone\" src=\"https:\/\/www.kayiprihtim.org\/portal\/gorsel\/dragonlance\/dohme.jpg\" alt=\"\" width=\"490\" height=\"179\"><\/p>\n<p><strong>Product Description<\/strong><br \/>\nBetween Chronicles and Legends, what made Raistlin aspire to godhood?<\/p>\n<p>Raistlin Majere has become a Black Robe wizard and travels to Neraka, the lord city of the Dark Queen, ostensibly to work for her, though in reality he means to further his own quest for power. But Takhisis finds out that the dragon orb has entered her city and sends her draconians to find and destroy the wizard who has it in his possession. Before her agents can strike, though, Raistlin finds out that Takhisis means to take control of all wizardly magic. She has ordered Kitiara to set a trap for the Gods of Magic on the Night of the Eye, when all the high-ranking wizards will be in Neraka to celebrate.<\/p>\n<p>As the forces of light, with help from the good dragons, are turning the tide of battle, Raistlin is forced to flee, for his foes are closing in on him. As the Dragon Highlords vie for the Crown of Power in the Temple of the Dark Queen, Raistlin Majere wages his own desperate battle against Takhisis in the dungeons below and meets again the brother he betrayed. The fate of the world hangs in the balance.<\/p>\n<hr \/>\n<p><strong>Tan\u0131t\u0131m Yaz\u0131s\u0131:<\/strong><br \/>\nDestanlar ve Efsaneler aras\u0131nda, Raistlin\u2019i tanr\u0131l\u0131k vasf\u0131na heveslendiren neydi?<\/p>\n<p>Kara c\u00fcbbeli bir b\u00fcy\u00fcc\u00fc haline gelen Raistlin Majere; Karanl\u0131k Krali\u00e7e\u2019nin ana \u015fehri Neraka\u2019ya seyahat eder. G\u00f6r\u00fcn\u00fcrde onun ad\u0131na \u00e7al\u0131\u015fmak i\u00e7in, ama bunun daha \u00f6tesinde, kendi g\u00fc\u00e7 aray\u0131\u015f\u0131 i\u00e7in&#8230;<\/p>\n<p>\u015eehre bir ejderha k\u00fcresi girdi\u011fini ke\u015ffeden Takhisis, ejderanlar\u0131n\u0131 bu k\u00fcreye sahip olan b\u00fcy\u00fcc\u00fcy\u00fc bulup yok etmek i\u00e7in yollar. Raistlin, ejderanlar taraf\u0131ndan yakalanmadan \u00f6nce, Takhisis sayesinde t\u00fcm b\u00fcy\u00fc g\u00fcc\u00fcn\u00fc kontrol alt\u0131na alabilece\u011fini kavrar. Kitiara ise krali\u00e7esinden \u00f6nemli bir emir al\u0131r: Y\u00fcksek b\u00fcy\u00fcc\u00fcler ayin i\u00e7in Neraka\u2019ya geldi\u011finde, G\u00f6z\u2019\u00fcn Gecesi&#8217;nde, B\u00fcy\u00fcn\u00fcn Tanr\u0131lar\u0131na bir tuzak kuracakt\u0131r.<\/p>\n<p>I\u015f\u0131\u011f\u0131n kuvvetleri, onlara yard\u0131m eli uzatan iyi ejderhalarla beraber sava\u015f\u0131n ak\u0131nt\u0131s\u0131na kap\u0131lm\u0131\u015fken, Raistlin giderek yakla\u015fan d\u00fc\u015fmanlar\u0131ndan ka\u00e7mak zorunda kal\u0131r. Ejderha Y\u00fcceefendileri, Karanl\u0131k Krali\u00e7e Tap\u0131na\u011f\u0131&#8217;nda G\u00fc\u00e7 Tac\u0131 i\u00e7in rekabet ederken, Raistlin Majere zindanlar\u0131n alt\u0131nda Takhisis\u2019e kar\u015f\u0131 kendi umutsuz sava\u015f\u0131n\u0131 verir ve ihanet etti\u011fi karde\u015fiyle bir kez daha y\u00fcz y\u00fcze gelir.<\/p>\n<p>D\u00fcnyan\u0131n kaderi sallant\u0131dad\u0131r.<\/p>\n<p><span style=\"color: #ff0000;\"><strong>\u00c7eviri:<\/strong><\/span> Ozancan Demir\u0131\u015f\u0131k<\/p>\n","protected":false},"excerpt":{"rendered":"<p>Product Description Between Chronicles and Legends, what made Raistlin aspire to godhood? Raistlin Majere has become a Black Robe wizard and travels to Neraka, the lord city of the Dark Queen, ostensibly to work for her, though in reality he means to further his own quest for power. But Takhisis finds out that the dragon [&hellip;]<\/p>\n","protected":false},"author":1,"featured_media":0,"parent":1961,"menu_order":0,"comment_status":"open","ping_status":"closed","template":"","meta":{"_acf_changed":false,"footnotes":""},"class_list":["post-1148","page","type-page","status-publish"],"acf":[],"_links":{"self":[{"href":"https:\/\/www.kayiprihtim.org\/portal\/wp-json\/wp\/v2\/pages\/1148","targetHints":{"allow":["GET"]}}],"collection":[{"href":"https:\/\/www.kayiprihtim.org\/portal\/wp-json\/wp\/v2\/pages"}],"about":[{"href":"https:\/\/www.kayiprihtim.org\/portal\/wp-json\/wp\/v2\/types\/page"}],"author":[{"embeddable":true,"href":"https:\/\/www.kayiprihtim.org\/portal\/wp-json\/wp\/v2\/users\/1"}],"replies":[{"embeddable":true,"href":"https:\/\/www.kayiprihtim.org\/portal\/wp-json\/wp\/v2\/comments?post=1148"}],"version-history":[{"count":0,"href":"https:\/\/www.kayiprihtim.org\/portal\/wp-json\/wp\/v2\/pages\/1148\/revisions"}],"up":[{"embeddable":true,"href":"https:\/\/www.kayiprihtim.org\/portal\/wp-json\/wp\/v2\/pages\/1961"}],"wp:attachment":[{"href":"https:\/\/www.kayiprihtim.org\/portal\/wp-json\/wp\/v2\/media?parent=1148"}],"curies":[{"name":"wp","href":"https:\/\/api.w.org\/{rel}","templated":true}]}}