{"id":12596,"date":"2011-09-20T10:30:37","date_gmt":"2011-09-20T07:30:37","guid":{"rendered":"http:\/\/www.kayiprihtim.org\/portal\/?page_id=12596"},"modified":"2011-09-20T15:25:37","modified_gmt":"2011-09-20T12:25:37","slug":"en-karanlik-kus","status":"publish","type":"page","link":"https:\/\/www.kayiprihtim.org\/portal\/kitaplar\/en-karanlik-kus\/","title":{"rendered":"En Karanl\u0131k Ku\u015f"},"content":{"rendered":"<table style=\"border: thin outset; border-collapse: collapse; height: 30px; width: 470px;\" border=\"0\" cellpadding=\"2\">\n<tbody>\n<tr>\n<td bgcolor=\"#330000\" width=\"30%\"><span style=\"color: #ffffff;\"><span style=\"font-family: Verdana;\"><strong>EN KARANLIK KU\u015e<\/strong><\/span><\/span><\/td>\n<\/tr>\n<\/tbody>\n<\/table>\n<table style=\"border-collapse: collapse; width: 462px; height: 250px;\" border=\"0\" cellspacing=\"0\" cellpadding=\"0\">\n<tbody>\n<tr>\n<td align=\"center\" valign=\"top\" width=\"58%\">\n<table style=\"border-collapse: collapse; width: 315px; height: 248px;\" border=\"0\" cellspacing=\"2\">\n<tbody>\n<tr>\n<td align=\"right\" width=\"100%\">\n<table style=\"width: 310px; height: 88px;\" border=\"0\" cellspacing=\"0\">\n<tbody>\n<tr bgcolor=\"#d1c4a5\">\n<td width=\"39%\"><strong>Yazar<\/strong><\/td>\n<td width=\"3%\">:<\/td>\n<td width=\"51%\"><span style=\"color: #993300;\"><strong>Joel Rose<\/strong><\/span><\/td>\n<\/tr>\n<tr bgcolor=\"#e4ddcb\">\n<td><strong>\u00c7eviri<\/strong><\/td>\n<td width=\"3%\">:<\/td>\n<td width=\"51%\">Sevin\u00e7 Kay\u0131r<\/td>\n<\/tr>\n<tr bgcolor=\"#d1c4a5\">\n<td width=\"39%\"><strong>\u00d6zg\u00fcn Ad\u0131<\/strong><\/td>\n<td width=\"3%\">:<\/td>\n<td width=\"51%\">The Blackest Bird<\/td>\n<\/tr>\n<tr bgcolor=\"#e4ddcb\">\n<td width=\"39%\"><strong>Edit\u00f6r<\/strong><\/td>\n<td width=\"3%\">:<\/td>\n<td width=\"51%\">Asl\u0131 Akko\u00e7<\/td>\n<\/tr>\n<\/tbody>\n<\/table>\n<\/td>\n<\/tr>\n<tr>\n<td style=\"border-style: solid ridge ridge; border-width: 1px; padding-left: 4px; padding-right: 4px;\" bgcolor=\"#c0b18d\" width=\"100%\"><strong><span style=\"font-size: 9pt; font-family: Tahoma;\">\u0130thaki Yay\u0131nlar\u0131<br \/>\n<\/span><\/strong><\/td>\n<\/tr>\n<tr>\n<td align=\"right\" width=\"100%\">\n<table style=\"width: 310px; height: 88px;\" border=\"0\" cellspacing=\"0\">\n<tbody>\n<tr bgcolor=\"#e4ddcb\">\n<td width=\"39%\"><strong>\u00c7\u0131k\u0131\u015f Tarihi<\/strong><\/td>\n<td width=\"3%\">:<\/td>\n<td width=\"51%\">20 Eyl\u00fcl, 2011<\/td>\n<\/tr>\n<tr bgcolor=\"#d1c4a5\">\n<td><strong>Sayfa Say\u0131s\u0131<\/strong><\/td>\n<td width=\"3%\">:<\/td>\n<td width=\"51%\">450<\/td>\n<\/tr>\n<tr bgcolor=\"#e4ddcb\">\n<td width=\"39%\"><strong>Fiyat\u0131<\/strong><\/td>\n<td width=\"3%\">:<\/td>\n<td width=\"51%\">27.00 TL<\/td>\n<\/tr>\n<tr bgcolor=\"#d1c4a5\">\n<td width=\"39%\"><strong>ISBN No<\/strong><\/td>\n<td width=\"3%\">:<\/td>\n<td width=\"51%\">978-605-375-146-5<\/td>\n<\/tr>\n<\/tbody>\n<\/table>\n<\/td>\n<\/tr>\n<\/tbody>\n<\/table>\n<\/td>\n<td style=\"width: 39%;\" align=\"center\" valign=\"middle\">\n<p style=\"text-align: center;\"><a href=\"https:\/\/www.kayiprihtim.org\/portal\/gorsel\/en-karanlik-kus.jpg\" target=\"_blank\"><img decoding=\"async\" class=\"aligncenter\" src=\"https:\/\/www.kayiprihtim.org\/portal\/gorsel\/en-karanlik-kus.jpg\" alt=\"\" width=\"140\" height=\"219\" border=\"0\" hspace=\"1\"><\/a><\/p>\n<\/td>\n<\/tr>\n<\/tbody>\n<\/table>\n<table style=\"border-collapse: collapse; width: 47%;\" border=\"0\" cellpadding=\"0\">\n<tbody>\n<tr>\n<td width=\"54%\">\n<table style=\"border-collapse: collapse; height: 147px; width: 470px;\" border=\"0\" cellspacing=\"0\" cellpadding=\"2\">\n<tbody>\n<tr>\n<td style=\"border-style: solid ridge ridge; border-width: 1px; padding-left: 4px; padding-right: 4px;\" bgcolor=\"#c0b18d\" width=\"98%\"><strong><span style=\"font-size: 9pt; font-family: Tahoma;\">Tan\u0131t\u0131m Yaz\u0131s\u0131<\/span><\/strong><\/td>\n<\/tr>\n<tr>\n<td align=\"left\" width=\"99%\">\n<table style=\"width: 465px;\" border=\"0\">\n<tbody>\n<tr>\n<td style=\"border-style: outset; border-width: 1px;\" bgcolor=\"#d1c4a5\" width=\"96%\">\n<table style=\"border-collapse: collapse; width: 452px; height: 199px;\" border=\"0\" cellspacing=\"0\" cellpadding=\"5\" bgcolor=\"#d1c4a5\">\n<tbody>\n<tr>\n<td bgcolor=\"#d1c4a5\" width=\"96%\"><strong>Londra\u2019n\u0131n Kar\u0131nde\u015fen Jack cinayetlerine New York\u2019un cevab\u0131\u2026<\/strong><\/p>\n<p>\u201cKorkun\u00e7 cinayetler, kundak\u00e7\u0131l\u0131k, hapisten ka\u00e7\u0131\u015flar, mezar soygunlar\u0131, emniyet te\u015fkilat\u0131ndaki yolsuzluklar ve on dokuzuncu y\u00fczy\u0131l New York\u2019undaki \u00e7ete sava\u015flar\u0131n\u0131n harmanland\u0131\u011f\u0131 dolu dolu bir roman&#8230;\u201d<br \/>\n<em><strong> Financial Times<\/strong><\/em><\/p>\n<p>\u201cJoel Rose, Edgar Allan Poe\u2019nun New York\u2019una hakim o vah\u015fi ruhu m\u00fckemmel bir canl\u0131l\u0131kla aktar\u0131yor.\u201d<br \/>\n<em><strong> Patrick McGrath<\/strong><\/em><\/p>\n<p>1841 y\u0131l\u0131nda New York\u2019ta bir kad\u0131n cesedi bulunur. Korkun\u00e7 bir cinayete kurban giden Mary Rogers ad\u0131ndaki kad\u0131n\u0131n katilini yakalama g\u00f6revi Emniyet M\u00fcd\u00fcr\u00fc Jacob Hays\u2019e d\u00fc\u015fer. Cinayeti \u00e7\u00f6zme s\u00fcreci onu \u015fehrin en karanl\u0131k yerlerine s\u00fcr\u00fckler ve \u00e7irkin s\u0131rlarla y\u00fcz y\u00fcze getirir. Bir s\u00fcre sonra dava, gecenin ozan\u0131 Edgar Allan Poe\u2019nun \u00fczerinde yo\u011funla\u015f\u0131r. Hays bu umutsuz romanti\u011fin \u015fiirleriyle \u00f6yk\u00fclerindeki gizli ipu\u00e7lar\u0131n\u0131n kendisini Mary\u2019nin katiline g\u00f6t\u00fcrece\u011fine inanmaktad\u0131r. Ancak \u00e7ok ge\u00e7meden \u015f\u00fcphe oklar\u0131 Poe\u2019nun kendisini i\u015faret etmeye ba\u015flar&#8230;<\/td>\n<\/tr>\n<\/tbody>\n<\/table>\n<\/td>\n<\/tr>\n<\/tbody>\n<\/table>\n<\/td>\n<\/tr>\n<\/tbody>\n<\/table>\n<\/td>\n<\/tr>\n<\/tbody>\n<\/table>\n","protected":false},"excerpt":{"rendered":"<p>EN KARANLIK KU\u015e Yazar : Joel Rose \u00c7eviri : Sevin\u00e7 Kay\u0131r \u00d6zg\u00fcn Ad\u0131 : The Blackest Bird Edit\u00f6r : Asl\u0131 Akko\u00e7 \u0130thaki Yay\u0131nlar\u0131 \u00c7\u0131k\u0131\u015f Tarihi : 20 Eyl\u00fcl, 2011 Sayfa Say\u0131s\u0131 : 450 Fiyat\u0131 : 27.00 TL ISBN No : 978-605-375-146-5 Tan\u0131t\u0131m Yaz\u0131s\u0131 Londra\u2019n\u0131n Kar\u0131nde\u015fen Jack cinayetlerine New York\u2019un cevab\u0131\u2026 \u201cKorkun\u00e7 cinayetler, kundak\u00e7\u0131l\u0131k, hapisten ka\u00e7\u0131\u015flar, [&hellip;]<\/p>\n","protected":false},"author":1,"featured_media":0,"parent":57,"menu_order":0,"comment_status":"open","ping_status":"closed","template":"","meta":{"_acf_changed":false,"footnotes":""},"class_list":["post-12596","page","type-page","status-publish"],"acf":[],"_links":{"self":[{"href":"https:\/\/www.kayiprihtim.org\/portal\/wp-json\/wp\/v2\/pages\/12596","targetHints":{"allow":["GET"]}}],"collection":[{"href":"https:\/\/www.kayiprihtim.org\/portal\/wp-json\/wp\/v2\/pages"}],"about":[{"href":"https:\/\/www.kayiprihtim.org\/portal\/wp-json\/wp\/v2\/types\/page"}],"author":[{"embeddable":true,"href":"https:\/\/www.kayiprihtim.org\/portal\/wp-json\/wp\/v2\/users\/1"}],"replies":[{"embeddable":true,"href":"https:\/\/www.kayiprihtim.org\/portal\/wp-json\/wp\/v2\/comments?post=12596"}],"version-history":[{"count":0,"href":"https:\/\/www.kayiprihtim.org\/portal\/wp-json\/wp\/v2\/pages\/12596\/revisions"}],"up":[{"embeddable":true,"href":"https:\/\/www.kayiprihtim.org\/portal\/wp-json\/wp\/v2\/pages\/57"}],"wp:attachment":[{"href":"https:\/\/www.kayiprihtim.org\/portal\/wp-json\/wp\/v2\/media?parent=12596"}],"curies":[{"name":"wp","href":"https:\/\/api.w.org\/{rel}","templated":true}]}}