{"id":12678,"date":"2011-09-25T12:07:09","date_gmt":"2011-09-25T09:07:09","guid":{"rendered":"http:\/\/www.kayiprihtim.org\/portal\/?page_id=12678"},"modified":"2011-09-25T12:23:03","modified_gmt":"2011-09-25T09:23:03","slug":"lord-umber-gunlukleri","status":"publish","type":"page","link":"https:\/\/www.kayiprihtim.org\/portal\/kitaplar\/lord-umber-gunlukleri\/","title":{"rendered":"Lord Umber G\u00fcnl\u00fckleri"},"content":{"rendered":"<table style=\"border: thin outset; border-collapse: collapse; height: 30px; width: 470px;\" border=\"0\" cellpadding=\"2\">\n<tbody>\n<tr>\n<td bgcolor=\"#330000\" width=\"30%\"><span style=\"color: #ffffff;\"><span style=\"font-family: Verdana;\"><strong><a name=\"1\"><\/a>TESAD\u00dcF&#8217;\u00dcN KE\u015eF\u0130<\/strong><\/span><\/span><\/td>\n<\/tr>\n<\/tbody>\n<\/table>\n<table style=\"border-collapse: collapse; width: 462px; height: 250px;\" border=\"0\" cellspacing=\"0\" cellpadding=\"0\">\n<tbody>\n<tr>\n<td align=\"center\" valign=\"top\" width=\"58%\">\n<table style=\"border-collapse: collapse; width: 315px; height: 248px;\" border=\"0\" cellspacing=\"2\">\n<tbody>\n<tr>\n<td align=\"right\" width=\"100%\">\n<table style=\"width: 310px; height: 88px;\" border=\"0\" cellspacing=\"0\">\n<tbody>\n<tr bgcolor=\"#d1c4a5\">\n<td width=\"39%\"><strong>Yazar<\/strong><\/td>\n<td width=\"3%\">:<\/td>\n<td width=\"51%\"><span style=\"color: #993300;\"><strong>P. W. Catanese<\/strong><\/span><\/td>\n<\/tr>\n<tr bgcolor=\"#e4ddcb\">\n<td><strong>\u00c7eviri<\/strong><\/td>\n<td width=\"3%\">:<\/td>\n<td width=\"51%\">Bar\u0131\u015f Emre Alk\u0131m<\/td>\n<\/tr>\n<tr bgcolor=\"#d1c4a5\">\n<td width=\"39%\"><strong>\u00d6zg\u00fcn Ad\u0131<\/strong><\/td>\n<td width=\"3%\">:<\/td>\n<td width=\"51%\">Happenstance Found<\/td>\n<\/tr>\n<tr bgcolor=\"#e4ddcb\">\n<td width=\"39%\"><strong>Yay\u0131na Haz\u0131rlayan<\/strong><\/td>\n<td width=\"3%\">:<\/td>\n<td width=\"51%\">\u00d6zg\u00fcr Batur<\/td>\n<\/tr>\n<\/tbody>\n<\/table>\n<\/td>\n<\/tr>\n<tr>\n<td style=\"border-style: solid ridge ridge; border-width: 1px; padding-left: 4px; padding-right: 4px;\" bgcolor=\"#c0b18d\" width=\"100%\"><strong><span style=\"font-size: 9pt; font-family: Tahoma;\">Do\u011fan Egmont Yay\u0131nlar\u0131<br \/>\n<\/span><\/strong><\/td>\n<\/tr>\n<tr>\n<td align=\"right\" width=\"100%\">\n<table style=\"width: 310px; height: 88px;\" border=\"0\" cellspacing=\"0\">\n<tbody>\n<tr bgcolor=\"#e4ddcb\">\n<td width=\"39%\"><strong>\u00c7\u0131k\u0131\u015f Tarihi<\/strong><\/td>\n<td width=\"3%\">:<\/td>\n<td width=\"51%\">Haziran, 2011<\/td>\n<\/tr>\n<tr bgcolor=\"#d1c4a5\">\n<td><strong>Sayfa Say\u0131s\u0131<\/strong><\/td>\n<td width=\"3%\">:<\/td>\n<td width=\"51%\">344<\/td>\n<\/tr>\n<tr bgcolor=\"#e4ddcb\">\n<td width=\"39%\"><strong>Fiyat\u0131<\/strong><\/td>\n<td width=\"3%\">:<\/td>\n<td width=\"51%\">15,00 TL<\/td>\n<\/tr>\n<tr bgcolor=\"#d1c4a5\">\n<td width=\"39%\"><strong>ISBN No<\/strong><\/td>\n<td width=\"3%\">:<\/td>\n<td width=\"51%\">9786050901832<\/td>\n<\/tr>\n<\/tbody>\n<\/table>\n<\/td>\n<\/tr>\n<\/tbody>\n<\/table>\n<\/td>\n<td style=\"width: 39%;\" align=\"center\" valign=\"middle\">\n<p style=\"text-align: center;\"><a href=\"https:\/\/www.kayiprihtim.org\/portal\/gorsel\/lord-umber-1.jpg\" target=\"_blank\"><img decoding=\"async\" class=\"aligncenter\" src=\"https:\/\/www.kayiprihtim.org\/portal\/gorsel\/lord-umber-1.jpg\" alt=\"\" width=\"140\" height=\"219\" border=\"0\" hspace=\"1\"><\/a><\/p>\n<\/td>\n<\/tr>\n<\/tbody>\n<\/table>\n<table style=\"border-collapse: collapse; width: 47%;\" border=\"0\" cellpadding=\"0\">\n<tbody>\n<tr>\n<td width=\"54%\">\n<table style=\"border-collapse: collapse; height: 147px; width: 470px;\" border=\"0\" cellspacing=\"0\" cellpadding=\"2\">\n<tbody>\n<tr>\n<td style=\"border-style: solid ridge ridge; border-width: 1px; padding-left: 4px; padding-right: 4px;\" bgcolor=\"#c0b18d\" width=\"98%\"><strong><span style=\"font-size: 9pt; font-family: Tahoma;\">Tan\u0131t\u0131m Yaz\u0131s\u0131<\/span><\/strong><\/td>\n<\/tr>\n<tr>\n<td align=\"left\" width=\"99%\">\n<table style=\"width: 465px;\" border=\"0\">\n<tbody>\n<tr>\n<td style=\"border-style: outset; border-width: 1px;\" bgcolor=\"#d1c4a5\" width=\"96%\">\n<table style=\"border-collapse: collapse; width: 452px; height: 199px;\" border=\"0\" cellspacing=\"0\" cellpadding=\"5\" bgcolor=\"#d1c4a5\">\n<tbody>\n<tr>\n<td bgcolor=\"#d1c4a5\" width=\"96%\">On iki ya\u015f\u0131nda bir \u00e7ocuk, bir g\u00fcn g\u00f6zlerini bir ma\u011farada a\u00e7ar. Kim oldu\u011funu, oraya nas\u0131l geldi\u011fini bilmiyordur. K\u0131sa s\u00fcre sonra gizemli bir \u00fc\u00e7l\u00fc yan\u0131na gelir: ka\u015fif Umber, ok\u00e7u Sophie ve g\u00fcc\u00fc de en az d\u00fcr\u00fcstl\u00fc\u011f\u00fc kadar zalim olan Oates. \u00c7ocu\u011fa Tesad\u00fcf ad\u0131n\u0131 verirler ve onu oradan al\u0131p g\u00f6t\u00fcr\u00fcrler. Yolda Lord Umber&#8217;in bamba\u015fka bir adam oldu\u011fu ortaya \u00e7\u0131kar. Umber bir tacir, bir maceraperest, bir mucittir ve krall\u0131\u011fa dan\u0131\u015fmanl\u0131k yapmaktad\u0131r; \u00fcstelik tuhaf bir \u015fekilde her t\u00fcrl\u00fc paranormal ve b\u00fcy\u00fcl\u00fc olay\u0131 g\u00fcnl\u00fc\u011f\u00fcne kaydetmektedir. Tesad\u00fcf, k\u0131sa s\u00fcre sonra fark eder ki krall\u0131\u011f\u0131n i\u00e7inde \u00f6l\u00fcmc\u00fcl d\u00fc\u015fmanlar vard\u0131r ve ac\u0131mas\u0131z bir suikast\u00e7\u0131 da pe\u015flerindedir. Tesad\u00fcf, tek bir \u015feyi bilmektedir: Umber&#8217;in onu se\u00e7mesinin belli bir sebebi vard\u0131r, bunun ne oldu\u011funun a\u00e7\u0131\u011fa \u00e7\u0131kmas\u0131 ise biraz zaman alacakt\u0131r.P.W. Catanese bu zengin fantastik kurguda gen\u00e7 bir delikanl\u0131n\u0131n yozla\u015fm\u0131\u015f bir d\u00fcnyada ayakta kalma, sorular\u0131na cevap bulma ve umudunu kaybetmeme \u00e7abas\u0131n\u0131 anlat\u0131yor. Tesad\u00fcf&#8217;\u00fcn Ke\u015ffi, Lord Umber G\u00fcnl\u00fckleri efsanesinin ilk kitab\u0131d\u0131r.<\/td>\n<\/tr>\n<\/tbody>\n<\/table>\n<\/td>\n<\/tr>\n<\/tbody>\n<\/table>\n<\/td>\n<\/tr>\n<\/tbody>\n<\/table>\n<\/td>\n<\/tr>\n<\/tbody>\n<\/table>\n<p><span style=\"color: #e4ddcb;\">&#8211;<\/span><\/p>\n<table style=\"border: thin outset; border-collapse: collapse; height: 30px; width: 470px;\" border=\"0\" cellpadding=\"2\">\n<tbody>\n<tr>\n<td bgcolor=\"#330000\" width=\"30%\"><span style=\"color: #ffffff;\"><span style=\"font-family: Verdana;\"><strong><a name=\"2\"><\/a>EJDERHA OYUNLARI<\/strong><\/span><\/span><\/td>\n<\/tr>\n<\/tbody>\n<\/table>\n<table style=\"border-collapse: collapse; width: 462px; height: 250px;\" border=\"0\" cellspacing=\"0\" cellpadding=\"0\">\n<tbody>\n<tr>\n<td align=\"center\" valign=\"top\" width=\"58%\">\n<table style=\"border-collapse: collapse; width: 315px; height: 248px;\" border=\"0\" cellspacing=\"2\">\n<tbody>\n<tr>\n<td align=\"right\" width=\"100%\">\n<table style=\"width: 310px; height: 88px;\" border=\"0\" cellspacing=\"0\">\n<tbody>\n<tr bgcolor=\"#d1c4a5\">\n<td width=\"39%\"><strong>Yazar<\/strong><\/td>\n<td width=\"3%\">:<\/td>\n<td width=\"51%\"><span style=\"color: #993300;\"><strong>P. W. Catanese<\/strong><\/span><\/td>\n<\/tr>\n<tr bgcolor=\"#e4ddcb\">\n<td><strong>\u00c7eviri<\/strong><\/td>\n<td width=\"3%\">:<\/td>\n<td width=\"51%\">Bar\u0131\u015f Emre Alk\u0131m<\/td>\n<\/tr>\n<tr bgcolor=\"#d1c4a5\">\n<td width=\"39%\"><strong>\u00d6zg\u00fcn Ad\u0131<\/strong><\/td>\n<td width=\"3%\">:<\/td>\n<td width=\"51%\">Dragon Games<\/td>\n<\/tr>\n<tr bgcolor=\"#e4ddcb\">\n<td width=\"39%\"><strong>Yay\u0131na Haz\u0131rlayan<\/strong><\/td>\n<td width=\"3%\">:<\/td>\n<td width=\"51%\">\u00d6zg\u00fcr Batur<\/td>\n<\/tr>\n<\/tbody>\n<\/table>\n<\/td>\n<\/tr>\n<tr>\n<td style=\"border-style: solid ridge ridge; border-width: 1px; padding-left: 4px; padding-right: 4px;\" bgcolor=\"#c0b18d\" width=\"100%\"><strong><span style=\"font-size: 9pt; font-family: Tahoma;\">Do\u011fan Egmont Yay\u0131nlar\u0131<br \/>\n<\/span><\/strong><\/td>\n<\/tr>\n<tr>\n<td align=\"right\" width=\"100%\">\n<table style=\"width: 310px; height: 88px;\" border=\"0\" cellspacing=\"0\">\n<tbody>\n<tr bgcolor=\"#e4ddcb\">\n<td width=\"39%\"><strong>\u00c7\u0131k\u0131\u015f Tarihi<\/strong><\/td>\n<td width=\"3%\">:<\/td>\n<td width=\"51%\">Eyl\u00fcl, 2011<\/td>\n<\/tr>\n<tr bgcolor=\"#d1c4a5\">\n<td><strong>Sayfa Say\u0131s\u0131<\/strong><\/td>\n<td width=\"3%\">:<\/td>\n<td width=\"51%\">303<\/td>\n<\/tr>\n<tr bgcolor=\"#e4ddcb\">\n<td width=\"39%\"><strong>Fiyat\u0131<\/strong><\/td>\n<td width=\"3%\">:<\/td>\n<td width=\"51%\">16,00 TL<\/td>\n<\/tr>\n<tr bgcolor=\"#d1c4a5\">\n<td width=\"39%\"><strong>ISBN No<\/strong><\/td>\n<td width=\"3%\">:<\/td>\n<td width=\"51%\">9786050901849<\/td>\n<\/tr>\n<\/tbody>\n<\/table>\n<\/td>\n<\/tr>\n<\/tbody>\n<\/table>\n<\/td>\n<td style=\"width: 39%;\" align=\"center\" valign=\"middle\">\n<p style=\"text-align: center;\"><a href=\"https:\/\/www.kayiprihtim.org\/portal\/gorsel\/lord-umber-2.jpg\" target=\"_blank\"><img decoding=\"async\" class=\"aligncenter\" src=\"https:\/\/www.kayiprihtim.org\/portal\/gorsel\/lord-umber-2.jpg\" alt=\"\" width=\"140\" height=\"219\" border=\"0\" hspace=\"1\"><\/a><\/p>\n<\/td>\n<\/tr>\n<\/tbody>\n<\/table>\n<table style=\"border-collapse: collapse; width: 47%;\" border=\"0\" cellpadding=\"0\">\n<tbody>\n<tr>\n<td width=\"54%\">\n<table style=\"border-collapse: collapse; height: 147px; width: 470px;\" border=\"0\" cellspacing=\"0\" cellpadding=\"2\">\n<tbody>\n<tr>\n<td style=\"border-style: solid ridge ridge; border-width: 1px; padding-left: 4px; padding-right: 4px;\" bgcolor=\"#c0b18d\" width=\"98%\"><strong><span style=\"font-size: 9pt; font-family: Tahoma;\">Tan\u0131t\u0131m Yaz\u0131s\u0131<\/span><\/strong><\/td>\n<\/tr>\n<tr>\n<td align=\"left\" width=\"99%\">\n<table style=\"width: 465px;\" border=\"0\">\n<tbody>\n<tr>\n<td style=\"border-style: outset; border-width: 1px;\" bgcolor=\"#d1c4a5\" width=\"96%\">\n<table style=\"border-collapse: collapse; width: 452px; height: 199px;\" border=\"0\" cellspacing=\"0\" cellpadding=\"5\" bgcolor=\"#d1c4a5\">\n<tbody>\n<tr>\n<td bgcolor=\"#d1c4a5\" width=\"96%\">Tesad\u00fcf, Lord Umber&#8217;in u\u00e7urum yamac\u0131ndaki muhte\u015fem manzaraya sahip evinde kalmak istiyor. B\u00f6ylece ge\u00e7mi\u015findeki s\u0131rlar hakk\u0131nda hi\u00e7bir endi\u015fe duymak zorunda kalmayacak ve Lord Umber&#8217;in umutsuz ser\u00fcveninde ne oldu\u011fu belirsiz bir rol \u00fcstlenmesi gerekmeyecek.Fakat Umber&#8217;e iki gizemli mesaj\u0131n gelmesiyle birlikte macera kap\u0131y\u0131 \u00e7alar. Mesajlardan biri, Caspar&#8217;dan ac\u0131 bir yard\u0131m \u00e7a\u011fr\u0131s\u0131d\u0131r. Caspar yasak bir adada tuza\u011fa d\u00fc\u015fm\u00fc\u015ft\u00fcr ve kabus gibi bir lanete u\u011fram\u0131\u015ft\u0131r. Baz\u0131 \u00f6nemli s\u0131rlar\u0131 Umber&#8217;e vermeye haz\u0131rd\u0131r, ancak bunun kar\u015f\u0131l\u0131\u011f\u0131nda istedi\u011fi \u015fey neredeyse imkans\u0131zd\u0131r.<\/p>\n<p>\u0130kinci mesaj, zalim bir h\u00fck\u00fcmdar taraf\u0131ndan y\u00f6netilmekte olan bir krall\u0131ktan gelmektedir. Umber&#8217;in eski bir rakibi, ejderha yumurtalar\u0131 \u00e7alm\u0131\u015ft\u0131r. Yumurtalar art\u0131k \u00e7atlamak \u00fczeredir. Sorun \u015fu ki, yumurtadan \u00e7\u0131kan ejderhalarla h\u00fck\u00fcmdar\u0131n ne yapaca\u011f\u0131 belli de\u011fildir.<\/td>\n<\/tr>\n<\/tbody>\n<\/table>\n<\/td>\n<\/tr>\n<\/tbody>\n<\/table>\n<\/td>\n<\/tr>\n<\/tbody>\n<\/table>\n<\/td>\n<\/tr>\n<\/tbody>\n<\/table>\n","protected":false},"excerpt":{"rendered":"<p>TESAD\u00dcF&#8217;\u00dcN KE\u015eF\u0130 Yazar : P. W. Catanese \u00c7eviri : Bar\u0131\u015f Emre Alk\u0131m \u00d6zg\u00fcn Ad\u0131 : Happenstance Found Yay\u0131na Haz\u0131rlayan : \u00d6zg\u00fcr Batur Do\u011fan Egmont Yay\u0131nlar\u0131 \u00c7\u0131k\u0131\u015f Tarihi : Haziran, 2011 Sayfa Say\u0131s\u0131 : 344 Fiyat\u0131 : 15,00 TL ISBN No : 9786050901832 Tan\u0131t\u0131m Yaz\u0131s\u0131 On iki ya\u015f\u0131nda bir \u00e7ocuk, bir g\u00fcn g\u00f6zlerini bir ma\u011farada a\u00e7ar. [&hellip;]<\/p>\n","protected":false},"author":1,"featured_media":0,"parent":57,"menu_order":0,"comment_status":"open","ping_status":"closed","template":"","meta":{"_acf_changed":false,"footnotes":""},"class_list":["post-12678","page","type-page","status-publish"],"acf":[],"_links":{"self":[{"href":"https:\/\/www.kayiprihtim.org\/portal\/wp-json\/wp\/v2\/pages\/12678","targetHints":{"allow":["GET"]}}],"collection":[{"href":"https:\/\/www.kayiprihtim.org\/portal\/wp-json\/wp\/v2\/pages"}],"about":[{"href":"https:\/\/www.kayiprihtim.org\/portal\/wp-json\/wp\/v2\/types\/page"}],"author":[{"embeddable":true,"href":"https:\/\/www.kayiprihtim.org\/portal\/wp-json\/wp\/v2\/users\/1"}],"replies":[{"embeddable":true,"href":"https:\/\/www.kayiprihtim.org\/portal\/wp-json\/wp\/v2\/comments?post=12678"}],"version-history":[{"count":0,"href":"https:\/\/www.kayiprihtim.org\/portal\/wp-json\/wp\/v2\/pages\/12678\/revisions"}],"up":[{"embeddable":true,"href":"https:\/\/www.kayiprihtim.org\/portal\/wp-json\/wp\/v2\/pages\/57"}],"wp:attachment":[{"href":"https:\/\/www.kayiprihtim.org\/portal\/wp-json\/wp\/v2\/media?parent=12678"}],"curies":[{"name":"wp","href":"https:\/\/api.w.org\/{rel}","templated":true}]}}