{"id":13882,"date":"2011-12-17T11:29:25","date_gmt":"2011-12-17T09:29:25","guid":{"rendered":"http:\/\/www.kayiprihtim.org\/portal\/?page_id=13882"},"modified":"2011-12-17T11:29:25","modified_gmt":"2011-12-17T09:29:25","slug":"krallik","status":"publish","type":"page","link":"https:\/\/www.kayiprihtim.org\/portal\/kitaplar\/krallik\/","title":{"rendered":"Krall\u0131k"},"content":{"rendered":"<table style=\"border: thin outset; border-collapse: collapse; height: 30px; width: 470px;\" border=\"0\" cellpadding=\"2\">\n<tbody>\n<tr>\n<td bgcolor=\"#330000\" width=\"30%\"><span style=\"color: #ffffff;\"><span style=\"font-family: Verdana;\"><strong>KRALLIK<\/strong><\/span><\/span><\/td>\n<\/tr>\n<\/tbody>\n<\/table>\n<table style=\"border-collapse: collapse; width: 462px; height: 250px;\" border=\"0\" cellspacing=\"0\" cellpadding=\"0\">\n<tbody>\n<tr>\n<td align=\"center\" valign=\"top\" width=\"58%\">\n<table style=\"border-collapse: collapse; width: 315px; height: 248px;\" border=\"0\" cellspacing=\"2\">\n<tbody>\n<tr>\n<td align=\"right\" width=\"100%\">\n<table style=\"width: 310px; height: 88px;\" border=\"0\" cellspacing=\"0\">\n<tbody>\n<tr bgcolor=\"#d1c4a5\">\n<td width=\"39%\"><strong>Yazar<\/strong><\/td>\n<td width=\"3%\">:<\/td>\n<td width=\"51%\"><span style=\"color: #993300;\"><strong>Clive Cussler, Grant Blackwood<\/strong><\/span><\/td>\n<\/tr>\n<tr bgcolor=\"#e4ddcb\">\n<td><strong>\u00c7eviri<\/strong><\/td>\n<td width=\"3%\">:<\/td>\n<td width=\"51%\">Esat \u00d6ren<\/td>\n<\/tr>\n<tr bgcolor=\"#d1c4a5\">\n<td width=\"39%\"><strong>\u00d6zg\u00fcn Ad\u0131<\/strong><\/td>\n<td width=\"3%\">:<\/td>\n<td width=\"51%\">The Kingdom<\/td>\n<\/tr>\n<\/tbody>\n<\/table>\n<\/td>\n<\/tr>\n<tr>\n<td style=\"border-style: solid ridge ridge; border-width: 1px; padding-left: 4px; padding-right: 4px;\" bgcolor=\"#c0b18d\" width=\"100%\"><strong><span style=\"font-size: 9pt; font-family: Tahoma;\">Alt\u0131n Kitaplar<br \/>\n<\/span><\/strong><\/td>\n<\/tr>\n<tr>\n<td align=\"right\" width=\"100%\">\n<table style=\"width: 310px; height: 88px;\" border=\"0\" cellspacing=\"0\">\n<tbody>\n<tr bgcolor=\"#e4ddcb\">\n<td width=\"39%\"><strong>\u00c7\u0131k\u0131\u015f Tarihi<\/strong><\/td>\n<td width=\"3%\">:<\/td>\n<td width=\"51%\">Aral\u0131k, 2011<\/td>\n<\/tr>\n<tr bgcolor=\"#d1c4a5\">\n<td><strong>Sayfa Say\u0131s\u0131<\/strong><\/td>\n<td width=\"3%\">:<\/td>\n<td width=\"51%\">384<\/td>\n<\/tr>\n<tr bgcolor=\"#e4ddcb\">\n<td width=\"39%\"><strong>Fiyat\u0131<\/strong><\/td>\n<td width=\"3%\">:<\/td>\n<td width=\"51%\">20,00 TL<\/td>\n<\/tr>\n<tr bgcolor=\"#d1c4a5\">\n<td width=\"39%\"><strong>ISBN No<\/strong><\/td>\n<td width=\"3%\">:<\/td>\n<td width=\"51%\">9789752114081<\/td>\n<\/tr>\n<\/tbody>\n<\/table>\n<\/td>\n<\/tr>\n<\/tbody>\n<\/table>\n<\/td>\n<td style=\"width: 39%;\" align=\"center\" valign=\"middle\">\n<p style=\"text-align: center;\"><a href=\"https:\/\/www.kayiprihtim.org\/portal\/gorsel\/krallik-clive-cussler.jpg\" target=\"_blank\"><img decoding=\"async\" class=\"aligncenter\" src=\"https:\/\/www.kayiprihtim.org\/portal\/gorsel\/krallik-clive-cussler.jpg\" alt=\"\" width=\"140\" height=\"219\" border=\"0\" hspace=\"1\"><\/a><\/p>\n<\/td>\n<\/tr>\n<\/tbody>\n<\/table>\n<table style=\"border-collapse: collapse; width: 47%;\" border=\"0\" cellpadding=\"0\">\n<tbody>\n<tr>\n<td width=\"54%\">\n<table style=\"border-collapse: collapse; height: 147px; width: 470px;\" border=\"0\" cellspacing=\"0\" cellpadding=\"2\">\n<tbody>\n<tr>\n<td style=\"border-style: solid ridge ridge; border-width: 1px; padding-left: 4px; padding-right: 4px;\" bgcolor=\"#c0b18d\" width=\"98%\"><strong><span style=\"font-size: 9pt; font-family: Tahoma;\">Tan\u0131t\u0131m Yaz\u0131s\u0131<\/span><\/strong><\/td>\n<\/tr>\n<tr>\n<td align=\"left\" width=\"99%\">\n<table style=\"width: 465px;\" border=\"0\">\n<tbody>\n<tr>\n<td style=\"border-style: outset; border-width: 1px;\" bgcolor=\"#d1c4a5\" width=\"96%\">\n<table style=\"border-collapse: collapse; width: 452px; height: 199px;\" border=\"0\" cellspacing=\"0\" cellpadding=\"5\" bgcolor=\"#d1c4a5\">\n<tbody>\n<tr>\n<td bgcolor=\"#d1c4a5\" width=\"96%\">Sam ve Remi Fargo gerilim dolu yepyeni bir macerayla tekrar okurun kar\u015f\u0131s\u0131nda!<\/p>\n<p>Cussler&#8217;\u0131n Sparta Alt\u0131nlar\u0131 adl\u0131 roman\u0131nda okurlarla tan\u0131\u015ft\u0131rd\u0131\u011f\u0131 Sam ve Remi Fargo, korkusuz birer define avc\u0131s\u0131 olarak kar\u015f\u0131m\u0131za \u00e7\u0131kt\u0131. \u00d6yle ki Fargo&#8217;lar t\u00fcm tehlikeleri hi\u00e7e sayarak ola\u011fan\u00fcst\u00fc maceralara at\u0131l\u0131p \u00f6l\u00fcmc\u00fcl yolculuklara \u00e7\u0131karak akla hayale s\u0131\u011fmayan ke\u015fiflerde bulundular. \u015eimdi de m\u00fcthi\u015f bir maceran\u0131n ortas\u0131na dalm\u0131\u015f durumdalar. \u0130nsan de\u011fil birer define avc\u0131s\u0131 olan Fargo&#8217;lar\u0131n kar\u015f\u0131s\u0131na \u00e7\u0131kan Charles King adl\u0131 Teksasl\u0131 bir petrol kral\u0131, onlardan tuhaf bir istekte bulunur.<\/p>\n<p>Define avc\u0131s\u0131 \u00e7iftin dedektif bir arkada\u015f\u0131, petrol kral\u0131n\u0131n kaybolan babas\u0131n\u0131 ararken gizemli bir \u015fekilde ortadan kaybolmu\u015ftur. King, Sam ve Remi&#8217;den kendisine yard\u0131mc\u0131 olmas\u0131n\u0131 ister. Ortada \u015f\u00fcpheli bir durum oldu\u011fu halde Fargo&#8217;lar teklifi kabul ederler ama kendilerini beklemekte olan \u00f6l\u00fcmc\u00fcl tehlikelerden habersizdirler. Karaborsaya d\u00fc\u015fm\u00fc\u015f fosil kal\u0131nt\u0131lar\u0131, y\u00fczy\u0131llar \u00f6ncesinden kalma bir yapboz sand\u0131\u011f\u0131 ve insan evrim tarihini alt\u00fcst edecek bir iskelet&#8230; \u0130\u015fte!<\/p>\n<p>Sonsuz bir hayal g\u00fcc\u00fc ve nefes kesen gerilimle harmanlanm\u0131\u015f bir Cussler kitab\u0131 daha&#8230;<\/td>\n<\/tr>\n<\/tbody>\n<\/table>\n<\/td>\n<\/tr>\n<\/tbody>\n<\/table>\n<\/td>\n<\/tr>\n<\/tbody>\n<\/table>\n<\/td>\n<\/tr>\n<\/tbody>\n<\/table>\n","protected":false},"excerpt":{"rendered":"<p>KRALLIK Yazar : Clive Cussler, Grant Blackwood \u00c7eviri : Esat \u00d6ren \u00d6zg\u00fcn Ad\u0131 : The Kingdom Alt\u0131n Kitaplar \u00c7\u0131k\u0131\u015f Tarihi : Aral\u0131k, 2011 Sayfa Say\u0131s\u0131 : 384 Fiyat\u0131 : 20,00 TL ISBN No : 9789752114081 Tan\u0131t\u0131m Yaz\u0131s\u0131 Sam ve Remi Fargo gerilim dolu yepyeni bir macerayla tekrar okurun kar\u015f\u0131s\u0131nda! Cussler&#8217;\u0131n Sparta Alt\u0131nlar\u0131 adl\u0131 roman\u0131nda okurlarla [&hellip;]<\/p>\n","protected":false},"author":1,"featured_media":0,"parent":57,"menu_order":0,"comment_status":"open","ping_status":"closed","template":"","meta":{"_acf_changed":false,"footnotes":""},"class_list":["post-13882","page","type-page","status-publish"],"acf":[],"_links":{"self":[{"href":"https:\/\/www.kayiprihtim.org\/portal\/wp-json\/wp\/v2\/pages\/13882","targetHints":{"allow":["GET"]}}],"collection":[{"href":"https:\/\/www.kayiprihtim.org\/portal\/wp-json\/wp\/v2\/pages"}],"about":[{"href":"https:\/\/www.kayiprihtim.org\/portal\/wp-json\/wp\/v2\/types\/page"}],"author":[{"embeddable":true,"href":"https:\/\/www.kayiprihtim.org\/portal\/wp-json\/wp\/v2\/users\/1"}],"replies":[{"embeddable":true,"href":"https:\/\/www.kayiprihtim.org\/portal\/wp-json\/wp\/v2\/comments?post=13882"}],"version-history":[{"count":0,"href":"https:\/\/www.kayiprihtim.org\/portal\/wp-json\/wp\/v2\/pages\/13882\/revisions"}],"up":[{"embeddable":true,"href":"https:\/\/www.kayiprihtim.org\/portal\/wp-json\/wp\/v2\/pages\/57"}],"wp:attachment":[{"href":"https:\/\/www.kayiprihtim.org\/portal\/wp-json\/wp\/v2\/media?parent=13882"}],"curies":[{"name":"wp","href":"https:\/\/api.w.org\/{rel}","templated":true}]}}