{"id":13920,"date":"2011-12-20T01:17:49","date_gmt":"2011-12-19T23:17:49","guid":{"rendered":"http:\/\/www.kayiprihtim.org\/portal\/?page_id=13920"},"modified":"2022-07-26T18:08:51","modified_gmt":"2022-07-26T15:08:51","slug":"onat-bahadir-ile-roportaj","status":"publish","type":"page","link":"https:\/\/www.kayiprihtim.org\/portal\/roportajlar\/onat-bahadir-ile-roportaj\/","title":{"rendered":"Onat Bahad\u0131r ile R\u00f6portaj"},"content":{"rendered":"<p><img decoding=\"async\" class=\"aligncenter\" src=\"https:\/\/www.kayiprihtim.org\/portal\/gorsel\/yazarlar\/onat-bahadir-rop.jpg\" alt=\"\"><\/p>\n<ul>\n<li style=\"text-align: justify;\"><strong>Merhabalar! \u00d6ncelikle bu r\u00f6portaj\u0131 Kay\u0131p R\u0131ht\u0131m&#8217;\u0131n D\u00f6rd\u00fcnc\u00fc Y\u0131l \u015eenli\u011fi i\u00e7in yapt\u0131\u011f\u0131m\u0131zdan kelli \u00f6yle giri\u015fmek istedim sorular\u0131ma&#8230; Zaman zaman Kay\u0131p R\u0131ht\u0131m&#8217;a bakt\u0131\u011f\u0131n\u0131z\u0131 biliyorum. En \u00e7ok hangi b\u00f6l\u00fcm ilginizi \u00e7ekiyor? Kay\u0131p R\u0131ht\u0131m&#8217;a dair genel bir g\u00f6r\u00fc\u015f\u00fcn\u00fcz\u00fc alabilir miyim?<\/strong><\/li>\n<\/ul>\n<p style=\"text-indent: 0.4cm; text-align: justify;\">[stextbox id=&#8221;info&#8221; float=&#8221;true&#8221; align=&#8221;right&#8221;]<img decoding=\"async\" class=\"alignright\" src=\"https:\/\/www.kayiprihtim.org\/portal\/images\/alperkaya.png\" alt=\"\" width=\"60\" height=\"80\"><span style=\"color: #ff0000;\"><span style=\"text-align: right;\"><strong>R\u00d6PORTAJ<\/strong><\/span><\/span><br \/>\n<strong>Alper Kaya<\/strong><br \/>\n<span style=\"color: #333399;\"><strong>[Ar\u015fivi]<\/strong><\/span><strong> <\/strong><\/p>\n<p style=\"text-indent: 0.4cm; text-align: justify;\">Yeni haberler&#8230; Stephen King\u2019in Shining\u2019in devam\u0131 olarak yazd\u0131\u011f\u0131 \u201cDr. Sleep\u201d adl\u0131 yeni roman\u0131n\u0131 b\u00f6yle \u00f6\u011frendim. Genel olarak da fantastik, gerilim, korku t\u00fcrlerinde yeni neler var, Kay\u0131p R\u0131ht\u0131m bunlar\u0131 ka\u00e7\u0131rm\u0131yor. O y\u00fczden her g\u00fcn de\u011fil belki, ama her hafta muhakkak birka\u00e7 kez bak\u0131yorum siteye.<\/p>\n<ul style=\"text-align: justify;\">\n<li><strong>Sizi &#8216;Delili\u011fi Beklerken&#8217;le biliyoruz. Bu fikir ilk olarak nas\u0131l d\u00fc\u015ft\u00fc akl\u0131n\u0131za? Hani, bir esin kayna\u011f\u0131 var m\u0131d\u0131r?<\/strong><\/li>\n<\/ul>\n<p style=\"text-indent: 0.4cm; text-align: justify;\">\u015eu veya bu diye i\u015faret edebilece\u011fim, esin kayna\u011f\u0131 olmu\u015f bir olay ya da an\u0131 yok asl\u0131nda. Yazarken bir\u00e7ok \u015feyin bir araya gelmesi sonucu olu\u015ftu metin.<\/p>\n<ul style=\"text-align: justify;\">\n<li><strong>Yazma s\u00fcrecinde t\u0131kanma vesaire gibi s\u0131k\u0131nt\u0131lar ya\u015fad\u0131n\u0131z m\u0131? Ya\u015fad\u0131ysan\u0131z, nas\u0131l a\u015ft\u0131n\u0131z?<\/strong><\/li>\n<\/ul>\n<p style=\"text-indent: 0.4cm; text-align: justify;\">Evet, ya\u015fad\u0131m. S\u00fcrekli masa ba\u015f\u0131nda ve d\u00fczenli yazabilen biri de\u011filim. 2001\u2019de ba\u015flad\u0131m Delili\u011fi Beklerken\u2019e&#8230; 2009\u2019da bitti. Arada y\u0131llarca elimi s\u00fcrmedim. Ama k\u0131sa \u00f6yk\u00fcler yazmaya devam ettim tabii. Yazar\u0131n d\u00fczenli yazmas\u0131 ve belli periyodlarla kitap \u00e7\u0131karmas\u0131 gerekti\u011fi fikri hazin g\u00f6r\u00fcn\u00fcr bana&#8230;<\/p>\n<ul style=\"text-align: justify;\">\n<li><strong>Yay\u0131mlanma a\u015famas\u0131na dair, roman yay\u0131mlatmak isteyen gen\u00e7; giri\u015fimci isimlere de d\u00fcstur olabilecek g\u00f6r\u00fc\u015flerinizi alabilir miyim?<\/strong><\/li>\n<\/ul>\n<p style=\"text-indent: 0.4cm; text-align: justify;\">Son d\u00f6nemde baz\u0131 arkada\u015flar\u0131mdan da duydu\u011fum, \u201cYeni bir projen var m\u0131?\u201d sorusu var. Bu t\u00fcylerimi diken diken ediyor. M\u00fchendislik falan se\u00e7tim de haberim mi yok gibi bir duyguya d\u00fc\u015f\u00fcveriyorum. Yazmak bence zevk al\u0131nmas\u0131 gereken bir u\u011fra\u015f. Gen\u00e7, gir\u015fimci isimlere d\u00fcstur demek&#8230; \u201cGiri\u015fimci\u201d iseler belki de ba\u015fka bir meslek se\u00e7seler daha iyi olur. Yazmay\u0131 sevenler i\u00e7inse s\u00f6yleyebilece\u011fim, \u00f6nce yazs\u0131nlar, kendilerini be\u011fenmeden bol bol yazs\u0131nlar&#8230; Sonra fikrine g\u00fcvendikleri birilerine g\u00f6sterebilirler ya da bir yay\u0131nevine g\u00f6nderip en az alt\u0131 ay yay\u0131nevini aramadan ba\u015fka \u015feyler yazmaya devam edebilirler. 6 ay sonra ne mi yaps\u0131nlar? Dosyalar\u0131yla ilgili net bir yan\u0131t almadan telefonu kapamas\u0131nlar. Ama en az\u0131ndan edit\u00f6re 6 ay bir y\u0131l aras\u0131 bir s\u00fcre m\u00fcsaade etmek gerekiyor. Bu \u00f6nemli!<\/p>\n<ul style=\"text-align: justify;\">\n<li><strong>T\u00fcrk fantastik kurgu d\u00fcnyas\u0131na dair ne d\u00fc\u015f\u00fcn\u00fcyorsunuz? Gen\u00e7 ve atik \u00e7ok isim var ama bunlar piyasada \u00e7ok da aktif ve bilinir de\u011filler maalesef&#8230; Bunu nas\u0131l a\u015fabiliriz?<\/strong><\/li>\n<\/ul>\n<p style=\"text-indent: 0.4cm; text-align: justify;\">Bunu, yazanlar i\u00e7in konu\u015fursak, her yaz\u0131lan\u0131n \u00f6ncelikle bir edebiyat \u00fcr\u00fcn\u00fc oldu\u011funu, t\u00fcr\u00fc ne olursa olsun, salt kurgu yapman\u0131n yetmeyece\u011fini, dilin hakk\u0131n\u0131n da verilmesi gerekti\u011fini unutmamak gerekiyor. Ve ikincisi bizdeki okurun kendi co\u011frafyas\u0131nda \u00fcretilen fantastik, bilimkurgu, korku yap\u0131tlar\u0131na dudak b\u00fckmesi refleksi olabilir&#8230; Bunun da a\u015f\u0131lmakta oldu\u011funu d\u00fc\u015f\u00fcn\u00fcyorum. Bu tip s\u0131k\u0131nt\u0131lar\u0131n her zaman en keskin ilac\u0131 iyi yap\u0131tt\u0131r.<\/p>\n<ul style=\"text-align: justify;\">\n<li><strong>Fantazya Derne\u011fi&#8217;nin ilk a\u015famalar\u0131nda en az\u0131ndan toplant\u0131lara gitti\u011finizi biliyorum. (Kayna\u011f\u0131m sa\u011flam! :) ) O ortama dair g\u00f6r\u00fc\u015flerinizi ve derne\u011fin gelecekte nerede olabilece\u011fini, yapabilece\u011fi i\u015flerin sizin zihninizdeki izd\u00fc\u015f\u00fcm\u00fcn\u00fc rica edebilir miyim?<\/strong><\/li>\n<\/ul>\n<p style=\"text-indent: 0.4cm; text-align: justify;\">Dernek resmen kuruldu. \u00dcyeler \u00e7o\u011fu gen\u00e7 yazar arkada\u015flar. Yap\u0131lmas\u0131 gereken \u00e7ok i\u015f var ve herkes k\u0131s\u0131tl\u0131 s\u00fcrelerle katk\u0131da bulunmaya \u00e7al\u0131\u015f\u0131yor. Derne\u011fin en \u00f6nemli i\u015flevinin bizde ge\u00e7mi\u015fte yaz\u0131lm\u0131\u015f ve \u015fimdi yaz\u0131lmakta olan bu t\u00fcrlerdeki nitelikleri yap\u0131tlar\u0131 g\u00f6r\u00fcn\u00fcr k\u0131lmak oldu\u011funu d\u00fc\u015f\u00fcn\u00fcyorum. Bu becerilebilirse baya\u011f\u0131 bir i\u015f ba\u015far\u0131lm\u0131\u015f olacak.<\/p>\n<ul style=\"text-align: justify;\">\n<li><strong>Radikal gibi b\u00fcy\u00fck gazetelerin kitap eklerine kitap ele\u015ftirileri yazd\u0131\u011f\u0131n\u0131z da oluyordu. Bir kitab\u0131 ele\u015ftirirken nelere dikkat etmeliyiz? \u0130yi bir ele\u015ftiri yaz\u0131s\u0131 nas\u0131l olur?<\/strong><\/li>\n<\/ul>\n<p style=\"text-indent: 0.4cm; text-align: justify;\">Radikal Kitap ekine ve birka\u00e7 yere daha yaz\u0131lar yazd\u0131m evet, ancak ele\u015ftiri yaz\u0131lar\u0131 de\u011fildi onlar. Tan\u0131t\u0131m yaz\u0131lar\u0131yd\u0131. Ele\u015ftiri yazmak zor bir u\u011fra\u015f. Bir iki kriter \u00f6ne s\u00fcrerek be\u011fendim be\u011fenmedim demek, yaz\u0131n\u0131z\u0131 ele\u015ftiri yapmaz. \u0130yi bir ele\u015ftiri yaz\u0131s\u0131 nas\u0131l olur&#8230; Her alanda yazabilece\u011finizi d\u00fc\u015f\u00fcnmeden, yazmak i\u00e7in se\u00e7ti\u011finiz alanla ilgili kurmaca, kuram eserleri incelemeden, bunlar \u00fcst\u00fcne uzun uzun d\u00fc\u015f\u00fcnmeden olmaz herhalde. Misal fantastik, bilimkurgu t\u00fcrlerin ele\u015ftirisi yoktur bizde. \u00c7\u00fcnk\u00fc hem kendi birikimimiz hem de yabanc\u0131 edebiyatlardan \u00e7evrilerek T\u00fcrk\u00e7eye kazand\u0131r\u0131lm\u0131\u015f eserler \u00fcst\u00fcne yetkin bir ara\u015ft\u0131rma yoktur.<\/p>\n<ul style=\"text-align: justify;\">\n<li><strong>T\u00fcrkiye&#8217;de kitap sekt\u00f6r\u00fcne dair izlenimleriniz neler? Nas\u0131l kitaplar daha s\u0131k bas\u0131l\u0131yor, nas\u0131l kitaplar daha fazla okunuyor?<\/strong><\/li>\n<\/ul>\n<p style=\"text-indent: 0.4cm; text-align: justify;\">Biraz reklamla do\u011fru orant\u0131l\u0131 gidiyor galiba o daha \u00e7ok okunan daha az okunan kitaplar listesi&#8230; T\u00fcm d\u00fcnyada fantasti\u011fin daha \u00e7ok okudu\u011funu biliyorum. Ba\u015fka pek bir bilgim yok.<\/p>\n<ul style=\"text-align: justify;\">\n<li><strong>Favori be\u015f kitab\u0131n\u0131z\u0131, nedenleriyle rica edebilir miyim?<\/strong><\/li>\n<\/ul>\n<p style=\"text-indent: 0.4cm; text-align: justify;\">\u00d6teden beri biyografi edebiyat\u0131na merakl\u0131 oldum. Bunun bir nedeni de Stefan Zweig\u2019\u0131n \u0130\u015f K\u00fclt\u00fcr Yay\u0131nlar\u0131ndan \u201cD\u00fcnya Fikir Mimarlar\u0131\u201d \u00fcstba\u015fl\u0131\u011f\u0131yla \u00e7\u0131kan \u00fc\u00e7 ciltlik seridir. O \u00fc\u00e7 kitap \u00f6nemlidir benim i\u00e7in, ilk cilt \u00f6zellikle.<\/p>\n<p style=\"text-indent: 0.4cm; text-align: justify;\">Clive Barker\u2019\u0131n \u201cKan Kitaplar\u0131\u201d serisi korku edebiyat\u0131n\u0131n \u00f6zel \u00f6rnekleri aras\u0131nda diye d\u00fc\u015f\u00fcn\u00fcyorum. Barker, edebiyat\u0131n sanat de\u011ferini koruyarak korkun\u00e7 \u00f6yk\u00fcler anlatan biri.<\/p>\n<p style=\"text-indent: 0.4cm; text-align: justify;\">Ursula Le Guin\u2019in hangi kitab\u0131 olsa olur. Fantasti\u011fi onun kadar g\u00fczel felsefeyle birle\u015ftiren yazar pek yok.<br \/>\nPatricia Highsmith\u2019in yine b\u00fct\u00fcn romanlar\u0131&#8230; Birini di\u011ferinden ay\u0131rmak zor zaten. Highsmith s\u0131radan durumlar\u0131n i\u00e7inde dola\u015farak su\u00e7suz hayat olamayaca\u011f\u0131n\u0131 anlat\u0131r.<\/p>\n<p style=\"text-indent: 0.4cm; text-align: justify;\">Son olarak Thomas Hardy\u2019nin \u201cJude the Obscure\u201d roman\u0131 diyeyim. \u00c7e\u015fitli adlarla \u00e7evirileri vard\u0131r bu kitab\u0131n bizde. Hardy erken b\u00fcy\u00fcmeyi ya da \u00e7a\u011f\u0131 i\u00e7in erken d\u00fc\u015f\u00fcncelere sahip olmay\u0131, bunun olas\u0131 bedellerini roman diliyle anlatmakta ula\u015f\u0131lmas\u0131 zor bir ba\u015far\u0131 yakalam\u0131\u015f.<\/p>\n<ul style=\"text-align: justify;\">\n<li><strong>\u00c7ok yo\u011fun oldu\u011funuzu biliyorum, TRT Okul&#8217;a bir k\u00fclt\u00fcr sanat program\u0131nda metin yazar\u0131 olarak dahilsiniz ve ge\u00e7 vakitlere kadar ba\u015fka i\u015flerle de me\u015fgul oluyorsunuz. K\u0131saca metin yazar\u0131 oldu\u011funuz programa dair bilgiler de rica etsem?<\/strong><\/li>\n<\/ul>\n<p style=\"text-indent: 0.4cm; text-align: justify;\">Sanat 2011 program\u0131n ad\u0131. 30 dakikal\u0131k, haftan\u0131n be\u015f g\u00fcn\u00fc ak\u015famlar\u0131 yay\u0131nlanan bir k\u00fclt\u00fcr sanat program\u0131. Sinema, kitap d\u00fcnyas\u0131, plastik sanatlar, festivaller, g\u00f6steriler, konserler, k\u00fclt\u00fcr sanata dair akl\u0131n\u0131za ne geliyorsa hepsine yer verilen ve iyi olsun diye \u00e7ok \u00e7al\u0131\u015f\u0131lan bir program&#8230;<\/p>\n<ul style=\"text-align: justify;\">\n<li><strong>Bu me\u015fguliyete ra\u011fmen bana zaman ay\u0131rd\u0131\u011f\u0131n\u0131z i\u00e7in te\u015fekk\u00fcr ediyorum! Kitap ele\u015ftirilerinizi tekrardan okuyabilmek dile\u011fiyle, \u015fen g\u00fcnler; uzun geceler diliyorum efendim&#8230;<\/strong><\/li>\n<\/ul>\n<p style=\"text-indent: 0.4cm; text-align: justify;\">Te\u015fekk\u00fcr ederim Alper, ben de ilk kitab\u0131n \u201c08.00\u201d i\u00e7in kutlar\u0131m seni. Kay\u0131p R\u0131ht\u0131m ekibine de selamlar, te\u015fekk\u00fcrler.<\/p>\n","protected":false},"excerpt":{"rendered":"<p>Merhabalar! \u00d6ncelikle bu r\u00f6portaj\u0131 Kay\u0131p R\u0131ht\u0131m&#8217;\u0131n D\u00f6rd\u00fcnc\u00fc Y\u0131l \u015eenli\u011fi i\u00e7in yapt\u0131\u011f\u0131m\u0131zdan kelli \u00f6yle giri\u015fmek istedim sorular\u0131ma&#8230; Zaman zaman Kay\u0131p R\u0131ht\u0131m&#8217;a bakt\u0131\u011f\u0131n\u0131z\u0131 biliyorum. En \u00e7ok hangi b\u00f6l\u00fcm ilginizi \u00e7ekiyor? Kay\u0131p R\u0131ht\u0131m&#8217;a dair genel bir g\u00f6r\u00fc\u015f\u00fcn\u00fcz\u00fc alabilir miyim? [stextbox id=&#8221;info&#8221; float=&#8221;true&#8221; align=&#8221;right&#8221;]R\u00d6PORTAJ Alper Kaya [Ar\u015fivi] Yeni haberler&#8230; Stephen King\u2019in Shining\u2019in devam\u0131 olarak yazd\u0131\u011f\u0131 \u201cDr. Sleep\u201d adl\u0131 yeni [&hellip;]<\/p>\n","protected":false},"author":1,"featured_media":0,"parent":1029,"menu_order":0,"comment_status":"open","ping_status":"closed","template":"page2.php","meta":{"_acf_changed":false,"footnotes":""},"class_list":["post-13920","page","type-page","status-publish"],"acf":[],"_links":{"self":[{"href":"https:\/\/www.kayiprihtim.org\/portal\/wp-json\/wp\/v2\/pages\/13920","targetHints":{"allow":["GET"]}}],"collection":[{"href":"https:\/\/www.kayiprihtim.org\/portal\/wp-json\/wp\/v2\/pages"}],"about":[{"href":"https:\/\/www.kayiprihtim.org\/portal\/wp-json\/wp\/v2\/types\/page"}],"author":[{"embeddable":true,"href":"https:\/\/www.kayiprihtim.org\/portal\/wp-json\/wp\/v2\/users\/1"}],"replies":[{"embeddable":true,"href":"https:\/\/www.kayiprihtim.org\/portal\/wp-json\/wp\/v2\/comments?post=13920"}],"version-history":[{"count":0,"href":"https:\/\/www.kayiprihtim.org\/portal\/wp-json\/wp\/v2\/pages\/13920\/revisions"}],"up":[{"embeddable":true,"href":"https:\/\/www.kayiprihtim.org\/portal\/wp-json\/wp\/v2\/pages\/1029"}],"wp:attachment":[{"href":"https:\/\/www.kayiprihtim.org\/portal\/wp-json\/wp\/v2\/media?parent=13920"}],"curies":[{"name":"wp","href":"https:\/\/api.w.org\/{rel}","templated":true}]}}