{"id":15396,"date":"2012-02-08T18:14:56","date_gmt":"2012-02-08T16:14:56","guid":{"rendered":"http:\/\/www.kayiprihtim.org\/portal\/?page_id=15396"},"modified":"2012-02-08T18:14:56","modified_gmt":"2012-02-08T16:14:56","slug":"lumatere-gunlukleri","status":"publish","type":"page","link":"https:\/\/www.kayiprihtim.org\/portal\/kitaplar\/lumatere-gunlukleri\/","title":{"rendered":"Lumatere G\u00fcnl\u00fckleri"},"content":{"rendered":"<table style=\"border: thin outset; border-collapse: collapse; height: 30px; width: 470px;\" border=\"0\" cellpadding=\"2\">\n<tbody>\n<tr>\n<td bgcolor=\"#330000\" width=\"30%\"><span style=\"color: #ffffff;\"><span style=\"font-family: Verdana;\"><strong><a name=\"1\"><\/a>S\u00dcRG\u00dcN KRAL<\/strong><\/span><\/span><\/td>\n<\/tr>\n<\/tbody>\n<\/table>\n<table style=\"border-collapse: collapse; width: 462px; height: 250px;\" border=\"0\" cellspacing=\"0\" cellpadding=\"0\">\n<tbody>\n<tr>\n<td align=\"center\" valign=\"top\" width=\"58%\">\n<table style=\"border-collapse: collapse; width: 315px; height: 248px;\" border=\"0\" cellspacing=\"2\">\n<tbody>\n<tr>\n<td align=\"right\" width=\"100%\">\n<table style=\"width: 310px; height: 88px;\" border=\"0\" cellspacing=\"0\">\n<tbody>\n<tr bgcolor=\"#d1c4a5\">\n<td width=\"39%\"><strong>Yazar<\/strong><\/td>\n<td width=\"3%\">:<\/td>\n<td width=\"51%\"><span style=\"color: #993300;\"><strong>Melina Marchetta<\/strong><\/span><\/td>\n<\/tr>\n<tr bgcolor=\"#e4ddcb\">\n<td><strong>\u00c7eviri<\/strong><\/td>\n<td width=\"3%\">:<\/td>\n<td width=\"51%\">Mert Dengiz<\/td>\n<\/tr>\n<tr bgcolor=\"#d1c4a5\">\n<td width=\"39%\"><strong>\u00d6zg\u00fcn Ad\u0131<\/strong><\/td>\n<td width=\"3%\">:<\/td>\n<td width=\"51%\">Finnikin of the Rock<\/td>\n<\/tr>\n<tr bgcolor=\"#e4ddcb\">\n<td width=\"39%\"><strong>Edit\u00f6r<\/strong><\/td>\n<td width=\"3%\">:<\/td>\n<td width=\"51%\">Eren Abaka<\/td>\n<\/tr>\n<\/tbody>\n<\/table>\n<\/td>\n<\/tr>\n<tr>\n<td style=\"border-style: solid ridge ridge; border-width: 1px; padding-left: 4px; padding-right: 4px;\" bgcolor=\"#c0b18d\" width=\"100%\"><strong><span style=\"font-size: 9pt; font-family: Tahoma;\">Epsilon Yay\u0131nevi<br \/>\n<\/span><\/strong><\/td>\n<\/tr>\n<tr>\n<td align=\"right\" width=\"100%\">\n<table style=\"width: 310px; height: 88px;\" border=\"0\" cellspacing=\"0\">\n<tbody>\n<tr bgcolor=\"#e4ddcb\">\n<td width=\"39%\"><strong>\u00c7\u0131k\u0131\u015f Tarihi<\/strong><\/td>\n<td width=\"3%\">:<\/td>\n<td width=\"51%\">\u015eubat, 2012<\/td>\n<\/tr>\n<tr bgcolor=\"#d1c4a5\">\n<td><strong>Sayfa Say\u0131s\u0131<\/strong><\/td>\n<td width=\"3%\">:<\/td>\n<td width=\"51%\">408<\/td>\n<\/tr>\n<tr bgcolor=\"#e4ddcb\">\n<td width=\"39%\"><strong>Fiyat\u0131<\/strong><\/td>\n<td width=\"3%\">:<\/td>\n<td width=\"51%\">22,00 TL<\/td>\n<\/tr>\n<tr bgcolor=\"#d1c4a5\">\n<td width=\"39%\"><strong>ISBN No<\/strong><\/td>\n<td width=\"3%\">:<\/td>\n<td width=\"51%\">978-9944-82-504-7<\/td>\n<\/tr>\n<\/tbody>\n<\/table>\n<\/td>\n<\/tr>\n<\/tbody>\n<\/table>\n<\/td>\n<td style=\"width: 39%;\" align=\"center\" valign=\"middle\">\n<p style=\"text-align: center;\"><a href=\"https:\/\/www.kayiprihtim.org\/portal\/gorsel\/surgun-kral.jpg\" target=\"_blank\"><img decoding=\"async\" class=\"aligncenter\" src=\"https:\/\/www.kayiprihtim.org\/portal\/gorsel\/surgun-kral.jpg\" alt=\"\" width=\"140\" height=\"219\" border=\"0\" hspace=\"1\"><\/a><\/p>\n<\/td>\n<\/tr>\n<\/tbody>\n<\/table>\n<table style=\"border-collapse: collapse; width: 47%;\" border=\"0\" cellpadding=\"0\">\n<tbody>\n<tr>\n<td width=\"54%\">\n<table style=\"border-collapse: collapse; height: 147px; width: 470px;\" border=\"0\" cellspacing=\"0\" cellpadding=\"2\">\n<tbody>\n<tr>\n<td style=\"border-style: solid ridge ridge; border-width: 1px; padding-left: 4px; padding-right: 4px;\" bgcolor=\"#c0b18d\" width=\"98%\"><strong><span style=\"font-size: 9pt; font-family: Tahoma;\">Tan\u0131t\u0131m Yaz\u0131s\u0131<\/span><\/strong><\/td>\n<\/tr>\n<tr>\n<td align=\"left\" width=\"99%\">\n<table style=\"width: 465px;\" border=\"0\">\n<tbody>\n<tr>\n<td style=\"border-style: outset; border-width: 1px;\" bgcolor=\"#d1c4a5\" width=\"96%\">\n<table style=\"border-collapse: collapse; width: 452px; height: 199px;\" border=\"0\" cellspacing=\"0\" cellpadding=\"5\" bgcolor=\"#d1c4a5\">\n<tbody>\n<tr>\n<td bgcolor=\"#d1c4a5\" width=\"96%\">En g\u00fczel zamanlard\u0131. Krall\u0131k g\u00fcvenli ve bereketli, insanlar mutluydu.<\/p>\n<p>Dokuz ya\u015f\u0131ndaki Finnikin hepsinin parampar\u00e7a oldu\u011funa bizzat \u015fahit oldu.<\/p>\n<p>Kraliyet ailesi \u00f6ld\u00fcr\u00fcld\u00fc. Orman Halk\u0131 katledildi. Finnikin&#8217;in babas\u0131, \u00e7ok sevdi\u011fi e\u015finin idam\u0131 a\u00e7\u0131kland\u0131\u011f\u0131nda hapse at\u0131ld\u0131. Bu katliama \u00f6fkelenen Orman Halk\u0131&#8217;n\u0131n ba\u015fhan\u0131m\u0131 Seranonna, karanl\u0131k bir lanetle Lumatere halk\u0131n\u0131 \u015fehrin duvarlar\u0131 aras\u0131na hapsetti. Her \u015feyden geriye, krall\u0131\u011f\u0131n kap\u0131s\u0131nda kay\u0131p prens Balthazar&#8217;a ait oldu\u011fu farz edilen kanl\u0131 parmak izleri ve lanetten kurtulmay\u0131 ba\u015faranlar\u0131n sefalet i\u00e7erisindeki kamplar\u0131 kald\u0131.<\/p>\n<p>Aradan on koca sene ge\u00e7er&#8230;<\/p>\n<p>Kayal\u0131 Finnikin ve onun ak\u0131l hocas\u0131 S\u00f6r Topher, o me\u015fum lanetten dolay\u0131 \u00e7ok sevdikleri anavatanlar\u0131 Lumatere&#8217;ye on y\u0131ld\u0131r ad\u0131m atamam\u0131\u015flard\u0131r.<\/p>\n<p>Ancak Finnikin, Evanjalin isimli kendini be\u011fenmi\u015f bir gen\u00e7 k\u0131zla tan\u0131\u015f\u0131r. Evanjalin, Lumatere taht\u0131n\u0131n v\u00e2risi olan Prens Balthazar&#8217;\u0131n h\u00e2l\u00e2 hayatta oldu\u011funu iddia etmektedir.<\/p>\n<p>Evanjalin yurtlar\u0131na d\u00f6nmeleri ve kendisinin, onlar\u0131 v\u00e2rise ula\u015ft\u0131racak tek ki\u015fi oldu\u011fu hakk\u0131nda olduk\u00e7a inat\u00e7\u0131d\u0131r. Yolculuklar\u0131 boyunca Finnikin onun bitmez t\u00fckenmez umudundan etkilenir. \u00c7ocukluk arkada\u015f\u0131 olan Prens Balthazar&#8217;\u0131 yeniden g\u00f6rece\u011fine, lanetli halk\u0131n\u0131n tekrar Lumatere&#8217;ye girece\u011fine ve krall\u0131kta hapsolmu\u015f olanlarla birle\u015fece\u011fine inanmaya ba\u015flar. Hatta mahk\u00fbm olan babas\u0131n\u0131 bile bulaca\u011f\u0131n\u0131 ummaya ba\u015flar.<\/p>\n<p>Ancak Evanjalin g\u00f6r\u00fcnd\u00fc\u011f\u00fc gibi biri de\u011fildir. Ve \u015fa\u015f\u0131rt\u0131c\u0131 ger\u00e7ek sadece Finnikin&#8217;in ona olan g\u00fcvenini s\u0131namakla kalmaz, kendi hakk\u0131nda bildiklerini ve kaderini de sorgulamas\u0131na neden olur.<\/td>\n<\/tr>\n<\/tbody>\n<\/table>\n<\/td>\n<\/tr>\n<\/tbody>\n<\/table>\n<\/td>\n<\/tr>\n<\/tbody>\n<\/table>\n<\/td>\n<\/tr>\n<\/tbody>\n<\/table>\n","protected":false},"excerpt":{"rendered":"<p>S\u00dcRG\u00dcN KRAL Yazar : Melina Marchetta \u00c7eviri : Mert Dengiz \u00d6zg\u00fcn Ad\u0131 : Finnikin of the Rock Edit\u00f6r : Eren Abaka Epsilon Yay\u0131nevi \u00c7\u0131k\u0131\u015f Tarihi : \u015eubat, 2012 Sayfa Say\u0131s\u0131 : 408 Fiyat\u0131 : 22,00 TL ISBN No : 978-9944-82-504-7 Tan\u0131t\u0131m Yaz\u0131s\u0131 En g\u00fczel zamanlard\u0131. Krall\u0131k g\u00fcvenli ve bereketli, insanlar mutluydu. Dokuz ya\u015f\u0131ndaki Finnikin hepsinin [&hellip;]<\/p>\n","protected":false},"author":1,"featured_media":0,"parent":57,"menu_order":0,"comment_status":"open","ping_status":"closed","template":"","meta":{"_acf_changed":false,"footnotes":""},"class_list":["post-15396","page","type-page","status-publish"],"acf":[],"_links":{"self":[{"href":"https:\/\/www.kayiprihtim.org\/portal\/wp-json\/wp\/v2\/pages\/15396","targetHints":{"allow":["GET"]}}],"collection":[{"href":"https:\/\/www.kayiprihtim.org\/portal\/wp-json\/wp\/v2\/pages"}],"about":[{"href":"https:\/\/www.kayiprihtim.org\/portal\/wp-json\/wp\/v2\/types\/page"}],"author":[{"embeddable":true,"href":"https:\/\/www.kayiprihtim.org\/portal\/wp-json\/wp\/v2\/users\/1"}],"replies":[{"embeddable":true,"href":"https:\/\/www.kayiprihtim.org\/portal\/wp-json\/wp\/v2\/comments?post=15396"}],"version-history":[{"count":0,"href":"https:\/\/www.kayiprihtim.org\/portal\/wp-json\/wp\/v2\/pages\/15396\/revisions"}],"up":[{"embeddable":true,"href":"https:\/\/www.kayiprihtim.org\/portal\/wp-json\/wp\/v2\/pages\/57"}],"wp:attachment":[{"href":"https:\/\/www.kayiprihtim.org\/portal\/wp-json\/wp\/v2\/media?parent=15396"}],"curies":[{"name":"wp","href":"https:\/\/api.w.org\/{rel}","templated":true}]}}