{"id":16097,"date":"2012-03-14T21:27:33","date_gmt":"2012-03-14T19:27:33","guid":{"rendered":"http:\/\/www.kayiprihtim.org\/portal\/?page_id=16097"},"modified":"2012-03-14T23:24:15","modified_gmt":"2012-03-14T21:24:15","slug":"pembe-mezarlik","status":"publish","type":"page","link":"https:\/\/www.kayiprihtim.org\/portal\/kitaplar\/pembe-mezarlik\/","title":{"rendered":"Pembe Mezarl\u0131k"},"content":{"rendered":"<table style=\"border: thin outset; border-collapse: collapse; height: 30px; width: 470px;\" border=\"0\" cellpadding=\"2\">\n<tbody>\n<tr>\n<td bgcolor=\"#330000\" width=\"30%\"><span style=\"color: #ffffff;\"><span style=\"font-family: Verdana;\"><strong>PEMBE MEZARLIK<\/strong><\/span><\/span><\/td>\n<\/tr>\n<\/tbody>\n<\/table>\n<table style=\"border-collapse: collapse; width: 462px; height: 250px;\" border=\"0\" cellspacing=\"0\" cellpadding=\"0\">\n<tbody>\n<tr>\n<td align=\"center\" valign=\"top\" width=\"58%\">\n<table style=\"border-collapse: collapse; width: 315px; height: 248px;\" border=\"0\" cellspacing=\"2\">\n<tbody>\n<tr>\n<td align=\"right\" width=\"100%\">\n<table style=\"width: 310px; height: 88px;\" border=\"0\" cellspacing=\"0\">\n<tbody>\n<tr bgcolor=\"#d1c4a5\">\n<td width=\"39%\"><strong>Yazar<\/strong><\/td>\n<td width=\"3%\">:<\/td>\n<td width=\"51%\"><span style=\"color: #993300;\"><strong>Can Temiz, \u0130smail T\u00fcrk\u00fcsev<\/strong><\/span><\/td>\n<\/tr>\n<tr bgcolor=\"#e4ddcb\">\n<td><strong>Edit\u00f6r<\/strong><\/td>\n<td width=\"3%\">:<\/td>\n<td width=\"51%\">Ece \u00d6zba\u015f Korkmaz<\/td>\n<\/tr>\n<tr bgcolor=\"#d1c4a5\">\n<td width=\"39%\"><strong>Sayfa Tasar\u0131m\u0131<\/strong><\/td>\n<td width=\"3%\">:<\/td>\n<td width=\"51%\">Atiye Yaprak<\/td>\n<\/tr>\n<tr bgcolor=\"#e4ddcb\">\n<td><strong>Yay\u0131n Y\u00f6netmeni<\/strong><\/td>\n<td width=\"3%\">:<\/td>\n<td width=\"51%\">Nurettin Hac\u0131kurti\u015f<\/td>\n<\/tr>\n<\/tbody>\n<\/table>\n<\/td>\n<\/tr>\n<tr>\n<td style=\"border-style: solid ridge ridge; border-width: 1px; padding-left: 4px; padding-right: 4px;\" bgcolor=\"#c0b18d\" width=\"100%\"><strong><span style=\"font-size: 9pt; font-family: Tahoma;\">Postiga Yay\u0131nlar\u0131<br \/>\n<\/span><\/strong><\/td>\n<\/tr>\n<tr>\n<td align=\"right\" width=\"100%\">\n<table style=\"width: 310px; height: 88px;\" border=\"0\" cellspacing=\"0\">\n<tbody>\n<tr bgcolor=\"#e4ddcb\">\n<td width=\"39%\"><strong>\u00c7\u0131k\u0131\u015f Tarihi<\/strong><\/td>\n<td width=\"3%\">:<\/td>\n<td width=\"51%\">\u015eubat, 2012<\/td>\n<\/tr>\n<tr bgcolor=\"#d1c4a5\">\n<td><strong>Sayfa Say\u0131s\u0131<\/strong><\/td>\n<td width=\"3%\">:<\/td>\n<td width=\"51%\">424<\/td>\n<\/tr>\n<tr bgcolor=\"#e4ddcb\">\n<td width=\"39%\"><strong>Fiyat\u0131<\/strong><\/td>\n<td width=\"3%\">:<\/td>\n<td width=\"51%\">28,00 TL<\/td>\n<\/tr>\n<tr bgcolor=\"#d1c4a5\">\n<td width=\"39%\"><strong>ISBN No<\/strong><\/td>\n<td width=\"3%\">:<\/td>\n<td width=\"51%\">9786055711702<\/td>\n<\/tr>\n<\/tbody>\n<\/table>\n<\/td>\n<\/tr>\n<\/tbody>\n<\/table>\n<\/td>\n<td style=\"width: 39%;\" align=\"center\" valign=\"middle\">\n<p style=\"text-align: center;\"><a href=\"https:\/\/www.kayiprihtim.org\/portal\/gorsel\/pembe-mezarlik.jpg\" target=\"_blank\"><img decoding=\"async\" class=\"aligncenter\" src=\"https:\/\/www.kayiprihtim.org\/portal\/gorsel\/pembe-mezarlik.jpg\" alt=\"\" width=\"140\" height=\"219\" border=\"0\" hspace=\"1\"><\/a><\/p>\n<\/td>\n<\/tr>\n<\/tbody>\n<\/table>\n<table style=\"border-collapse: collapse; width: 47%;\" border=\"0\" cellpadding=\"0\">\n<tbody>\n<tr>\n<td width=\"54%\">\n<table style=\"border-collapse: collapse; height: 147px; width: 470px;\" border=\"0\" cellspacing=\"0\" cellpadding=\"2\">\n<tbody>\n<tr>\n<td style=\"border-style: solid ridge ridge; border-width: 1px; padding-left: 4px; padding-right: 4px;\" bgcolor=\"#c0b18d\" width=\"98%\"><strong><span style=\"font-size: 9pt; font-family: Tahoma;\">Tan\u0131t\u0131m Yaz\u0131s\u0131<\/span><\/strong><\/td>\n<\/tr>\n<tr>\n<td align=\"left\" width=\"99%\">\n<table style=\"width: 465px;\" border=\"0\">\n<tbody>\n<tr>\n<td style=\"border-style: outset; border-width: 1px;\" bgcolor=\"#d1c4a5\" width=\"96%\">\n<table style=\"border-collapse: collapse; width: 452px; height: 199px;\" border=\"0\" cellspacing=\"0\" cellpadding=\"5\" bgcolor=\"#d1c4a5\">\n<tbody>\n<tr>\n<td bgcolor=\"#d1c4a5\" width=\"96%\">\n<p style=\"text-align: left;\">Model Grubu \u00dcyesi S\u00f6z Yazar\u0131 ve Bestecisi Can Temiz ve Arkada\u015f\u0131 \u0130smail T\u00fcrk\u00fcsev&#8217;den \u00c7arp\u0131c\u0131 Bir Roman &#8220;Pembe Mezarl\u0131k&#8221;<\/p>\n<p style=\"text-align: left;\">Bu olduk\u00e7a s\u0131radan bir hikaye. Tarih boyunca g\u00f6r\u00fclm\u00fc\u015f olanlar\u0131n en s\u0131radan\u0131. Neredeyse hi\u00e7bir s\u00fcrprizi veyahut fevkalade taraf\u0131 yok. \u00c7ok s\u0131radan iki insan\u0131n biraz kar\u0131\u015f\u0131k a\u015fk hikayesi&#8230;<\/p>\n<p style=\"text-align: left;\">Ku\u015fkusuz ki merak edilecek tek \u015fey, b\u00f6ylesi al\u0131\u015f\u0131lagelmi\u015f bir a\u015fk hikayesinin nas\u0131l olup da, insan yiyen dev tav\u015fanlar\u0131n, tek tekerlekli bisikletler s\u00fcren iskeletlerin, \u015fekerden yap\u0131lm\u0131\u015f tabutlar\u0131nda ya\u015fayan geyik ba\u015fl\u0131 veya kurba\u011fa bacakl\u0131 cesetlerin, \u00e7ikolata gayzerlerinden enerji elde eden t\u00fcrbinlerin, sadist \u00f6l\u00fcm perilerinin, yar\u0131s\u0131 olmayan adamlar\u0131n olduk\u00e7a s\u0131radan kar\u015f\u0131land\u0131\u011f\u0131 bir hikayeye d\u00f6n\u00fc\u015ft\u00fc\u011f\u00fc.<\/p>\n<p style=\"text-align: left;\">Her neyse&#8230;<\/p>\n<p style=\"text-align: left;\">Her \u015feye ra\u011fmen bu yine de olduk\u00e7a s\u0131radan bir hikaye.<br \/>\n\u015eimdilik&#8230;<\/p>\n<\/td>\n<\/tr>\n<\/tbody>\n<\/table>\n<\/td>\n<\/tr>\n<\/tbody>\n<\/table>\n<\/td>\n<\/tr>\n<\/tbody>\n<\/table>\n<\/td>\n<\/tr>\n<\/tbody>\n<\/table>\n","protected":false},"excerpt":{"rendered":"<p>PEMBE MEZARLIK Yazar : Can Temiz, \u0130smail T\u00fcrk\u00fcsev Edit\u00f6r : Ece \u00d6zba\u015f Korkmaz Sayfa Tasar\u0131m\u0131 : Atiye Yaprak Yay\u0131n Y\u00f6netmeni : Nurettin Hac\u0131kurti\u015f Postiga Yay\u0131nlar\u0131 \u00c7\u0131k\u0131\u015f Tarihi : \u015eubat, 2012 Sayfa Say\u0131s\u0131 : 424 Fiyat\u0131 : 28,00 TL ISBN No : 9786055711702 Tan\u0131t\u0131m Yaz\u0131s\u0131 Model Grubu \u00dcyesi S\u00f6z Yazar\u0131 ve Bestecisi Can Temiz ve Arkada\u015f\u0131 [&hellip;]<\/p>\n","protected":false},"author":1,"featured_media":0,"parent":57,"menu_order":0,"comment_status":"open","ping_status":"closed","template":"","meta":{"_acf_changed":false,"footnotes":""},"class_list":["post-16097","page","type-page","status-publish"],"acf":[],"_links":{"self":[{"href":"https:\/\/www.kayiprihtim.org\/portal\/wp-json\/wp\/v2\/pages\/16097","targetHints":{"allow":["GET"]}}],"collection":[{"href":"https:\/\/www.kayiprihtim.org\/portal\/wp-json\/wp\/v2\/pages"}],"about":[{"href":"https:\/\/www.kayiprihtim.org\/portal\/wp-json\/wp\/v2\/types\/page"}],"author":[{"embeddable":true,"href":"https:\/\/www.kayiprihtim.org\/portal\/wp-json\/wp\/v2\/users\/1"}],"replies":[{"embeddable":true,"href":"https:\/\/www.kayiprihtim.org\/portal\/wp-json\/wp\/v2\/comments?post=16097"}],"version-history":[{"count":0,"href":"https:\/\/www.kayiprihtim.org\/portal\/wp-json\/wp\/v2\/pages\/16097\/revisions"}],"up":[{"embeddable":true,"href":"https:\/\/www.kayiprihtim.org\/portal\/wp-json\/wp\/v2\/pages\/57"}],"wp:attachment":[{"href":"https:\/\/www.kayiprihtim.org\/portal\/wp-json\/wp\/v2\/media?parent=16097"}],"curies":[{"name":"wp","href":"https:\/\/api.w.org\/{rel}","templated":true}]}}