{"id":18120,"date":"2012-07-17T19:19:53","date_gmt":"2012-07-17T16:19:53","guid":{"rendered":"http:\/\/www.kayiprihtim.org\/portal\/?page_id=18120"},"modified":"2012-07-17T19:19:53","modified_gmt":"2012-07-17T16:19:53","slug":"geceyle-gelen","status":"publish","type":"page","link":"https:\/\/www.kayiprihtim.org\/portal\/kitaplar\/geceyle-gelen\/","title":{"rendered":"Geceyle Gelen"},"content":{"rendered":"<table style=\"border: thin outset; border-collapse: collapse; height: 30px; width: 470px;\" border=\"0\" cellpadding=\"2\">\n<tbody>\n<tr>\n<td bgcolor=\"#330000\" width=\"30%\"><span style=\"color: #ffffff;\"><span style=\"font-family: Verdana;\"><strong>GECEYLE GELEN<\/strong><\/span><\/span><\/td>\n<\/tr>\n<\/tbody>\n<\/table>\n<table style=\"border-collapse: collapse; width: 462px; height: 250px;\" border=\"0\" cellspacing=\"0\" cellpadding=\"0\">\n<tbody>\n<tr>\n<td align=\"center\" valign=\"top\" width=\"58%\">\n<table style=\"border-collapse: collapse; width: 315px; height: 248px;\" border=\"0\" cellspacing=\"2\">\n<tbody>\n<tr>\n<td align=\"right\" width=\"100%\">\n<table style=\"width: 310px; height: 88px;\" border=\"0\" cellspacing=\"0\">\n<tbody>\n<tr bgcolor=\"#d1c4a5\">\n<td width=\"39%\"><strong>Yazar<\/strong><\/td>\n<td width=\"3%\">:<\/td>\n<td width=\"51%\">A\u015fk\u0131n G\u00fcng\u00f6r<\/td>\n<\/tr>\n<tr bgcolor=\"#e4ddcb\">\n<td><strong><strong>Edit\u00f6r<\/strong><\/strong><\/td>\n<td width=\"3%\">:<\/td>\n<td width=\"51%\">&#8211;<\/td>\n<\/tr>\n<tr bgcolor=\"#d1c4a5\">\n<td width=\"39%\"><strong>\u00d6zg\u00fcn Ad\u0131<\/strong><\/td>\n<td width=\"3%\">:<\/td>\n<td width=\"51%\">A\u015fk\u0131n G\u00fcng\u00f6r<\/td>\n<\/tr>\n<tr bgcolor=\"#e4ddcb\">\n<td width=\"39%\"><strong>Ebat<\/strong><\/td>\n<td width=\"3%\">:<\/td>\n<td width=\"51%\">Ciltsiz | 14 x 21 cm<\/td>\n<\/tr>\n<\/tbody>\n<\/table>\n<\/td>\n<\/tr>\n<tr>\n<td style=\"border-style: solid ridge ridge; border-width: 1px; padding-left: 4px; padding-right: 4px;\" bgcolor=\"#c0b18d\" width=\"100%\"><strong><span style=\"font-size: 9pt; font-family: Tahoma;\">Crea Kitap<br \/>\n<\/span><\/strong><\/td>\n<\/tr>\n<tr>\n<td align=\"right\" width=\"100%\">\n<table style=\"width: 310px; height: 88px;\" border=\"0\" cellspacing=\"0\">\n<tbody>\n<tr bgcolor=\"#e4ddcb\">\n<td width=\"39%\"><strong>\u00c7\u0131k\u0131\u015f Tarihi<\/strong><\/td>\n<td width=\"3%\">:<\/td>\n<td width=\"51%\">Mart, 2008<\/td>\n<\/tr>\n<tr bgcolor=\"#d1c4a5\">\n<td><strong>Sayfa Say\u0131s\u0131<\/strong><\/td>\n<td width=\"3%\">:<\/td>\n<td width=\"51%\">176<\/td>\n<\/tr>\n<tr bgcolor=\"#e4ddcb\">\n<td width=\"39%\"><strong>Fiyat\u0131<\/strong><\/td>\n<td width=\"3%\">:<\/td>\n<td width=\"51%\">8,00 TL<\/td>\n<\/tr>\n<tr bgcolor=\"#d1c4a5\">\n<td width=\"39%\"><strong>ISBN No<\/strong><\/td>\n<td width=\"3%\">:<\/td>\n<td width=\"51%\">9786050056044<\/td>\n<\/tr>\n<\/tbody>\n<\/table>\n<\/td>\n<\/tr>\n<\/tbody>\n<\/table>\n<\/td>\n<td style=\"width: 39%;\" align=\"center\" valign=\"middle\">\n<p style=\"text-align: center;\"><a href=\"https:\/\/www.kayiprihtim.org\/portal\/gorsel\/Geceyle-Gelen.jpg\" target=\"_blank\"><img decoding=\"async\" class=\"aligncenter\" src=\"https:\/\/www.kayiprihtim.org\/portal\/gorsel\/Geceyle-Gelen-192x300.jpg\" alt=\"\" width=\"140\" height=\"219\" border=\"0\" hspace=\"1\"><\/a><\/p>\n<\/td>\n<\/tr>\n<\/tbody>\n<\/table>\n<table style=\"border-collapse: collapse; width: 47%;\" border=\"0\" cellpadding=\"0\">\n<tbody>\n<tr>\n<td width=\"54%\">\n<table style=\"border-collapse: collapse; height: 147px; width: 470px;\" border=\"0\" cellspacing=\"0\" cellpadding=\"2\">\n<tbody>\n<tr>\n<td style=\"border-style: solid ridge ridge; border-width: 1px; padding-left: 4px; padding-right: 4px;\" bgcolor=\"#c0b18d\" width=\"98%\"><strong><span style=\"font-size: 9pt; font-family: Tahoma;\">Tan\u0131t\u0131m Yaz\u0131s\u0131<\/span><\/strong><\/td>\n<\/tr>\n<tr>\n<td align=\"left\" width=\"99%\">\n<table style=\"width: 465px;\" border=\"0\">\n<tbody>\n<tr>\n<td style=\"border-style: outset; border-width: 1px;\" bgcolor=\"#d1c4a5\" width=\"96%\">\n<table style=\"border-collapse: collapse; width: 452px; height: 199px;\" border=\"0\" cellspacing=\"0\" cellpadding=\"5\" bgcolor=\"#d1c4a5\">\n<tbody>\n<tr>\n<td bgcolor=\"#d1c4a5\" width=\"96%\">\n<div>\n<div>\n<p>Zaman\u0131n bitti\u011fi noktada\u2026 nas\u0131l desem\u2026 hani maddenin, kendisini var\u00a0eden boyutlar\u0131 birer giysi\u00a0gibi d\u00f6k\u00fcn\u00fcp soyut olman\u0131n hazz\u0131na vak\u0131f olarak sonsuzcas\u0131na uzad\u0131\u011f\u0131 yerde\u2026 hani yedinin, dokuzun ve k\u0131rk\u0131n birer\u00a0rakam olmaktan \u00e7\u0131k\u0131p hikmeti kendinden menkul felsefelere d\u00f6n\u00fc\u015ft\u00fc\u011f\u00fc topraklarda\u2026 ve hani g\u00fcn\u00fcn geceye \u00f6zg\u00fc renkler ile g\u00f6lgeleri y\u0131ld\u0131z tozundan dokunma bir \u015fal gibi \u00f6rt\u00fcnd\u00fc\u011f\u00fc mekanlarda\u2026 iki adam\u0131n konu\u015ftu\u011funu g\u00f6rd\u00fcm.<\/p>\n<p>Biri \u00f6l\u00fcyd\u00fc, di\u011feri ya\u015f\u0131yordu ve \u00f6l\u00fc adam ya\u015fayana \u015f\u00f6yle diyordu:<\/p>\n<p>\u201cBir kad\u0131n\u0131n kararan kalbinde senin i\u00e7in yanaduran bir yer varsa, i\u015fte o zaman bittin demektir.\u201d<\/p>\n<p>S\u00f6z konusu kad\u0131n geceleri geliyordu. Geliyor ve gitmiyor, buna kar\u015f\u0131n her gece yeniden gelmeyi ba\u015far\u0131yordu. \u00c7o\u011fald\u0131k\u00e7a \u00e7o\u011falm\u0131\u015f, adam\u0131n ruhuna sirayet etmi\u015fti.<\/p>\n<p>\u00d6l\u00fc adam bu \u00e7o\u011fald\u0131k\u00e7a \u00e7o\u011falan kad\u0131ndan kurtulmak istiyordu. Ah Tanr\u0131m, \u00e7ok istiyordu.<\/p>\n<p>Bunu ba\u015farmak i\u00e7in \u00f6l\u00fc adamla ya\u015fayan adam \u00f6yk\u00fcler anlat\u0131yordu. \u0130\u015f ki kad\u0131n o \u00f6yk\u00fclerin birinde kendini bulsun da bir metafora kap\u0131l\u0131p karanl\u0131\u011f\u0131n\u0131n i\u00e7inde kaybolsun.<\/p>\n<p>Gizlendi\u011fim k\u00f6\u015fede onlar\u0131 dinledim. Hayata dair, \u00f6l\u00fcme dair, a\u015fka dair, ayr\u0131l\u0131\u011fa dair, cennet ve cehenneme dair \u00e7ok \u015fey \u00f6\u011frendim. Size bunlar\u0131 anlataca\u011f\u0131m.<\/p>\n<p>Merak etti\u011finiz o kadar \u00e7ok \u015fey var ki \u00f6\u011frendiklerimi anlatmam a\u00e7l\u0131\u011f\u0131n\u0131z\u0131 artt\u0131rmaktan ba\u015fka i\u015fe yaramayacak. Yine de durmayaca\u011f\u0131m. \u00c7\u00fcnk\u00fc bunlar\u0131 ta\u015f\u0131maya devam edersem beynim patlayacak.<\/p>\n<\/div>\n<\/div>\n<\/td>\n<\/tr>\n<\/tbody>\n<\/table>\n<\/td>\n<\/tr>\n<\/tbody>\n<\/table>\n<\/td>\n<\/tr>\n<\/tbody>\n<\/table>\n<\/td>\n<\/tr>\n<\/tbody>\n<\/table>\n","protected":false},"excerpt":{"rendered":"<p>GECEYLE GELEN Yazar : A\u015fk\u0131n G\u00fcng\u00f6r Edit\u00f6r : &#8211; \u00d6zg\u00fcn Ad\u0131 : A\u015fk\u0131n G\u00fcng\u00f6r Ebat : Ciltsiz | 14 x 21 cm Crea Kitap \u00c7\u0131k\u0131\u015f Tarihi : Mart, 2008 Sayfa Say\u0131s\u0131 : 176 Fiyat\u0131 : 8,00 TL ISBN No : 9786050056044 Tan\u0131t\u0131m Yaz\u0131s\u0131 Zaman\u0131n bitti\u011fi noktada\u2026 nas\u0131l desem\u2026 hani maddenin, kendisini var\u00a0eden boyutlar\u0131 birer giysi\u00a0gibi [&hellip;]<\/p>\n","protected":false},"author":1,"featured_media":0,"parent":57,"menu_order":0,"comment_status":"open","ping_status":"closed","template":"","meta":{"_acf_changed":false,"footnotes":""},"class_list":["post-18120","page","type-page","status-publish"],"acf":[],"_links":{"self":[{"href":"https:\/\/www.kayiprihtim.org\/portal\/wp-json\/wp\/v2\/pages\/18120","targetHints":{"allow":["GET"]}}],"collection":[{"href":"https:\/\/www.kayiprihtim.org\/portal\/wp-json\/wp\/v2\/pages"}],"about":[{"href":"https:\/\/www.kayiprihtim.org\/portal\/wp-json\/wp\/v2\/types\/page"}],"author":[{"embeddable":true,"href":"https:\/\/www.kayiprihtim.org\/portal\/wp-json\/wp\/v2\/users\/1"}],"replies":[{"embeddable":true,"href":"https:\/\/www.kayiprihtim.org\/portal\/wp-json\/wp\/v2\/comments?post=18120"}],"version-history":[{"count":0,"href":"https:\/\/www.kayiprihtim.org\/portal\/wp-json\/wp\/v2\/pages\/18120\/revisions"}],"up":[{"embeddable":true,"href":"https:\/\/www.kayiprihtim.org\/portal\/wp-json\/wp\/v2\/pages\/57"}],"wp:attachment":[{"href":"https:\/\/www.kayiprihtim.org\/portal\/wp-json\/wp\/v2\/media?parent=18120"}],"curies":[{"name":"wp","href":"https:\/\/api.w.org\/{rel}","templated":true}]}}