{"id":19009,"date":"2012-08-03T13:58:21","date_gmt":"2012-08-03T10:58:21","guid":{"rendered":"http:\/\/www.kayiprihtim.org\/portal\/?post_type=yazar&#038;p=19009"},"modified":"2016-05-26T06:35:33","modified_gmt":"2016-05-26T03:35:33","slug":"isaac-asimov","status":"publish","type":"page","link":"https:\/\/www.kayiprihtim.org\/portal\/projeler\/biz-bunu-istiyoruz\/biz-bunu-istiyoruz-2-5-robot-serisi\/isaac-asimov\/","title":{"rendered":"Isaac Asimov"},"content":{"rendered":"<p style=\"text-align: center;\"><img fetchpriority=\"high\" decoding=\"async\" class=\"aligncenter size-full wp-image-31556\" src=\"https:\/\/www.kayiprihtim.org\/portal\/gorsel\/isaac-asimov.jpg\" alt=\"\" width=\"467\" height=\"272\" srcset=\"https:\/\/www.kayiprihtim.org\/portal\/gorsel\/isaac-asimov.jpg 467w, https:\/\/www.kayiprihtim.org\/portal\/gorsel\/isaac-asimov-300x174.jpg 300w\" sizes=\"(max-width: 467px) 100vw, 467px\" \/><\/p>\n<p>Rus as\u0131ll\u0131 amerikan bilimkurgu yazar\u0131. 1920 de Moskova\u2019ya 400 kilometre uzakl\u0131kta yer alan bir Rus \u015fehri olan Petrovichi\u2019 de d\u00fcnyaya geldi. \u00dc\u00e7 ya\u015f\u0131ndayken ailesiyle Amerika\u2019ya g\u00f6\u00e7 eden Asimov, hayat\u0131 boyunca burada ya\u015fam\u0131\u015ft\u0131r.<\/p>\n<p>Tarihin \u00fc\u00e7 b\u00fcy\u00fck bilimkurgu yazar\u0131ndan biri olarak kabul edilen Asimov\u2019un, yazd\u0131\u011f\u0131 veya edit\u00f6rl\u00fc\u011f\u00fcn\u00fc yapt\u0131\u011f\u0131 toplam 500 den fazla kitap ve 90000 den fazla mektup bulundu\u011fu bilinmektedir. Bu yay\u0131nlar\u0131n yelpazesi Felsefe\u2019den Biyokimya\u2019ya, Psikoloji\u2019den Fizik\u2019e bir\u00e7ok bilimsel kitab\u0131n yan\u0131 s\u0131ra, Bilimkurgu ve Polisiye dal\u0131nda verdi\u011fi edebi eserleri de kapsamaktad\u0131r.<\/p>\n<p>Bu kadar b\u00fcy\u00fck bir \u00e7e\u015fitlilik arzeden yaz\u0131lar\u0131 Kurt Vonnegut\u2019un \u201cHer\u015feyi bilmek nas\u0131l bir his?\u201d sorusunu sormas\u0131na sebep olmu\u015ftur. Gen\u00e7 ya\u015f\u0131nda yazd\u0131\u011f\u0131 bilimkurgu eserleri Amerika i\u00e7inde ve d\u0131\u015f\u0131nda b\u00fcy\u00fck bir yank\u0131 uyand\u0131rm\u0131\u015f, \u00f6zellikle 21 ya\u015f\u0131ndayken ba\u015flam\u0131\u015f oldu\u011fu Vak\u0131f serisi, \u00f6l\u00fcms\u00fcz bilimkurgu eserleri aras\u0131ndaki yerini alm\u0131\u015ft\u0131r.<\/p>\n","protected":false},"excerpt":{"rendered":"<p>Rus as\u0131ll\u0131 amerikan bilimkurgu yazar\u0131. 1920 de Moskova\u2019ya 400 kilometre uzakl\u0131kta yer alan bir Rus \u015fehri olan Petrovichi\u2019 de d\u00fcnyaya geldi. \u00dc\u00e7 ya\u015f\u0131ndayken ailesiyle Amerika\u2019ya g\u00f6\u00e7 eden Asimov, hayat\u0131 boyunca burada ya\u015fam\u0131\u015ft\u0131r. Tarihin \u00fc\u00e7 b\u00fcy\u00fck bilimkurgu yazar\u0131ndan biri olarak kabul edilen Asimov\u2019un, yazd\u0131\u011f\u0131 veya edit\u00f6rl\u00fc\u011f\u00fcn\u00fc yapt\u0131\u011f\u0131 toplam 500 den fazla kitap ve 90000 den fazla [&hellip;]<\/p>\n","protected":false},"author":1,"featured_media":31556,"parent":34840,"menu_order":0,"comment_status":"open","ping_status":"closed","template":"","meta":{"_acf_changed":false,"footnotes":""},"class_list":["post-19009","page","type-page","status-publish","has-post-thumbnail"],"acf":[],"_links":{"self":[{"href":"https:\/\/www.kayiprihtim.org\/portal\/wp-json\/wp\/v2\/pages\/19009","targetHints":{"allow":["GET"]}}],"collection":[{"href":"https:\/\/www.kayiprihtim.org\/portal\/wp-json\/wp\/v2\/pages"}],"about":[{"href":"https:\/\/www.kayiprihtim.org\/portal\/wp-json\/wp\/v2\/types\/page"}],"author":[{"embeddable":true,"href":"https:\/\/www.kayiprihtim.org\/portal\/wp-json\/wp\/v2\/users\/1"}],"replies":[{"embeddable":true,"href":"https:\/\/www.kayiprihtim.org\/portal\/wp-json\/wp\/v2\/comments?post=19009"}],"version-history":[{"count":0,"href":"https:\/\/www.kayiprihtim.org\/portal\/wp-json\/wp\/v2\/pages\/19009\/revisions"}],"up":[{"embeddable":true,"href":"https:\/\/www.kayiprihtim.org\/portal\/wp-json\/wp\/v2\/pages\/34840"}],"wp:featuredmedia":[{"embeddable":true,"href":"https:\/\/www.kayiprihtim.org\/portal\/wp-json\/wp\/v2\/media\/31556"}],"wp:attachment":[{"href":"https:\/\/www.kayiprihtim.org\/portal\/wp-json\/wp\/v2\/media?parent=19009"}],"curies":[{"name":"wp","href":"https:\/\/api.w.org\/{rel}","templated":true}]}}