{"id":21850,"date":"2012-08-30T20:47:47","date_gmt":"2012-08-30T17:47:47","guid":{"rendered":"http:\/\/www.kayiprihtim.org\/portal\/?page_id=21850"},"modified":"2012-10-23T14:36:01","modified_gmt":"2012-10-23T11:36:01","slug":"mumkun-olanin-sinirlari-bolum-1","status":"publish","type":"page","link":"https:\/\/www.kayiprihtim.org\/portal\/projeler\/the-witcher-kaderin-kilici-mumkun-olanin-sinirlari\/mumkun-olanin-sinirlari-bolum-1\/","title":{"rendered":"M\u00fcmk\u00fcn Olan\u0131n S\u0131n\u0131rlar\u0131 &#8211; B\u00f6l\u00fcm 1"},"content":{"rendered":"<p style=\"text-align: center;\"><img fetchpriority=\"high\" decoding=\"async\" class=\"aligncenter size-full wp-image-21861\" style=\"border: 0px none;\" src=\"https:\/\/www.kayiprihtim.org\/portal\/gorsel\/mumkun-olanin-sinirlari-bolum-i.jpg\" alt=\"\" width=\"650\" height=\"100\" srcset=\"https:\/\/www.kayiprihtim.org\/portal\/gorsel\/mumkun-olanin-sinirlari-bolum-i.jpg 650w, https:\/\/www.kayiprihtim.org\/portal\/gorsel\/mumkun-olanin-sinirlari-bolum-i-300x46.jpg 300w\" sizes=\"(max-width: 650px) 100vw, 650px\" \/><\/p>\n<table style=\"width: 650px;\" border=\"0\" align=\"center\">\n<tbody>\n<tr>\n<td style=\"padding: 5px; width: 550px;\">\n<p style=\"text-indent: 0.4cm; text-align: justify;\"><span style=\"font-family: Segoe UI,helvetica,sans-serif; font-size: medium;\">&#8220;Size s\u00f6yl\u00fcyorum, oradan \u00e7\u0131kaca\u011f\u0131 yok!\u2019\u2019 diye ilan etti y\u00fcz\u00fc sivilceli adam. Durumu nihayetine kavu\u015fturmu\u015f\u00e7as\u0131na ba\u015f\u0131n\u0131 sall\u0131yordu. &#8220;\u0130\u00e7eri gireli bir saatten fazla oldu. \u0130\u015fi bitmi\u015ftir.&#8221;<\/span><\/p>\n<p style=\"text-indent: 0.4cm; text-align: justify;\"><span style=\"font-family: Segoe UI,helvetica,sans-serif; font-size: medium;\">Kasaba halk\u0131, harabe y\u0131\u011f\u0131n\u0131n\u0131n aras\u0131nda bir araya gelmi\u015f, t\u00fcnelin giri\u015fi olan a\u00e7\u0131k karanl\u0131k deli\u011fi s\u00fck\u00fbnetle izliyordu. Sar\u0131 \u00f6nl\u00fck giyen \u015fi\u015fman bir adam a\u011f\u0131rl\u0131\u011f\u0131n\u0131 bir aya\u011f\u0131ndan \u00f6b\u00fcr\u00fcne verdi ve bo\u011faz\u0131n\u0131 temizleyip k\u0131r\u0131\u015fm\u0131\u015f kasketini ba\u015f\u0131ndan \u00e7\u0131kard\u0131. &#8220;Biraz daha beklemek zorunday\u0131z,&#8221; dedi seyrek ka\u015flar\u0131ndaki teri silerek.<\/span><\/p>\n<p style=\"text-indent: 0.4cm; text-align: justify;\"><span style=\"font-family: Segoe UI,helvetica,sans-serif; font-size: medium;\">&#8220;Niye bekliyoruz?&#8221; diye s\u00f6ylendi sivilceli. &#8220;Bu ma\u011faralarda bir Basilikos gizleniyor yoksa unuttun mu, kaymakam? Oraya kim girerse sonu gelmi\u015f demektir. Orada \u015fimdiye kadar ka\u00e7 ki\u015finin \u00f6ld\u00fc\u011f\u00fcn\u00fc hat\u0131rlam\u0131yor musun? Neyi bekliyoruz?&#8221;<\/span><\/p>\n<p style=\"text-indent: 0.4cm; text-align: justify;\"><span style=\"font-family: Segoe UI,helvetica,sans-serif; font-size: medium;\">&#8220;Anla\u015fma buydu de\u011fil mi?&#8221; diye m\u0131r\u0131ldand\u0131 \u015fi\u015fman adam kendinden emin olamayarak.<\/span><\/p>\n<p style=\"text-indent: 0.4cm; text-align: justify;\"><span style=\"font-family: Segoe UI,helvetica,sans-serif; font-size: medium;\">&#8220;O anla\u015fmay\u0131 ya\u015fayan bir adamla yapm\u0131\u015ft\u0131n,&#8221; dedi sivilcelinin arkada\u015f\u0131, \u00fcst\u00fcnde deriden kasap \u00f6nl\u00fc\u011f\u00fc olan dev biriydi. &#8220;O \u015fimdi \u00f6ld\u00fc, g\u00f6kte parlayan g\u00fcne\u015f kadar a\u00e7\u0131k bu. Ba\u015f\u0131ndan beri, ayn\u0131 ondan \u00f6ncekiler gibi \u00f6l\u00fcm\u00fcne do\u011fru y\u00fcr\u00fcd\u00fc\u011f\u00fc belliydi. Yan\u0131na bir ayna dahi almad\u0131, sadece bir k\u0131l\u0131\u00e7&#8230; Herkes bir Basilikos \u00f6ld\u00fcrmek i\u00e7in aynaya ihtiya\u00e7 oldu\u011funu bilir.&#8221;<\/span><\/p>\n<p style=\"text-indent: 0.4cm; text-align: justify;\"><span style=\"font-family: Segoe UI,helvetica,sans-serif; font-size: medium;\">&#8220;En az\u0131ndan param\u0131z bize kald\u0131,&#8221; diye ekledi sivilceli. &#8220;Basilikos\u2019u \u00f6ld\u00fcrmesi i\u00e7in para \u00f6denecek kimse kalmad\u0131. Sen eve gitsen de olur. B\u00fcy\u00fcc\u00fcn\u00fcn at\u0131n\u0131n ve e\u015fyalar\u0131n\u0131n. bo\u015fa gitmeleri yaz\u0131k olurdu.&#8221;<\/span><\/p>\n<p style=\"text-indent: 0.4cm; text-align: justify;\"><span style=\"font-family: Segoe UI,helvetica,sans-serif; font-size: medium;\">&#8220;Evet,&#8221; dedi kasap. &#8220;Gayet g\u00fczel ihtiyar bir k\u0131srak bu ve eyer \u00e7antalar\u0131 da doluymu\u015f. Hadi bir bakal\u0131m.&#8221;<\/span><\/p>\n<p style=\"text-indent: 0.4cm; text-align: justify;\"><span style=\"font-family: Segoe UI,helvetica,sans-serif; font-size: medium;\">&#8220;Ne yap\u0131yorsunuz?&#8221;<\/span><\/p>\n<p style=\"text-indent: 0.4cm; text-align: justify;\"><span style=\"font-family: Segoe UI,helvetica,sans-serif; font-size: medium;\">&#8220;Kes sesini kaymakam. E\u011fer surat\u0131na yumruk yemeyi istemiyorsan i\u015fimize kar\u0131\u015fma,&#8221; diye tehdit etti sivilceli adam.<\/span><\/p>\n<p style=\"text-indent: 0.4cm; text-align: justify;\"><span style=\"font-family: Segoe UI,helvetica,sans-serif; font-size: medium;\">&#8220;G\u00fczel ihtiyar bir k\u0131srak,&#8221; diye tekrarlad\u0131 kasap.<\/span><\/p>\n<p style=\"text-indent: 0.4cm; text-align: justify;\"><span style=\"font-family: Segoe UI,helvetica,sans-serif; font-size: medium;\">&#8220;At\u0131 b\u0131rak, hayat\u0131m.&#8221;<\/span><\/p>\n<p style=\"text-indent: 0.4cm; text-align: justify;\"><span style=\"font-family: Segoe UI,helvetica,sans-serif; font-size: medium;\">Kasap, toplanm\u0131\u015f kalabal\u0131\u011f\u0131n hemen arkas\u0131ndaki y\u0131k\u0131lm\u0131\u015f duvar\u0131n yan\u0131nda ans\u0131z\u0131n beliren yabanc\u0131ya do\u011fru yava\u015f\u00e7a d\u00f6nd\u00fc. Adam\u0131n kabarm\u0131\u015f, k\u0131v\u0131rc\u0131k, kahverengi sa\u00e7lar\u0131 vard\u0131. Koyu kestane rengi tunik \u00fczerine \u015fi\u015fkin pamuklu bir ceket ve uzun binici \u00e7izmeleri giymi\u015fti. Silahs\u0131zd\u0131.<\/span><\/p>\n<p style=\"text-indent: 0.4cm; text-align: justify;\"><span style=\"font-family: Segoe UI,helvetica,sans-serif; font-size: medium;\">&#8220;Attan uzakla\u015f\u0131n,&#8221; diye tekrar etti tehlikeli bir g\u00fcl\u00fcmsemeyle. &#8220;Bakal\u0131m burada nelerimiz varm\u0131\u015f? Bir ba\u015fkas\u0131na ait bir at ve eyer \u00e7antalar\u0131&#8230; Buna ra\u011fmen onlara a\u00e7g\u00f6zl\u00fcl\u00fckle bak\u0131p pen\u00e7elerinizle t\u0131rnakl\u0131yorsunuz. Bu onurlu bir \u015fey mi?&#8221;<\/span><\/p>\n<p style=\"text-indent: 0.4cm; text-align: justify;\"><span style=\"font-family: Segoe UI,helvetica,sans-serif; font-size: medium;\">Sivilceli yava\u015f\u00e7a paltosunun i\u00e7ine bir elini soktu ve yan\u0131ndaki kasaba bir bak\u0131\u015f att\u0131. Kasap, kalabal\u0131\u011fa do\u011fru ba\u015f\u0131yla bir i\u015faret verince iki tane heybetli, \u00e7ok k\u0131sa sa\u00e7l\u0131 gen\u00e7 adam \u00f6ne \u00e7\u0131kt\u0131. Mezbahada hayvanlar\u0131 bay\u0131ltmak i\u00e7in kullan\u0131lanlara benzeyen a\u011f\u0131r sopalardan ta\u015f\u0131yorlard\u0131.<\/span><\/p>\n<p style=\"text-indent: 0.4cm; text-align: justify;\"><span style=\"font-family: Segoe UI,helvetica,sans-serif; font-size: medium;\">&#8220;Sen kim oluyorsun da,&#8221; diye emretti sivilceli adam, eli h\u00e2l\u00e2 paltosunun i\u00e7indeydi. &#8220;Bize neyin onurlu neyin onursuz oldu\u011funu s\u00f6yleyebilece\u011fini san\u0131yorsun?&#8221;<\/span><\/p>\n<p style=\"text-indent: 0.4cm; text-align: justify;\"><span style=\"font-family: Segoe UI,helvetica,sans-serif; font-size: medium;\">&#8220;Oras\u0131 seni ilgilendirmez can\u0131m.&#8221;<\/span><\/p>\n<p style=\"text-indent: 0.4cm; text-align: justify;\"><span style=\"font-family: Segoe UI,helvetica,sans-serif; font-size: medium;\">&#8220;Silah\u0131n yok.&#8221;<\/span><\/p>\n<p style=\"text-indent: 0.4cm; text-align: justify;\"><span style=\"font-family: Segoe UI,helvetica,sans-serif; font-size: medium;\">&#8220;Bu do\u011fru.&#8221; Yabanc\u0131n\u0131n tebess\u00fcm\u00fc biraz daha zehirlendi. &#8220;Ben silah ta\u015f\u0131mam.&#8221;<\/span><\/p>\n<p style=\"text-indent: 0.4cm; text-align: justify;\"><span style=\"font-family: Segoe UI,helvetica,sans-serif; font-size: medium;\">&#8220;Bu hi\u00e7 iyi de\u011fil.&#8221; Sivilceli paltosundan uzun bir b\u0131\u00e7ak \u00e7\u0131kard\u0131. &#8220;Silahs\u0131z olman senin i\u00e7in k\u00f6t\u00fc oldu.&#8221;<\/span><\/p>\n<p style=\"text-indent: 0.4cm; text-align: justify;\"><span style=\"font-family: Segoe UI,helvetica,sans-serif; font-size: medium;\">Kasap da uzun avc\u0131 b\u0131\u00e7a\u011f\u0131n\u0131 \u00e7ekti. Di\u011fer iki adam sopalar\u0131n\u0131 sallayarak yakla\u015ft\u0131.<\/span><\/p>\n<p style=\"text-indent: 0.4cm; text-align: justify;\"><span style=\"font-family: Segoe UI,helvetica,sans-serif; font-size: medium;\">&#8220;Ben silah ta\u015f\u0131mam,&#8221; diye yan\u0131tlad\u0131 yabanc\u0131 hi\u00e7 k\u0131p\u0131rdamadan. &#8220;Ama ben daima silahl\u0131y\u0131md\u0131r.&#8221;<\/span><\/p>\n<p style=\"text-indent: 0.4cm; text-align: justify;\"><span style=\"font-family: Segoe UI,helvetica,sans-serif; font-size: medium;\">Harabelerin arkas\u0131ndan iki gen\u00e7 kad\u0131n kendilerinden emin \u015fekilde, kayg\u0131s\u0131zca \u00f6ne \u00e7\u0131kt\u0131lar. Kalabal\u0131k \u00e7abucak ikiye ayr\u0131ld\u0131, geri \u00e7ekildi sonra azalmaya ba\u015flad\u0131.<\/span><\/p>\n<p style=\"text-indent: 0.4cm; text-align: justify;\"><span style=\"font-family: Segoe UI,helvetica,sans-serif; font-size: medium;\">K\u0131zlar di\u015flerini g\u00f6stererek g\u00fcl\u00fcmsedi ve g\u00f6zlerini k\u0131rp\u0131\u015ft\u0131rd\u0131lar. G\u00f6zlerinin kenarlar\u0131ndan kulaklar\u0131n\u0131n u\u00e7lar\u0131na kadar mavi \u00e7izgili d\u00f6vmeleri vard\u0131. Va\u015fak derisi, g\u00fc\u00e7l\u00fc kaslar\u0131n\u0131 uyluklar\u0131ndan kal\u00e7alar\u0131na kadar \u00f6rt\u00fcyordu ve \u00e7\u0131plak kollar\u0131 zincir z\u0131rhl\u0131 eldivenleriyle son buluyordu. Arkadaki zincir z\u0131rhl\u0131 omuzlar\u0131n\u0131n \u00fcst\u00fcnden ikisinin de k\u0131l\u0131\u00e7lar\u0131n\u0131n kabzalar\u0131 uzanm\u0131\u015ft\u0131.<\/span><\/p>\n<p style=\"text-indent: 0.4cm; text-align: justify;\"><span style=\"font-family: Segoe UI,helvetica,sans-serif; font-size: medium;\">Sivilceli tek dizinin \u00fcst\u00fcne \u00e7\u00f6kerek yava\u015f yava\u015f b\u0131\u00e7a\u011f\u0131n\u0131 yere koydu.<\/span><\/p>\n<p style=\"text-indent: 0.4cm; text-align: justify;\"><span style=\"font-family: Segoe UI,helvetica,sans-serif; font-size: medium;\">Harabelerin i\u00e7indeki delikten ta\u015flar\u0131n yuvarlanmas\u0131 ve ezilmesi duyuldu. Neden sonra karanl\u0131ktan, duvar\u0131n keskin k\u00f6\u015fesini kavrayan iki el ortaya \u00e7\u0131kt\u0131, ellerin ard\u0131ndan beyaz bir kafa, kiremit tozuyla kapl\u0131 sa\u00e7lar, solgun bir surat ve en sonunda, tepede bir k\u0131l\u0131c\u0131n kabzas\u0131&#8230; Kalabal\u0131ktan u\u011fultular y\u00fckseldi.<\/span><\/p>\n<p style=\"text-indent: 0.4cm; text-align: justify;\"><span style=\"font-family: Segoe UI,helvetica,sans-serif; font-size: medium;\">Kaymakta\u015f\u0131 sa\u00e7l\u0131 adam do\u011fruldu ve delikten tuhaf bir \u015fey \u00e7\u0131kard\u0131; toz ve kana bulanm\u0131\u015f k\u00fc\u00e7\u00fck garip bir bedendi. Uzun kertenkele kuyru\u011fundan tuttu\u011fu canavar\u0131 tek kelime etmeksizin kaymakam\u0131n ayaklar\u0131n\u0131n dibine att\u0131. Adam geriye s\u0131\u00e7ray\u0131p k\u0131r\u0131k duvar\u0131n bir par\u00e7as\u0131na tak\u0131ld\u0131, ku\u015f gibi e\u011fri gagadan, \u00f6r\u00fcmcek a\u011f\u0131 misali hilal kanatlardan ve pullu ayaklardaki orak gibi pen\u00e7elerden g\u00f6zlerini alam\u0131yordu. Kesilmi\u015f bo\u011faz\u0131 \u00f6nceden k\u0131z\u0131l iken \u015fimdi kirli k\u0131rm\u0131z\u0131 kahverengiydi. \u00c7\u00f6k\u00fck g\u00f6zleri camdan farks\u0131zd\u0131.<\/span><\/p>\n<p style=\"text-indent: 0.4cm; text-align: justify;\"><span style=\"font-family: Segoe UI,helvetica,sans-serif; font-size: medium;\">&#8220;\u0130\u015fte Basilikos,&#8221; dedi beyaz sa\u00e7l\u0131 adam pantolonundaki tozu silkelerken. &#8220;Anla\u015ft\u0131\u011f\u0131m\u0131z gibi iki y\u00fcz lintar, iyilerinden olsun, fazla y\u0131pranm\u0131\u015f olmas\u0131n. Onlar\u0131 kontrol edece\u011fim, sizi uyar\u0131yorum.&#8221;<\/span><\/p>\n<p style=\"text-indent: 0.4cm; text-align: justify;\"><span style=\"font-family: Segoe UI,helvetica,sans-serif; font-size: medium;\">Kaymakam titreyen elleriyle b\u00fcy\u00fck bir c\u00fczdan \u00e7\u0131kard\u0131. Ak sa\u00e7l\u0131 adam kasabal\u0131ya g\u00f6z gezdirdi, bak\u0131\u015flar\u0131 sivilceli adamla aya\u011f\u0131n\u0131n kenar\u0131ndaki b\u0131\u00e7akta duraksad\u0131. Kahverengi g\u00f6mlekli adamla va\u015fak derisi giymi\u015f gen\u00e7 kad\u0131nlar\u0131 da fark etti.<\/span><\/p>\n<p style=\"text-indent: 0.4cm; text-align: justify;\"><span style=\"font-family: Segoe UI,helvetica,sans-serif; font-size: medium;\">&#8220;Hep ayn\u0131 \u015fey,&#8221; dedi kaymakam\u0131n titrek ellerinden c\u00fczdan\u0131 ald\u0131\u011f\u0131nda. &#8220;Az\u0131c\u0131k para i\u00e7in kellemi tehlikeye at\u0131yorum ve bu s\u0131rada beni soymaya \u00e7al\u0131\u015f\u0131yorsunuz. Siz insanlar hi\u00e7 de\u011fi\u015fmeyeceksiniz, hepinizin can\u0131 cehenneme!&#8221;<\/span><\/p>\n<p style=\"text-indent: 0.4cm; text-align: justify;\"><span style=\"font-family: Segoe UI,helvetica,sans-serif; font-size: medium;\">&#8220;\u00c7antalar\u0131na dokunmad\u0131k,&#8221; diye m\u0131r\u0131ldand\u0131 kasap geriye \u00e7ekilerek. Sopal\u0131 adamlar kendilerini \u00e7oktan kalabal\u0131\u011f\u0131n i\u00e7inde gizlemi\u015fti. &#8220;E\u015fyalar\u0131n\u0131z ellenmedi efendim.&#8221;<\/span><\/p>\n<p style=\"text-indent: 0.4cm; text-align: justify;\"><span style=\"font-family: Segoe UI,helvetica,sans-serif; font-size: medium;\">&#8220;Bunu duydu\u011fuma sevindim,&#8221; diye g\u00fcl\u00fcmsedi beyaz sa\u00e7l\u0131 adam. Onun solgun \u00e7ehresindeki a\u00e7\u0131k bir yara misali okunan tebess\u00fcm\u00fcn\u00fc g\u00f6r\u00fcnce kalabal\u0131k da\u011f\u0131lmaya ba\u015flad\u0131. &#8220;\u0130\u015fte bu sebeple dostum, kayg\u0131lanacak bir \u015feyin yok. Huzurla gidin ama \u00e7abuk gidin.&#8221;<\/span><\/p>\n<p style=\"text-indent: 0.4cm; text-align: justify;\"><span style=\"font-family: Segoe UI,helvetica,sans-serif; font-size: medium;\">Geri \u00e7ekilen sivilceli ko\u015fmak \u00fczereydi. Beti benzi atm\u0131\u015f, surat\u0131ndaki noktalar belirginle\u015fmi\u015f onu daha da \u00e7irkin g\u00f6steriyordu.<\/span><\/p>\n<p style=\"text-indent: 0.4cm; text-align: justify;\"><span style=\"font-family: Segoe UI,helvetica,sans-serif; font-size: medium;\">&#8220;Hey! Bir dakika!&#8221; diye ba\u011f\u0131rd\u0131 kahverengi tunikli adam. &#8220;Bir \u015feyi unuttun.&#8221;<\/span><\/p>\n<p style=\"text-indent: 0.4cm; text-align: justify;\"><span style=\"font-family: Segoe UI,helvetica,sans-serif; font-size: medium;\">&#8220;Nedir&#8230; Efendim?&#8221;<\/span><\/p>\n<p style=\"text-indent: 0.4cm; text-align: justify;\"><span style=\"font-family: Segoe UI,helvetica,sans-serif; font-size: medium;\">&#8220;Bana b\u0131\u00e7ak \u00e7ekmi\u015ftin.&#8221;<\/span><\/p>\n<p style=\"text-indent: 0.4cm; text-align: justify;\"><span style=\"font-family: Segoe UI,helvetica,sans-serif; font-size: medium;\">Bacaklar\u0131n\u0131 iki yana ay\u0131rm\u0131\u015f bekleyen gen\u00e7 kad\u0131nlardan uzun boylusu kal\u00e7as\u0131n\u0131n \u00fcst\u00fcnde d\u00f6nd\u00fc. K\u0131l\u0131c\u0131, g\u00f6z\u00fcn g\u00f6rebilece\u011finden daha h\u0131zl\u0131 \u00e7ekilip havay\u0131 kesmi\u015fti. Sivilceli adam\u0131n kafas\u0131 yukar\u0131ya u\u00e7up havada bir e\u011fri \u00e7izerek a\u00e7\u0131k delikten kayboldu. V\u00fccudu kat\u0131 ve a\u011f\u0131r bir bi\u00e7imde, yeni kesilmi\u015f bir a\u011fa\u00e7 misali k\u0131r\u0131k ta\u015f y\u0131\u011f\u0131n\u0131n i\u00e7ine yuvarland\u0131. Kalabal\u0131ktan \u00e7\u0131\u011fl\u0131klar y\u00fckseldi. Di\u011fer k\u0131z eli kabzas\u0131nda \u00e7evik bir hareketle d\u00f6nerek arkas\u0131n\u0131 kollad\u0131. Bu gereksizdi &#8211; kalabal\u0131k, harabelerin aras\u0131nda yalpalayarak bacaklar\u0131 el verdi\u011fince s\u00fcratle kasabaya do\u011fru ko\u015fturdular. Kalabal\u0131\u011f\u0131n ba\u015f\u0131nda kaymakam vard\u0131 &#8211; kasaptan biraz \u00f6ndeydi.<\/span><\/p>\n<p style=\"text-indent: 0.4cm; text-align: justify;\"><span style=\"font-family: Segoe UI,helvetica,sans-serif; font-size: medium;\">&#8220;G\u00fczel bir hamleydi,&#8221; diye yorum yapt\u0131 ak sa\u00e7l\u0131 adam fersizce, kara eldivenli eliyle g\u00f6zlerini g\u00fcne\u015ften koruyordu. &#8220;Zerrikanl\u0131\u2019n\u0131n k\u0131l\u0131c\u0131ndan g\u00fczel bir hamle. \u00d6zg\u00fcr sava\u015f\u00e7\u0131 kad\u0131nlar\u0131n mahareti ve h\u00fcsn\u00fc kar\u015f\u0131s\u0131nda sayg\u0131yla e\u011filiyorum. Ben Riviyal\u0131 Geralt.&#8221;<\/span><\/p>\n<p style=\"text-indent: 0.4cm; text-align: justify;\"><span style=\"font-family: Segoe UI,helvetica,sans-serif; font-size: medium;\">&#8220;Ve ben&#8230;&#8221; Gizemli adam kahverengi tuni\u011findeki solgun armas\u0131n\u0131 g\u00f6sterdi; \u00fc\u00e7 kara ku\u015f bir alt\u0131n tarlas\u0131na dizilmi\u015f \u015fekilde resmedilmi\u015fti. &#8220;Ad\u0131m Borsch, ayr\u0131ca \u00dc\u00e7l\u00fc Karga diye bilinirim. Bunlar benim korumalar\u0131m Tea ve Vea. Yani ben onlara \u00f6yle sesleniyorum \u00e7\u00fcnk\u00fc ger\u00e7ek isimleri dili yoruyor. \u0130kisi de az evvel de tahmin etti\u011fin gibi Zerikanl\u0131&#8217;d\u0131r.&#8221;<\/span><\/p>\n<p style=\"text-indent: 0.4cm; text-align: justify;\"><span style=\"font-family: Segoe UI,helvetica,sans-serif; font-size: medium;\">&#8220;Onlar\u0131n sayesinde ya da \u00f6yle g\u00f6r\u00fcn\u00fcyor, at\u0131m ve e\u015fyalar\u0131m h\u00e2l\u00e2 benim. Size minnettarl\u0131\u011f\u0131m\u0131 sunuyorum sava\u015f\u00e7\u0131lar ve size de asil lord.&#8221;<\/span><\/p>\n<p style=\"text-indent: 0.4cm; text-align: justify;\"><span style=\"font-family: Segoe UI,helvetica,sans-serif; font-size: medium;\">&#8220;\u00dc\u00e7l\u00fc Karga. Ben centilmen falan de\u011filim. Seni bu b\u00f6lgede tutan bir \u015fey var m\u0131 Riviyal\u0131 Geralt?&#8221;<\/span><\/p>\n<p style=\"text-indent: 0.4cm; text-align: justify;\"><span style=\"font-family: Segoe UI,helvetica,sans-serif; font-size: medium;\">&#8220;Hi\u00e7bir \u015fey yok.&#8221;<\/span><\/p>\n<p style=\"text-indent: 0.4cm; text-align: justify;\"><span style=\"font-family: Segoe UI,helvetica,sans-serif; font-size: medium;\">&#8220;Harika. O zaman sana bir teklifim var. Buradan fazla uzak olmayan bir yerde nehir kap\u0131s\u0131n\u0131n kesi\u015fen yollar\u0131nda Dalg\u0131n Ejderha diye bir han var. B\u00fct\u00fcn bu b\u00f6lgede yemekte \u00fcst\u00fcne yok. \u015eu an ak\u015fam yeme\u011fi ve uyku ama\u00e7l\u0131 oraya gidiyorum. Bana kat\u0131l\u0131rsan \u00e7ok gurur duyar\u0131m.&#8221;<\/span><\/p>\n<p style=\"text-indent: 0.4cm; text-align: justify;\"><span style=\"font-family: Segoe UI,helvetica,sans-serif; font-size: medium;\">&#8220;Borsch,&#8221; diye cevap verdi Geralt. Beyaz ba\u015f\u0131, at\u0131ndan yabanc\u0131n\u0131n parlak g\u00f6zlerine d\u00f6nd\u00fc. &#8220;Aram\u0131zda bir yanl\u0131\u015f anla\u015f\u0131lma olmas\u0131n diye s\u00f6yl\u00fcyorum. Ben bir ba\u011f\u0131c\u0131y\u0131m.&#8221;<\/span><\/p>\n<p style=\"text-indent: 0.4cm; text-align: justify;\"><span style=\"font-family: Segoe UI,helvetica,sans-serif; font-size: medium;\">&#8220;Ayn\u0131 d\u00fc\u015f\u00fcnd\u00fc\u011f\u00fcm gibi. Ama sanki c\u00fczzaml\u0131ym\u0131\u015fs\u0131n gibi s\u00f6yledin.&#8221;<\/span><\/p>\n<p style=\"text-indent: 0.4cm; text-align: justify;\"><span style=\"font-family: Segoe UI,helvetica,sans-serif; font-size: medium;\">&#8220;\u00d6yleleri var ki,&#8221; diye yan\u0131tlad\u0131 Geralt serinkanl\u0131l\u0131kla. &#8220;C\u00fczzaml\u0131y\u0131 ba\u011f\u0131c\u0131ya tercih eder.&#8221;<\/span><\/p>\n<p style=\"text-indent: 0.4cm; text-align: justify;\"><span style=\"font-family: Segoe UI,helvetica,sans-serif; font-size: medium;\">&#8220;Fakat ba\u015fkalar\u0131 da var ki,&#8221; dedi \u00dc\u00e7l\u00fc Karga bir tebess\u00fcmle. &#8220;Gen\u00e7 kad\u0131n yerine koyunlar\u0131 tercih ederler. En nihayetinde onlara sadece ac\u0131r\u0131m. Teklifim h\u00e2l\u00e2 ge\u00e7erlidir.&#8221;<\/span><\/p>\n<p style=\"text-indent: 0.4cm; text-align: justify;\"><span style=\"font-family: Segoe UI,helvetica,sans-serif; font-size: medium;\">Geralt bir eldivenini \u00e7\u0131kard\u0131 ve yabanc\u0131n\u0131n uzatt\u0131\u011f\u0131 elini s\u0131kt\u0131.<\/span><\/p>\n<p style=\"text-indent: 0.4cm; text-align: justify;\"><span style=\"font-family: Segoe UI,helvetica,sans-serif; font-size: medium;\">&#8220;Kabul ediyorum. Tan\u0131\u015ft\u0131\u011f\u0131m\u0131za memnun oldum.&#8221;<\/span><\/p>\n<p style=\"text-indent: 0.4cm; text-align: justify;\"><span style=\"font-family: Segoe UI,helvetica,sans-serif; font-size: medium;\">&#8220;Gidelim o zaman, a\u00e7l\u0131ktan \u00f6l\u00fcyorum.&#8221;<\/span><\/p>\n<p style=\"text-align: center;\"><span style=\"font-family: times new roman,times; font-size: small;\">\u00ab <strong><a href=\"https:\/\/www.kayiprihtim.org\/portal\/projeler\/the-witcher-kaderin-kilici-mumkun-olanin-sinirlari\/\">Giri\u015f<\/a><\/strong> &#8211; <a title=\"M\u00fcmk\u00fcn Olan\u0131n S\u0131n\u0131rlar\u0131 \u2013 B\u00f6l\u00fcm 2\" href=\"https:\/\/www.kayiprihtim.org\/portal\/projeler\/the-witcher-kaderin-kilici-mumkun-olanin-sinirlari\/mumkun-olanin-sinirlari-bolum-2\/\"><strong>B\u00f6l\u00fcm 2<\/strong><\/a> \u00bb<\/span><\/p>\n<\/td>\n<td class=\"alignright\" style=\"border: 2px solid #a99567; padding: 5px;\" align=\"right\" valign=\"top\">\n<p style=\"text-indent: 0.4cm; text-align: right;\"><span style=\"font-family: Segoe UI,helvetica,sans-serif; font-size: medium;\"><strong>B\u00f6l\u00fcmler<\/strong><\/span><\/p>\n<p style=\"text-indent: 0.4cm; text-align: right;\"><a href=\"https:\/\/www.kayiprihtim.org\/portal\/projeler\/the-witcher-kaderin-kilici-mumkun-olanin-sinirlari\/\"><strong>Giri\u015f<\/strong><\/a><\/p>\n<p style=\"text-indent: 0.4cm; text-align: right;\"><span style=\"color: #993300;\"><strong>B\u00f6l\u00fcm I<\/strong><\/span><\/p>\n<p style=\"text-indent: 0.4cm; text-align: right;\"><strong><a title=\"M\u00fcmk\u00fcn Olan\u0131n S\u0131n\u0131rlar\u0131 \u2013 B\u00f6l\u00fcm 2\" href=\"https:\/\/www.kayiprihtim.org\/portal\/projeler\/the-witcher-kaderin-kilici-mumkun-olanin-sinirlari\/mumkun-olanin-sinirlari-bolum-2\/\">B\u00f6l\u00fcm II<\/a><\/strong><\/p>\n<p style=\"text-indent: 0.4cm; text-align: right;\"><a title=\"M\u00fcmk\u00fcn Olan\u0131n S\u0131n\u0131rlar\u0131 \u2013 B\u00f6l\u00fcm 3\" href=\"https:\/\/www.kayiprihtim.org\/portal\/projeler\/the-witcher-kaderin-kilici-mumkun-olanin-sinirlari\/mumkun-olanin-sinirlari-bolum-3\/\"><strong>B\u00f6l\u00fcm III<\/strong><\/a><\/p>\n<p style=\"text-indent: 0.4cm; text-align: right;\"><a title=\"M\u00fcmk\u00fcn Olan\u0131n S\u0131n\u0131rlar\u0131 \u2013 B\u00f6l\u00fcm 4\" href=\"https:\/\/www.kayiprihtim.org\/portal\/projeler\/the-witcher-kaderin-kilici-mumkun-olanin-sinirlari\/mumkun-olanin-sinirlari-bolum-4\/\"><strong>B\u00f6l\u00fcm IV<\/strong><\/a><\/p>\n<p style=\"text-indent: 0.4cm; text-align: right;\"><a title=\"M\u00fcmk\u00fcn Olan\u0131n S\u0131n\u0131rlar\u0131 \u2013 B\u00f6l\u00fcm 5\" href=\"https:\/\/www.kayiprihtim.org\/portal\/projeler\/the-witcher-kaderin-kilici-mumkun-olanin-sinirlari\/mumkun-olanin-sinirlari-bolum-5\/\"><strong>B\u00f6l\u00fcm V<\/strong><\/a><\/p>\n<p style=\"text-indent: 0.4cm; text-align: right;\"><a title=\"M\u00fcmk\u00fcn Olan\u0131n S\u0131n\u0131rlar\u0131 \u2013 B\u00f6l\u00fcm 6\" href=\"https:\/\/www.kayiprihtim.org\/portal\/projeler\/the-witcher-kaderin-kilici-mumkun-olanin-sinirlari\/mumkun-olanin-sinirlari-bolum-6\/\"><strong>B\u00f6l\u00fcm VI<\/strong><\/a><\/p>\n<p style=\"text-indent: 0.4cm; text-align: right;\"><a title=\"M\u00fcmk\u00fcn Olan\u0131n S\u0131n\u0131rlar\u0131 \u2013 B\u00f6l\u00fcm 7\" href=\"https:\/\/www.kayiprihtim.org\/portal\/projeler\/the-witcher-kaderin-kilici-mumkun-olanin-sinirlari\/mumkun-olanin-sinirlari-bolum-7\/\"><strong>B\u00f6l\u00fcm VII<\/strong><\/a><\/p>\n<p style=\"text-indent: 0.4cm; text-align: right;\"><a title=\"M\u00fcmk\u00fcn Olan\u0131n S\u0131n\u0131rlar\u0131 \u2013 B\u00f6l\u00fcm 8\" href=\"https:\/\/www.kayiprihtim.org\/portal\/projeler\/the-witcher-kaderin-kilici-mumkun-olanin-sinirlari\/mumkun-olanin-sinirlari-bolum-8\/\"><strong>B\u00f6l\u00fcm VIII<\/strong><\/a><\/p>\n<p style=\"text-indent: 0.4cm; text-align: justify;\">\n<\/td>\n<\/tr>\n<\/tbody>\n<\/table>\n","protected":false},"excerpt":{"rendered":"<p>&#8220;Size s\u00f6yl\u00fcyorum, oradan \u00e7\u0131kaca\u011f\u0131 yok!\u2019\u2019 diye ilan etti y\u00fcz\u00fc sivilceli adam. Durumu nihayetine kavu\u015fturmu\u015f\u00e7as\u0131na ba\u015f\u0131n\u0131 sall\u0131yordu. &#8220;\u0130\u00e7eri gireli bir saatten fazla oldu. \u0130\u015fi bitmi\u015ftir.&#8221; Kasaba halk\u0131, harabe y\u0131\u011f\u0131n\u0131n\u0131n aras\u0131nda bir araya gelmi\u015f, t\u00fcnelin giri\u015fi olan a\u00e7\u0131k karanl\u0131k deli\u011fi s\u00fck\u00fbnetle izliyordu. Sar\u0131 \u00f6nl\u00fck giyen \u015fi\u015fman bir adam a\u011f\u0131rl\u0131\u011f\u0131n\u0131 bir aya\u011f\u0131ndan \u00f6b\u00fcr\u00fcne verdi ve bo\u011faz\u0131n\u0131 temizleyip k\u0131r\u0131\u015fm\u0131\u015f [&hellip;]<\/p>\n","protected":false},"author":1,"featured_media":0,"parent":21840,"menu_order":0,"comment_status":"open","ping_status":"closed","template":"fullwidth.php","meta":{"_acf_changed":false,"footnotes":""},"class_list":["post-21850","page","type-page","status-publish"],"acf":[],"_links":{"self":[{"href":"https:\/\/www.kayiprihtim.org\/portal\/wp-json\/wp\/v2\/pages\/21850","targetHints":{"allow":["GET"]}}],"collection":[{"href":"https:\/\/www.kayiprihtim.org\/portal\/wp-json\/wp\/v2\/pages"}],"about":[{"href":"https:\/\/www.kayiprihtim.org\/portal\/wp-json\/wp\/v2\/types\/page"}],"author":[{"embeddable":true,"href":"https:\/\/www.kayiprihtim.org\/portal\/wp-json\/wp\/v2\/users\/1"}],"replies":[{"embeddable":true,"href":"https:\/\/www.kayiprihtim.org\/portal\/wp-json\/wp\/v2\/comments?post=21850"}],"version-history":[{"count":0,"href":"https:\/\/www.kayiprihtim.org\/portal\/wp-json\/wp\/v2\/pages\/21850\/revisions"}],"up":[{"embeddable":true,"href":"https:\/\/www.kayiprihtim.org\/portal\/wp-json\/wp\/v2\/pages\/21840"}],"wp:attachment":[{"href":"https:\/\/www.kayiprihtim.org\/portal\/wp-json\/wp\/v2\/media?parent=21850"}],"curies":[{"name":"wp","href":"https:\/\/api.w.org\/{rel}","templated":true}]}}