{"id":2738,"date":"2009-10-02T10:54:42","date_gmt":"2009-10-02T07:54:42","guid":{"rendered":"http:\/\/www.kayiprihtim.org\/portal\/?page_id=2738"},"modified":"2016-05-26T05:42:26","modified_gmt":"2016-05-26T02:42:26","slug":"vampir-gunlukleri","status":"publish","type":"page","link":"https:\/\/www.kayiprihtim.org\/portal\/kitaplar\/vampir-gunlukleri\/","title":{"rendered":"Vampir G\u00fcnl\u00fckleri"},"content":{"rendered":"<h3>Seride Bulunan Kitaplar<\/h3>\n<ol>\n<li>Uyan\u0131\u015f ve Sava\u015f<\/li>\n<li>\u00d6fke ve Karanl\u0131k Bulu\u015fma<\/li>\n<li>D\u00f6n\u00fc\u015f: \u00c7\u00f6ken Karanl\u0131k<\/li>\n<li>D\u00f6n\u00fc\u015f: G\u00f6lge Ruhlar<\/li>\n<li>D\u00f6n\u00fc\u015f: Geceyar\u0131s\u0131<\/li>\n<\/ol>\n","protected":false},"excerpt":{"rendered":"<p>Seride Bulunan Kitaplar Uyan\u0131\u015f ve Sava\u015f \u00d6fke ve Karanl\u0131k Bulu\u015fma D\u00f6n\u00fc\u015f: \u00c7\u00f6ken Karanl\u0131k D\u00f6n\u00fc\u015f: G\u00f6lge Ruhlar D\u00f6n\u00fc\u015f: Geceyar\u0131s\u0131<\/p>\n","protected":false},"author":1,"featured_media":0,"parent":57,"menu_order":0,"comment_status":"open","ping_status":"closed","template":"","meta":{"_acf_changed":false,"footnotes":""},"class_list":["post-2738","page","type-page","status-publish"],"acf":[],"_links":{"self":[{"href":"https:\/\/www.kayiprihtim.org\/portal\/wp-json\/wp\/v2\/pages\/2738","targetHints":{"allow":["GET"]}}],"collection":[{"href":"https:\/\/www.kayiprihtim.org\/portal\/wp-json\/wp\/v2\/pages"}],"about":[{"href":"https:\/\/www.kayiprihtim.org\/portal\/wp-json\/wp\/v2\/types\/page"}],"author":[{"embeddable":true,"href":"https:\/\/www.kayiprihtim.org\/portal\/wp-json\/wp\/v2\/users\/1"}],"replies":[{"embeddable":true,"href":"https:\/\/www.kayiprihtim.org\/portal\/wp-json\/wp\/v2\/comments?post=2738"}],"version-history":[{"count":0,"href":"https:\/\/www.kayiprihtim.org\/portal\/wp-json\/wp\/v2\/pages\/2738\/revisions"}],"up":[{"embeddable":true,"href":"https:\/\/www.kayiprihtim.org\/portal\/wp-json\/wp\/v2\/pages\/57"}],"wp:attachment":[{"href":"https:\/\/www.kayiprihtim.org\/portal\/wp-json\/wp\/v2\/media?parent=2738"}],"curies":[{"name":"wp","href":"https:\/\/api.w.org\/{rel}","templated":true}]}}