{"id":29283,"date":"2013-08-07T01:30:55","date_gmt":"2013-08-06T22:30:55","guid":{"rendered":"http:\/\/www.kayiprihtim.org\/portal\/?page_id=29283"},"modified":"2013-08-17T14:34:10","modified_gmt":"2013-08-17T11:34:10","slug":"a-orcun-can-ile-gokyuzune-dusen-kiz-uzerine","status":"publish","type":"page","link":"https:\/\/www.kayiprihtim.org\/portal\/roportajlar\/a-orcun-can-ile-gokyuzune-dusen-kiz-uzerine\/","title":{"rendered":"A. Or\u00e7un Can ile &#8220;G\u00f6ky\u00fcz\u00fcne D\u00fc\u015fen K\u0131z&#8221; \u00dczerine"},"content":{"rendered":"<p style=\"text-align: center;\"><img fetchpriority=\"high\" decoding=\"async\" class=\"aligncenter\" alt=\"\" src=\"https:\/\/www.kayiprihtim.org\/portal\/gorsel\/orcun-can.jpg\" width=\"467\" height=\"237\"><\/p>\n<p style=\"text-align: center;\">K\u00fc\u00e7\u00fck bir k\u0131z, g\u00f6ky\u00fcz\u00fcne d\u00fc\u015fer ve her \u015feyin tersiyle kar\u015f\u0131la\u015f\u0131rsa ne olur, hi\u00e7 d\u00fc\u015f\u00fcnd\u00fcn\u00fcz m\u00fc? Bu soru, ge\u00e7ti\u011fimiz haftalarda \u00e7\u0131kan bir ilk yazar\u0131n kitab\u0131nda cevap buldu. <a title=\"A. Or\u00e7un Can\" href=\"https:\/\/www.kayiprihtim.org\/portal\/yazar\/a-orcun-can\/\"><em>A. Or\u00e7un Can<\/em><\/a>\u2019\u0131n ilk kitab\u0131 olma \u00f6zelli\u011fini ta\u015f\u0131yan <a title=\"G\u00f6ky\u00fcz\u00fcne D\u00fc\u015fen K\u0131z\" href=\"https:\/\/www.kayiprihtim.org\/portal\/kitap\/gokyuzune-dusen-kiz\/\"><i>G\u00f6ky\u00fcz\u00fcne D\u00fc\u015fen K\u0131z<\/i><\/a> raflardaki yerini hen\u00fcz alm\u0131\u015fken, kendisiyle hem kitab\u0131 hem de di\u011fer ilgi alanlar\u0131n\u0131 kapsayan keyifli bir s\u00f6yle\u015fi ger\u00e7ekle\u015ftirdik.<\/p>\n<p><b>Hakan Tun\u00e7:<\/b> \u00d6ncelikle seni biraz tan\u0131yabilir miyiz? K\u0131saca kimdir Nil\u2019in maceralar\u0131n\u0131 bizlerle bulu\u015fturan kalem sahibi?<\/p>\n<p><b>A. Or\u00e7un Can:<\/b> Tabii&#8230; Nas\u0131l ve ne kadar bahsetmeliyim bilmiyorum ama; Alanya\u2019da do\u011fdum. Ankara\u2019da b\u00fcy\u00fcd\u00fcm. \u0130stanbul\u2019da ya\u015f\u0131yorum.<\/p>\n<p>&nbsp;<\/p>\n<p><b>Hakan:<\/b> Her \u015feyi tersine d\u00f6nd\u00fcrme fikri nas\u0131l \u00e7\u0131kt\u0131 ortaya? Bir k\u0131z\u0131n g\u00f6ky\u00fcz\u00fcne d\u00fc\u015fmesi ve orada ya\u015fad\u0131\u011f\u0131 maceralar\u0131 k\u00e2\u011f\u0131da d\u00f6kmeyi tetikleyen unsurlar nelerdi?<\/p>\n<p><b>Or\u00e7un:<\/b> K\u0131rm\u0131z\u0131 sa\u00e7l\u0131 bir k\u0131z var. Bir gece uyuyamad\u0131\u011f\u0131 zaman bana telefon a\u00e7m\u0131\u015ft\u0131. Ben de ona bir masal uydurmaya ba\u015flad\u0131m. Fazla z\u0131plad\u0131\u011f\u0131 i\u00e7in g\u00f6ky\u00fcz\u00fcne d\u00fc\u015f\u00fcyor ve geri d\u00f6nmeye \u00e7al\u0131\u015f\u0131yordu. O yirmi dakikal\u0131k konu\u015fmada \u201cAksel\u201d karakteri, ay\u0131n \u00fczerinde uyumalar\u0131, par\u0131ldayan bal\u0131klar, g\u00f6ky\u00fcz\u00fcndeki beyaz adam hep \u00e7\u0131km\u0131\u015ft\u0131 ortaya asl\u0131nda. Sonras\u0131nda kuzenim Nil onun i\u00e7in bir kitap yazmam\u0131 istedi. K\u0131rm\u0131z\u0131 Sa\u00e7l\u0131 K\u0131z da uzun s\u00fcre bu hik\u00e2yeyi yaz\u0131ya d\u00f6kmem i\u00e7in diretince daha fazla dayanamad\u0131m. Ger\u00e7i en ba\u015f\u0131nda galiba y\u0131llar \u00f6nce, \u201cacaba yer\u00e7ekimi gibi g\u00f6k\u00e7ekimi de olsa nas\u0131l olurdu?\u201d gibi k\u00fc\u00e7\u00fck bir soru var.<\/p>\n<p>&nbsp;<\/p>\n<p><b>Hakan:<\/b> Yani olaylar\u0131n ba\u015flang\u0131c\u0131nda bir masal yat\u0131yor diyebiliriz o zaman? Kitab\u0131n yay\u0131nevi tan\u0131t\u0131m\u0131nda da ifade edildi\u011fi \u015fekilde \u201cgen\u00e7 i\u015fi\u201d olan bu roman\u0131n sadece \u00e7ocuklara y\u00f6nelik olmamas\u0131 belki de bundan kaynaklan\u0131yordur?<\/p>\n<p><b>Or\u00e7un:<\/b> Evet, anneannelerimizin yemek yedirmek i\u00e7in, uyutmak i\u00e7in uydurduklar\u0131ndan fazlas\u0131 de\u011fil asl\u0131nda. Sadece \u00e7ocuklara y\u00f6nelik olmamas\u0131yla ilgili de ben ne kadar yorum yapabilirim bilmiyorum. Eminim ki benim gibi h\u00e2l\u00e2 \u00e7ocuk kitaplar\u0131 okumay\u0131 seven insanlar vard\u0131r. Hatta \u00e7o\u011fu zaman bizi etkileyen \u00e7ocuk kitaplar\u0131n\u0131 y\u0131llar sonra d\u00f6n\u00fcp tekrar okuman\u0131n ilgin\u00e7 bir deneyim oldu\u011fu s\u00f6ylenir. E\u011fer insanlar ya\u015flar\u0131ndan ba\u011f\u0131ms\u0131z olarak tat alabilecekse benim \u00e7ocuk kitab\u0131mdan, ne mutlu bana.<\/p>\n<p>&nbsp;<\/p>\n<p><b>Hakan:<\/b> Asl\u0131nda burada biraz durup konuyu irdelemek laz\u0131m. \u0130\u00e7imizdeki o \u00e7ocuksal duygular harici, okuduklar\u0131m\u0131z, etkilendiklerimiz de bizi bu t\u00fcr hayaller kurmaya y\u00f6nlendiriyor nihayetinde. Senin de \u201cG\u00f6yk\u00fcz\u00fcne D\u00fc\u015fen K\u0131z\u201d\u0131 kaleme alma \u015feklini, daha do\u011fru bir tan\u0131mla yaz\u0131m s\u00fcrecini etkileyen benzer \u00fcsluplar, kitaplar, isimler olmu\u015f olabilir. Bunlardan bahsedebilir misin?<\/p>\n<figure id=\"attachment_28376\" aria-describedby=\"caption-attachment-28376\" style=\"width: 207px\" class=\"wp-caption alignright\"><a href=\"www.kayiprihtim.org\/portal\/kitap\/gokyuzune-dusen-kiz\/\"><img decoding=\"async\" class=\"size-medium wp-image-28376  \" title=\"K\u00fcnye bilgileri i\u00e7in t\u0131klay\u0131n.\" alt=\"\" src=\"https:\/\/www.kayiprihtim.org\/portal\/gorsel\/gokyuzune-dusen-kiz-207x300.jpg\" width=\"207\" height=\"300\" srcset=\"https:\/\/www.kayiprihtim.org\/portal\/gorsel\/gokyuzune-dusen-kiz-207x300.jpg 207w, https:\/\/www.kayiprihtim.org\/portal\/gorsel\/gokyuzune-dusen-kiz-709x1024.jpg 709w, https:\/\/www.kayiprihtim.org\/portal\/gorsel\/gokyuzune-dusen-kiz.jpg 1000w\" sizes=\"(max-width: 207px) 100vw, 207px\" \/><\/a><figcaption id=\"caption-attachment-28376\" class=\"wp-caption-text\"><a href=\"www.kayiprihtim.org\/portal\/kitap\/gokyuzune-dusen-kiz\/\">K\u00fcnye bilgileri i\u00e7in t\u0131klay\u0131n.<\/a><\/figcaption><\/figure>\n<p><b>Or\u00e7un:<\/b> Galiba en ba\u015fta -ve en eski olarak- <a title=\"J.K. Rowling yazar sayfas\u0131 i\u00e7in t\u0131klay\u0131n.\" href=\"https:\/\/www.kayiprihtim.org\/portal\/yazar\/jk-rowling\/\">J.K. Rowling<\/a> var. Hat\u0131rl\u0131yorum, kitab\u0131 yazarken de \u201c<a title=\"Harry Potter\" href=\"https:\/\/www.kayiprihtim.org\/portal\/seri\/harry-potter\/\">Harry Potter<\/a>\u201d serisinin ilk kitab\u0131n\u0131 tekrar okumu\u015ftum. Kitab\u0131n b\u00f6l\u00fcmlere ayr\u0131lmas\u0131 ve bu b\u00f6l\u00fcmlerin kurgulanmas\u0131 a\u00e7\u0131s\u0131ndan \u00e7ok yard\u0131m\u0131 oldu\u011funu d\u00fc\u015f\u00fcn\u00fcyorum. Bunun d\u0131\u015f\u0131nda teker teker saymayaca\u011f\u0131m; ama benim \u00e7ocuklu\u011fumda b\u00fcy\u00fck yeri olan di\u011fer kitaplar, \u201cK\u00fc\u00e7\u00fck Prens\u201d, Muzaffer \u0130zg\u00fc\u2019n\u00fcn \u201cAnneannem\u201d serisi, \u201cTombuly\u00fcrek\u201d ve daha nicesi \u015fu ya da bu \u015fekilde yaz\u0131m s\u00fcrecimi etkiledi. Kitaptaki \u201cMuhte\u015fem G\u00f6ky\u00fcz\u00fc Sirki\u201dnin bir \u015fark\u0131s\u0131 varsa bunun nedeni Tolkien\u2019in, Gaiman\u2019\u0131n ve daha pek \u00e7ok yazar\u0131n da ayn\u0131 oyuna ba\u015fvurmu\u015f olmas\u0131d\u0131r. Bir de, 123 grubunun m\u00fcziklerini dinleyerek yazd\u0131m kitab\u0131n b\u00fcy\u00fck k\u0131s\u0131mlar\u0131n\u0131. Neticede benim \u00e7ocukken okumak isteyece\u011fim t\u00fcrde bir kitap yazmaya \u00e7al\u0131\u015ft\u0131m.<\/p>\n<p>&nbsp;<\/p>\n<p><b>Hakan:<\/b> Buradan da geliyoruz \u00e7ocuklara ve onlar\u0131n ula\u015f\u0131lamaz hayal g\u00fc\u00e7lerine. Sence bir metin ne kadar sade olmal\u0131 ya da ne kadar temposu y\u00fcksek \u015fekilde yaz\u0131lmal\u0131? Arada baz\u0131 d\u00fc\u015f\u00fcnceler, durgun haller oldu\u011funda \u00e7ocuklar\u0131n s\u0131k\u0131l\u0131p kitab\u0131 b\u0131rakaca\u011f\u0131 gibi bir kayg\u0131 var yay\u0131nc\u0131larda. Do\u011fru mudur bu? Seni etkileyen isimlerden biri de Rowling\u2019mi\u015f \u00f6rne\u011fin. Biz kitab\u0131n hep ne kadar iyi oldu\u011funu, ne kadar muhte\u015fem bir dille yaz\u0131ld\u0131\u011f\u0131n\u0131 konu\u015ftuk. Fakat hi\u00e7bir zaman bu kitaplara editoryal metin olarak m\u00fcdahale edilip edilmedi\u011fini duymad\u0131k. Her zaman Rowling yazd\u0131 ve o yaz\u0131 ayn\u0131 \u015fekilde bas\u0131ld\u0131 olarak bildik. Neticede \u00e7ok sayfal\u0131 yap\u0131t olmas\u0131na ra\u011fmen milyonlarca \u00e7ocuk okurunun belki de ayn\u0131 g\u00fcn i\u00e7inde o kitaplar\u0131 bitirdi\u011fine \u015fahit olduk. Buradaki as\u0131l etken nedir sence?<\/p>\n<p><b>Or\u00e7un:<\/b> Bence \u00e7ocuklar sadece g\u00fczel hik\u00e2yelerin pe\u015finde ko\u015fuyor. Onlara bir sonraki sayfay\u0131 \u00e7evirtecek, bir sonraki b\u00f6l\u00fcm\u00fc okumadan uyumayacaklar\u0131, bir sonraki kitab\u0131n \u00e7\u0131k\u0131\u015f\u0131n\u0131 heyecanla bekletecek hik\u00e2yelerin pe\u015findeler. Hik\u00e2ye s\u00fcr\u00fckleyici olduktan sonra (elbette yazar\u0131n dilini de hesaba katmal\u0131y\u0131z ama) edit\u00f6rlerin hakk\u0131 verilmeli. Anlat\u0131c\u0131 paradigmas\u0131 denilen bir \u015fey vard\u0131r (\u201cStoryteller\u2019s Paradigm\u201d). Ben o kitap \u00fcst\u00fcnde o kadar \u00e7ok u\u011fra\u015f\u0131yorum ki; art\u0131k \u00e7ok bariz olsa bile p\u00fcr\u00fczleri, hatta b\u00fcy\u00fck s\u0131k\u0131nt\u0131lar\u0131 g\u00f6remez hale geliyorum. Bu noktada da anlatt\u0131\u011f\u0131m hik\u00e2ye ne kadar iyi olursa olsun, onun en do\u011fru, en d\u00fczg\u00fcn \u015fekilde anlat\u0131ld\u0131\u011f\u0131nda emin olacak, yukar\u0131dan bakabilecek birine ihtiya\u00e7 var. Neyin hik\u00e2yeye hizmet etti\u011fini, neyin sadece ben istiyorum diye orada oldu\u011funu g\u00f6rebilecek biri. Dolay\u0131s\u0131yla ana etkenin hik\u00e2yenin cazibesi oldu\u011funu s\u00f6yleyebilirim; ama edit\u00f6rlerin \u00f6zenli \u00e7al\u0131\u015fmas\u0131n\u0131n o cazibeyi bir elmas gibi parlatabilece\u011fini, ya da \u00f6zensizli\u011fin k\u00f6m\u00fcre d\u00f6n\u00fc\u015ft\u00fcrebilece\u011fini d\u00fc\u015f\u00fcn\u00fcyorum.<\/p>\n<p>&nbsp;<\/p>\n<p><b>Hakan:<\/b> Peki baz\u0131 b\u00fcy\u00fck insanlar\u0131n \u00e7ocuk g\u00f6zleriyle bakabildi\u011fi sav\u0131na ne kadar kat\u0131l\u0131yorsun?<\/p>\n<p><b>Or\u00e7un:<\/b> Paul Auster\u2019\u0131n \u201cY\u00fckseklik Korkusu\u201d kitab\u0131ndaki duruma benziyor bu. \u00c7ocuklu\u011fun bitti\u011fi an insanlar\u0131n s\u00fcper g\u00fc\u00e7leri ellerinden al\u0131n\u0131yor adeta; ama o g\u00fc\u00e7leri saklaman\u0131n, \u00e7ocuklu\u011fu elde tutman\u0131n m\u00fcmk\u00fcn olmad\u0131\u011f\u0131n\u0131 kim iddia edebilir ki?<\/p>\n<p>&nbsp;<\/p>\n<p><b>Hakan:<\/b> \u00c7ok do\u011fru! Madem edit\u00f6rlerden bahsettin, o k\u0131s\u0131mdan devam edelim. Kitab\u0131n edit\u00f6r\u00fc Filiz \u00d6zdem ile nas\u0131l bir ileti\u015fim i\u00e7indeydiniz? \u00d6zellikle bu s\u00fcre\u00e7 yaz\u0131n hayat\u0131na ne gibi yenilikler katt\u0131? Filiz Han\u0131m\u2019\u0131n \u201cG\u00f6ky\u00fcz\u00fcne D\u00fc\u015fen K\u0131z\u201da dokunu\u015fu sonras\u0131 ortaya \u00e7\u0131kan \u00fcr\u00fcnle ilki aras\u0131nda genel olarak neler de\u011fi\u015fti?<\/p>\n<p><b>Or\u00e7un:<\/b> Filiz \u00d6zdem\u2019in edit\u00f6r\u00fcm olmas\u0131 \u00e7ok b\u00fcy\u00fck bir \u015fanst\u0131. Gerek tecr\u00fcbesi, gerek sezileriyle kitab\u0131 her anlamda ileri ta\u015f\u0131d\u0131. S\u00fcre\u00e7 boyunca hi\u00e7bir zaman s\u00f6z\u00fcn\u00fc sak\u0131nmad\u0131. \u00dcstelik metin \u00fczerinde \u00e7al\u0131\u015f\u0131rken pek \u00e7ok kez beni arad\u0131, \u00e7a\u011f\u0131rd\u0131, fikrimi sordu, birlikte d\u00fc\u015f\u00fcnd\u00fck. Hi\u00e7bir zaman \u201ckitab\u0131m\u201d\u0131n r\u0131zam d\u0131\u015f\u0131nda de\u011fi\u015ftirildi\u011fi hissine kap\u0131lmad\u0131m ve bana kal\u0131rsa bir yazar i\u00e7in bu \u00e7ok \u00f6nemli bir \u015fey. Umar\u0131m sonraki kitaplar\u0131mda da kendisiyle \u00e7al\u0131\u015fma \u015fans\u0131m olur. De\u011fi\u015fiklik konusunda da herhalde bahsedebilece\u011fim tek \u015fey kitab\u0131n ba\u015f\u0131. Nil\u2019in g\u00f6ky\u00fcz\u00fcne d\u00fc\u015fmesinden \u00f6nce yakla\u015f\u0131k yirmi be\u015f sayfa daha vard\u0131 ilk taslaklarda. Demin s\u00f6yledi\u011fim gibi, hik\u00e2yeye hizmet etmiyordu. Buralar\u0131 olabildi\u011fince k\u0131rpmam gerekti\u011fini d\u00fc\u015f\u00fcnd\u00fc Filiz Han\u0131m. Neticede ana hik\u00e2yeye girmeden \u00f6nce bizi oyalamaktan ba\u015fka i\u015fe yaramad\u0131klar\u0131n\u0131 fark etmemi sa\u011flad\u0131.<\/p>\n<p>&nbsp;<\/p>\n<p><b>Hakan:<\/b> Filiz Han\u0131m\u2019a ve onun nezdinde ger\u00e7ek anlamda edit\u00f6rl\u00fck yapan isimlere selamlar\u0131m\u0131z\u0131 da yollayal\u0131m o zaman. Editoryal d\u00fczelti harici ayr\u0131ca kapak ve i\u00e7 \u00e7izimler de kitab\u0131n kendisi kadar tatl\u0131 bana g\u00f6re. Sen ne d\u00fc\u015f\u00fcn\u00fcyorsun? Yaz\u0131m s\u00fcrecinde hayal etti\u011fin Nil ve mek\u00e2n ile bu g\u00f6rseller ne kadar ba\u011fda\u015fm\u0131\u015f?<\/p>\n<p><b>Or\u00e7un:<\/b> Gerek kapa\u011fa, gerekse i\u00e7 \u00e7izimlere bay\u0131l\u0131yorum. \u00c7izimleri yapan Buket Topako\u011flu ile \u00f6nceden konu\u015fma f\u0131rsat\u0131m\u0131z olmam\u0131\u015ft\u0131. Dolay\u0131s\u0131yla o \u00e7izimleri yaparken benim akl\u0131mda neler oldu\u011funu bilmiyordu. Bu benim ho\u015fuma giden bir durum; \u00e7\u00fcnk\u00fc ger\u00e7ekten de merak ediyordum ba\u015fka insanlar\u0131n kafalar\u0131nda neler canland\u0131rd\u0131\u011f\u0131n\u0131. \u00c7izimleri ilk kez g\u00f6rd\u00fc\u011f\u00fcmde de haliyle tatl\u0131 bir s\u00fcrpriz ya\u015fam\u0131\u015f oldum. Hemen hepsi de ayn\u0131 kafamda canland\u0131rd\u0131\u011f\u0131m gibiydi. Hatta s\u00f6ylemeden edemeyece\u011fim; karakterlerimizin donmu\u015f bir g\u00f6lde uzand\u0131\u011f\u0131 bir \u00e7izim var ki her seferinde tekrar g\u00fcl\u00fcmsetiyor.<\/p>\n<figure id=\"attachment_29287\" aria-describedby=\"caption-attachment-29287\" style=\"width: 192px\" class=\"wp-caption aligncenter\"><a href=\"https:\/\/www.kayiprihtim.org\/portal\/gorsel\/gdk-iccizim.jpg\"><img decoding=\"async\" class=\"size-medium wp-image-29287 \" title=\"B\u00fcy\u00fck hali i\u00e7in t\u0131klay\u0131n\u0131z.\" alt=\"Yazar\u0131n bahsetti\u011fi i\u00e7 sayfa \u00e7izimi...\" src=\"https:\/\/www.kayiprihtim.org\/portal\/gorsel\/gdk-iccizim-192x300.jpg\" width=\"192\" height=\"300\" srcset=\"https:\/\/www.kayiprihtim.org\/portal\/gorsel\/gdk-iccizim-192x300.jpg 192w, https:\/\/www.kayiprihtim.org\/portal\/gorsel\/gdk-iccizim.jpg 587w\" sizes=\"(max-width: 192px) 100vw, 192px\" \/><\/a><figcaption id=\"caption-attachment-29287\" class=\"wp-caption-text\">Yazar\u0131n bahsetti\u011fi i\u00e7 sayfa \u00e7izimi&#8230;<\/figcaption><\/figure>\n<p><b>Hakan:<\/b> Eh, bunu bilmek kitab\u0131 daha da g\u00fczelle\u015ftiriyor. \u015eimdi de gelelim yay\u0131n s\u00fcrecine. \u00d6zellikle bir \u201cilk roman\u201d yazar\u0131n\u0131n i\u015fi olduk\u00e7a zor. Yay\u0131nevi bulmak, yazd\u0131\u011f\u0131n metni kabul ettirmek ger\u00e7ekten sab\u0131r isteyen bir s\u00fcre\u00e7. Senin i\u00e7in bu s\u00fcre\u00e7 nas\u0131l ge\u00e7ti ve Yap\u0131 Kredi ile anla\u015fman\u0131z nas\u0131l oldu?<\/p>\n<p><b>Or\u00e7un:<\/b> A\u00e7\u0131k\u00e7as\u0131 benim i\u00e7in bir dizi b\u00fcy\u00fck tesad\u00fcf ve inan\u0131lmaz bir \u015fansla oldu. Yekta Kopan\u2019\u0131n \u201cFil Mezarl\u0131\u011f\u0131\u201d adl\u0131 \u00f6yk\u00fcs\u00fcn\u00fc k\u0131sa filme uyarlam\u0131\u015ft\u0131m. Bu vesileyle onun eserlerini temsil eden Nermin Mollao\u011flu\u2019yla, Kalem Ajans\u2019la tan\u0131\u015fm\u0131\u015f oldum. Elimde bir \u00e7ocuk kitab\u0131 vard\u0131 ve ne yapaca\u011f\u0131m\u0131 bilmiyordum. Bir fikir verebilece\u011fini d\u00fc\u015f\u00fcnerek Nermin Han\u0131m\u2019a dan\u0131\u015ft\u0131m. Hi\u00e7 beklemedi\u011fim bir \u015fekilde, bana YKY\u2019nin kitapla ilgilendi\u011fini s\u00f6yledi. Hala bunu nas\u0131l ba\u015fard\u0131\u011f\u0131n\u0131 bilmiyorum; ama do\u011fa\u00fcst\u00fc g\u00fc\u00e7leri oldu\u011funa dair ciddi \u015f\u00fcphelerim var. Ard\u0131ndan Filiz Han\u0131m\u2019la kitap \u00fczerine konu\u015ftuk, iki taslak daha haz\u0131rlad\u0131m ve 2013\u2019te yay\u0131mlanmak \u00fczere yay\u0131n program\u0131na al\u0131nd\u0131.<\/p>\n<p>&nbsp;<\/p>\n<p><b>Hakan:<\/b> Eh o zaman yazd\u0131\u011f\u0131 \u00f6yk\u00fc vesileyle Yekta Bey\u2019e de selam edelim. \u00d6yk\u00fc laf\u0131 ge\u00e7mi\u015fken ondan da bahsedelim istiyorum ama \u00f6ncesinde bu ajans olay\u0131n\u0131 konu\u015fal\u0131m istersen. Kalem Ajans\u2019\u0131n bu konuda en iyi kurulu\u015flardan bir tanesi oldu\u011fu bilinmekte. \u00c7ok \u00f6nemli yazarlar\u0131n eserlerini temsil etmekteler ki art\u0131k sen de bunlardan birisin. Yazarlar\u0131n ajanslarla \u00e7al\u0131\u015fmas\u0131n\u0131n ne kadar \u00f6nemli bir etken oldu\u011funu da fark ediyoruz asl\u0131nda ya\u015fad\u0131\u011f\u0131n bu \u00f6rnekle. Sen ne d\u00fc\u015f\u00fcn\u00fcyorsun peki? Ajanslarla anla\u015fmak ve onlarla devam etmek ne kadar do\u011fru? Yap\u0131lan anla\u015fmalar yazar\u0131n lehine veya aleyhine mi? En \u00f6nemlisi her yazar\u0131n bu ajanslarla \u00e7al\u0131\u015fma \u015fans\u0131 var m\u0131? S\u00fcre\u00e7 nas\u0131l i\u015fliyor?<\/p>\n<p><b>Or\u00e7un:<\/b> \u00d6zellikle internette T\u00fcrkiye i\u00e7in bu konuyla ilgili \u00e7ok fazla bilgi olmad\u0131\u011f\u0131n\u0131n fark\u0131nday\u0131m ve merak edenler varsa cevab\u0131m yeterince tatmin edici olmayacakt\u0131r. O y\u00fczden pe\u015finen \u00f6z\u00fcr diliyorum. \u015eahsen ajanslar\u0131n \u00e7ok \u00f6nemli oldu\u011funu d\u00fc\u015f\u00fcn\u00fcyorum. Bunu fark etmek o kadar da zor de\u011fil. Yaz\u0131yorsunuz. Bitiyor. Oh, tamam diyorsunuz ve sonra kalakal\u0131yorsunuz. Yay\u0131nevi bulmak, bulabilirseniz s\u00f6zle\u015fmeyi imzalamak, sonras\u0131, bir sonraki kitap, bir yandan i\u015fin parasal boyutuna dair hesap i\u015fleri&#8230; T\u00fcm bunlarla da ilgilenmeniz gerekiyor ve o kadar \u00e7ok b\u00f6l\u00fcn\u00fcnce ne yeteri kadar iyi yapabilirsiniz bunlar\u0131, ne de do\u011fru yapabilirsiniz. \u0130ngiltere\u2019de ve Amerika\u2019da &#8211; yan\u0131l\u0131yorsam d\u00fczeltin &#8211; \u00e7o\u011fu yeni yazar kitaplar\u0131 bitti\u011fi zaman bir yay\u0131nevi de\u011fil ajans aray\u0131\u015f\u0131na giri\u015fiyor. Ad\u0131n\u0131 \u00e7ok and\u0131k; ama J. K. Rowling bunun en iyi \u00f6rneklerinden biri. Zannediyorum ki s\u0131rf bu durum bile ne kadar \u00f6nemli olduklar\u0131n\u0131 a\u00e7\u0131klamaya yetecektir. Kendi deneyimimde Kalem Ajans b\u00fcnyesine kat\u0131lmak harika bir f\u0131rsatt\u0131 ve s\u00fcrecin her bir a\u015famas\u0131 apayr\u0131 bir heyecan oldu. Bunun \u00f6tesinde de bir deneyimim olmad\u0131\u011f\u0131 i\u00e7in yorum yapam\u0131yorum. Kusura bakmay\u0131n.<\/p>\n<p>&nbsp;<\/p>\n<p><b>Hakan: <\/b>Umal\u0131m ki \u00fclkemizde de ajans kavram\u0131 ve yay\u0131nc\u0131l\u0131k sekt\u00f6r\u00fcne katk\u0131lar\u0131 daha da geli\u015fsin. Gelgelelim \u00f6yk\u00fclere. Yaz\u0131n hayat\u0131nda \u00f6yk\u00fclerin \u00f6nemli bir yer kaplad\u0131\u011f\u0131n\u0131 internet \u00fczerindeki yay\u0131nlar\u0131ndan biliyoruz. Nedir peki hayat\u0131nda \u00f6yk\u00fclerin yeri tam olarak? \u201cG\u00f6ky\u00fcz\u00fcne D\u00fc\u015fen K\u0131z\u201d bir novella olsa da di\u011fer yazd\u0131\u011f\u0131n \u00f6yk\u00fclerle aras\u0131nda ne \u00e7e\u015fit farkl\u0131l\u0131klar vard\u0131?<\/p>\n<p><b>Or\u00e7un:<\/b> Bu d\u00fc\u015f\u00fcnce tam olarak nas\u0131l olu\u015ftu bilmiyorum; ama her iyi \u00f6yk\u00fcc\u00fcn\u00fcn iyi bir romanc\u0131 olabilece\u011fine, her iyi romanc\u0131n\u0131nsa iyi bir \u00f6yk\u00fcc\u00fc olamayaca\u011f\u0131na inan\u0131yorum. Bir okuyucu olarak Kinder s\u00fcrpriz yumurta g\u00f6z\u00fcyle bak\u0131yorum onlara. Bakt\u0131\u011f\u0131n\u0131z zaman k\u00fc\u00e7\u00fck, ufak tefek; ama i\u00e7ini a\u00e7t\u0131\u011f\u0131n\u0131zda yapaca\u011f\u0131n\u0131z \u015feyin ne oldu\u011funu, ne kadar b\u00fcy\u00fck oldu\u011funu bilmiyorsunuz. Bu inan\u0131lmaz bir \u015fey bence. G\u00f6ky\u00fcz\u00fcne D\u00fc\u015fen K\u0131z\u2019\u0131n yazd\u0131\u011f\u0131m \u00f6yk\u00fclerden fark\u0131na gelecek olursak &#8211; dedi\u011fin gibi kar\u015f\u0131la\u015ft\u0131rma yapmak yap\u0131lar\u0131 gere\u011fi zor &#8211; herhalde ya\u015f grubu diyebiliriz. Yazd\u0131\u011f\u0131m \u00f6yk\u00fclerin \u00e7o\u011fu \u00e7ocuklar i\u00e7in de\u011fil.<\/p>\n<p>&nbsp;<\/p>\n<p><b>Hakan:<\/b> O zaman \u015funu soral\u0131m: Var m\u0131 yak\u0131nlarda bir \u00f6yk\u00fc kitab\u0131 projesi?<\/p>\n<p><b>Or\u00e7un:<\/b> Bir dosyam var; ama hen\u00fcz bir \u015fey s\u00f6ylemek i\u00e7in \u00e7ok erken.<\/p>\n<p>&nbsp;<\/p>\n<p><b>Hakan:<\/b> Ya \u201cG\u00f6ky\u00fcz\u00fcne D\u00fc\u015fen K\u0131z\u201d\u0131n devam\u0131 i\u00e7in bir \u015feyler var m\u0131? Kitapta baz\u0131 k\u0131s\u0131mlar\u0131n a\u00e7\u0131kta kald\u0131\u011f\u0131 ve devam\u0131n\u0131n gelece\u011fi sinyallerini al\u0131yoruz. Nil\u2019le ve g\u00f6ky\u00fcz\u00fcyle olan maceralar\u0131m\u0131z devam edecek mi?<\/p>\n<p><b>Or\u00e7un:<\/b> Devam ettirmek istiyorum. \u015eu anda ikinci kitap \u00fcst\u00fcnde \u00e7al\u0131\u015f\u0131yorum.<\/p>\n<p>&nbsp;<\/p>\n<p><b>Hakan<\/b>: Ayr\u0131ca, sinemayla ilgili de birka\u00e7 kelam edelim istersen. Londra\u2019da, film ve televizyon \u00fczerine y\u00fcksek lisans e\u011fitimi ald\u0131n. K\u0131sa film denemelerin oldu. \u00d6zellikle \u201cR\u00fcyagezer G\u00fcnl\u00fckleri\u201dni senden bir \u015fekilde haberdar olmu\u015f \u00e7o\u011fu ki\u015fi izlemi\u015ftir. K\u0131sa film \u00e7ekmekle kalmad\u0131n sadece, senaryo denemelerin, bir ara internet dizisi, yine klip \u00e7ekimi gibi i\u015flerle de u\u011fra\u015ft\u0131n. Ya g\u00fcn\u00fcm\u00fcz durumu nedir? Sinemayla olan ba\u011f\u0131n ne durumda?<\/p>\n<p><b>Or\u00e7un:<\/b> Bu sene maalesef istedi\u011fim gibi ilgilenemedim. Ankara-\u0130stanbul aras\u0131 mekik dokumaktan, belirsizliklerden ve elbette maddi durumlardan \u00f6t\u00fcr\u00fc yeni bir \u015fey \u00e7ekemedim; ama heyecanland\u0131ran projeler var. \u00d6zellikle de umar\u0131m yak\u0131n zamanda \u00e7al\u0131\u015fmalara ba\u015flayaca\u011f\u0131m\u0131z bir klip\/k\u0131sa film projesi.<\/p>\n<p style=\"text-align: center;\"><object width=\"467\" height=\"267\" classid=\"clsid:d27cdb6e-ae6d-11cf-96b8-444553540000\" codebase=\"http:\/\/download.macromedia.com\/pub\/shockwave\/cabs\/flash\/swflash.cab#version=6,0,40,0\"><param name=\"allowFullScreen\" value=\"true\" \/><param name=\"allowscriptaccess\" value=\"always\" \/><param name=\"src\" value=\"http:\/\/www.youtube.com\/v\/kyuC63ULmCw?version=3&amp;hl=en_US&amp;rel=0\" \/><param name=\"allowfullscreen\" value=\"true\" \/><embed width=\"467\" height=\"267\" type=\"application\/x-shockwave-flash\" src=\"http:\/\/www.youtube.com\/v\/kyuC63ULmCw?version=3&amp;hl=en_US&amp;rel=0\" allowFullScreen=\"true\" allowscriptaccess=\"always\" allowfullscreen=\"true\" \/><\/object><br \/>\n<strong><span style=\"font-size: x-small;\">R\u00fcyagezer\u2019in G\u00fcnl\u00fc\u011f\u00fc<\/span><\/strong><\/p>\n<p><b>Hakan:<\/b> Son olarak okurlara, takip\u00e7ilerine ve senin gibi ilk kitab\u0131n\u0131 bast\u0131rmak i\u00e7in aray\u0131\u015flarda olan gen\u00e7 yazarlara s\u00f6ylemek istedi\u011fin bir \u015feyler var m\u0131?<\/p>\n<p><b>Or\u00e7un:<\/b> Okurlar\u0131n sonsuza kadar okur kalmalar\u0131n\u0131 diliyorum. Takip edenler i\u00e7in internet sayfam\u0131 ve muhtemelen daha iyi bir kaynak olan Kay\u0131p R\u0131ht\u0131m\u2019\u0131 \u00f6neriyorum, gen\u00e7 yazarlara ise sab\u0131r ve metanet diliyorum. Elinde bitmi\u015f bir dosyas\u0131 olan herkesin neler ya\u015fad\u0131\u011f\u0131n\u0131, hissetti\u011fini az \u00e7ok anlayabiliyorum ve ger\u00e7ekten sabr\u0131n en \u00f6nemli \u015fey oldu\u011funu d\u00fc\u015f\u00fcn\u00fcyorum. Sabretmekten vazge\u00e7memeli, atmaktan, yenilmekten korkmamal\u0131, olumsuz geli\u015fmelerle y\u0131lmamal\u0131lar. \u0130htiyac\u0131n\u0131z olan tek \u015fey birazc\u0131k \u015fans. Onun da ne zaman nas\u0131l gelece\u011fi belli olmuyor.<\/p>\n<p>&nbsp;<\/p>\n<p><b>Hakan:<\/b> Verdi\u011fin bu g\u00fczel ve keyifli cevaplar i\u00e7in Kay\u0131p R\u0131ht\u0131m ad\u0131na te\u015fekk\u00fcr ediyorum. Umuyorum okuru bol olur ve devam kitaplar\u0131 ve elbette \u00f6yk\u00fc kitaplar\u0131n da gelecek zamanlarda raflardaki yerini alm\u0131\u015f olur.<\/p>\n<p><b>Or\u00e7un:<\/b> As\u0131l ben te\u015fekk\u00fcr ederim. Yanl\u0131\u015f \u015feyler s\u00f6ylediysem ilk kez bir r\u00f6portaj verdi\u011fim mazeretiyle aff\u0131n\u0131za s\u0131\u011f\u0131n\u0131yorum. R\u00f6portaj\u0131 Kay\u0131p R\u0131ht\u0131m\u2019la, sizinle yapmak da ayr\u0131ca anlaml\u0131yd\u0131 benim i\u00e7in. Bu f\u0131rsat i\u00e7in de tekrar te\u015fekk\u00fcrler.<\/p>\n","protected":false},"excerpt":{"rendered":"<p>K\u00fc\u00e7\u00fck bir k\u0131z, g\u00f6ky\u00fcz\u00fcne d\u00fc\u015fer ve her \u015feyin tersiyle kar\u015f\u0131la\u015f\u0131rsa ne olur, hi\u00e7 d\u00fc\u015f\u00fcnd\u00fcn\u00fcz m\u00fc? Bu soru, ge\u00e7ti\u011fimiz haftalarda \u00e7\u0131kan bir ilk yazar\u0131n kitab\u0131nda cevap buldu. A. Or\u00e7un Can\u2019\u0131n ilk kitab\u0131 olma \u00f6zelli\u011fini ta\u015f\u0131yan G\u00f6ky\u00fcz\u00fcne D\u00fc\u015fen K\u0131z raflardaki yerini hen\u00fcz alm\u0131\u015fken, kendisiyle hem kitab\u0131 hem de di\u011fer ilgi alanlar\u0131n\u0131 kapsayan keyifli bir s\u00f6yle\u015fi ger\u00e7ekle\u015ftirdik. Hakan [&hellip;]<\/p>\n","protected":false},"author":1,"featured_media":0,"parent":1029,"menu_order":0,"comment_status":"open","ping_status":"closed","template":"page2.php","meta":{"_acf_changed":false,"footnotes":""},"class_list":{"0":"post-29283","1":"page","2":"type-page","3":"status-publish","5":"kose_yazari-hakan-tunc-magicalbronze"},"acf":[],"_links":{"self":[{"href":"https:\/\/www.kayiprihtim.org\/portal\/wp-json\/wp\/v2\/pages\/29283","targetHints":{"allow":["GET"]}}],"collection":[{"href":"https:\/\/www.kayiprihtim.org\/portal\/wp-json\/wp\/v2\/pages"}],"about":[{"href":"https:\/\/www.kayiprihtim.org\/portal\/wp-json\/wp\/v2\/types\/page"}],"author":[{"embeddable":true,"href":"https:\/\/www.kayiprihtim.org\/portal\/wp-json\/wp\/v2\/users\/1"}],"replies":[{"embeddable":true,"href":"https:\/\/www.kayiprihtim.org\/portal\/wp-json\/wp\/v2\/comments?post=29283"}],"version-history":[{"count":0,"href":"https:\/\/www.kayiprihtim.org\/portal\/wp-json\/wp\/v2\/pages\/29283\/revisions"}],"up":[{"embeddable":true,"href":"https:\/\/www.kayiprihtim.org\/portal\/wp-json\/wp\/v2\/pages\/1029"}],"wp:attachment":[{"href":"https:\/\/www.kayiprihtim.org\/portal\/wp-json\/wp\/v2\/media?parent=29283"}],"curies":[{"name":"wp","href":"https:\/\/api.w.org\/{rel}","templated":true}]}}