{"id":3295,"date":"2010-01-06T22:41:34","date_gmt":"2010-01-06T20:41:34","guid":{"rendered":"http:\/\/www.kayiprihtim.org\/portal\/?page_id=3295"},"modified":"2021-06-06T01:56:54","modified_gmt":"2021-06-05T22:56:54","slug":"district-9","status":"publish","type":"page","link":"https:\/\/www.kayiprihtim.org\/portal\/sinemada-bilim-kurgu\/district-9\/","title":{"rendered":"District 9"},"content":{"rendered":"<p><img decoding=\"async\" class=\"aligncenter\" src=\"https:\/\/www.kayiprihtim.org\/portal\/gorsel\/distritct-9-top.jpg\" alt=\"\" width=\"466\" height=\"106\"><\/p>\n<p style=\"text-indent: 0.4cm; text-align: justify;\"><strong>Y\u00f6netmen:<\/strong> Neill Blomkamp<br \/>\n<strong>Senaryo:<\/strong> Neill Blomkamp, Teri Tatchell<br \/>\n<strong>Oyuncular:<\/strong> Sharlto Copley, Jason Cope, Nathalie Boltt, Sylvian Strike, Elizabeth Mkandawie<\/p>\n<p style=\"text-indent: 0.4cm; text-align: justify;\">\u0130\u015fte bu senenin en b\u00fcy\u00fck olay\u0131. District 9 her y\u00f6n\u00fcyle efsane olmaya aday bir film. \u015eimdiye kadar yap\u0131lm\u0131\u015f en sa\u011flam bilimkurgulardan birini g\u00f6rd\u00fc 2009 senesi.<\/p>\n<p style=\"text-indent: 0.4cm; text-align: justify;\">Film bir belgesel havas\u0131nda ba\u015fl\u0131yor ve hep \u00f6yle gidiyor. The Blair Witch Project ile tavan yapan bu tarz filmlerin belki de en oturmu\u015flar\u0131ndan birisi. Daha farkl\u0131 olarak Blair Witch\u2019te de Paranormal Activity\u2019de de ve Cloverfield filminde de hep amat\u00f6r \u00e7ekimler s\u00f6z konusuydu. Bu filmde belgesel profesyonel bir belgesel havas\u0131nda ba\u015fl\u0131yor ve daha sonra ayn\u0131 tarz s\u00fcrd\u00fcr\u00fclerek t\u00fcm film boyunca kamera bu \u015fekilde kullan\u0131l\u0131yor. Yoldan giderken kenarda as\u0131l\u0131 kalm\u0131\u015f uzay gemisini g\u00f6r\u00fcyorsunuz. Par\u00e7a par\u00e7a uzayl\u0131lar g\u00f6r\u00fcyorsunuz. G\u00f6rsel efektler, modeller, makyajlar o kadar zekice kullan\u0131lm\u0131\u015f ki! Ve b\u00fct\u00fcn bunlar aksiyon bilimkurgular i\u00e7in \u00e7erez say\u0131lacak 30m dolar gibi bir parayla yap\u0131lm\u0131\u015f.<\/p>\n<p style=\"text-indent: 0.4cm; text-align: justify;\">Ba\u015flarda Mikus Van de Merwe\u2019nin g\u00f6reve geli\u015fi ve oradaki konumu anlat\u0131l\u0131yor. Uzayl\u0131lar d\u00fcnyaya d\u00fc\u015fm\u00fc\u015fler. Daha do\u011frusu acil ini\u015f yapm\u0131\u015flar. T\u00fcm d\u00fcnya \u00e7ok \u015fa\u015f\u0131r\u0131yor. \u0130ndikleri yer olan Johannesburg\u2019un \u00fczerinde koca bir uzay gemisi duruyor, ki burada belirtmeliyim uzay gemisinin d\u0131\u015ftan g\u00f6r\u00fcn\u00fc\u015f\u00fc \u00e7ok iyi yap\u0131lm\u0131\u015f. Galaksiler aras\u0131 bir Titanic vakas\u0131 gibi. \u0130nsanlar i\u00e7eriye giriyorlar ve milyon uzayl\u0131y\u0131 a\u00e7l\u0131ktan \u00f6lmek \u00fczere buluyorlar. Acilen District 9 ad\u0131nda bir b\u00f6lge kuruluyor. Uzayl\u0131lar oraya yerle\u015ftiriliyorlar ve t\u00fcm haklar\u0131 k\u0131s\u0131tlan\u0131yor. Genel olarak kedi mamas\u0131yla besleniyorlar, et seviyorlar. Ba\u015flarda sald\u0131rgan g\u00f6r\u00fcn\u00fcyorlar ama sonlara do\u011fru, as\u0131l sald\u0131rgan\u0131n kim oldu\u011fu ortaya \u00e7\u0131k\u0131yor.<\/p>\n<p style=\"text-indent: 0.4cm; text-align: justify;\">Moon i\u00e7in s\u00f6yledi\u011fimi asl\u0131nda bu film i\u00e7in s\u00f6ylemem gerek. Tam bir bilimkurgu. Ortaya bir fikir at\u0131yor. Ve bu fikir o kadar somut, o kadar elle tutulur ki. Kitap olsaym\u0131\u015f tam olurmu\u015f. Irk\u00e7\u0131l\u0131k kar\u015f\u0131tl\u0131\u011f\u0131n\u0131n daha ne kadar farkl\u0131 i\u015flenebilece\u011fini bilmiyorum. Klasik aksiyonlardaki g\u00fc\u00e7l\u00fc ve canavar uzayl\u0131lar (ki baz\u0131lar\u0131nda g\u00fczel g\u00f6r\u00fcn\u00fcml\u00fc bile olabiliyorlar) burada zay\u0131f aciz olarak g\u00f6sterilmi\u015fler. Neden? \u00c7\u00fcnk\u00fc farkl\u0131lar. Neden? \u00c7\u00fcnk\u00fc az\u0131nl\u0131ktalar. Neden? \u00c7\u00fcnk\u00fc \u00e7o\u011funluk onlar\u0131 sevmiyor.<\/p>\n<p style=\"text-indent: 0.4cm; text-align: justify;\">District 9\u2019\u0131n konusu temel olarak G\u00fcney Afrika\u2019n\u0131n 1966 y\u0131l\u0131nda Apartheid rejimi s\u0131ras\u0131nda uygulad\u0131\u011f\u0131 politikan\u0131n farkl\u0131 bir \u015fekilde anlat\u0131l\u0131\u015f\u0131. D\u00f6nem politikas\u0131 gere\u011fi District 6 ad\u0131 verilen b\u00f6lgeye beyazlar\u0131n yerle\u015ftirilmesine karar verilmi\u015f ve b\u00f6lgede ya\u015fayan 60 bine yak\u0131n siyah tahliye edilmi\u015f devlet taraf\u0131ndan yap\u0131lan k\u0131yt\u0131r\u0131k kul\u00fcbelere yerle\u015ftirilmi\u015f. Ve bana en ilgin\u00e7 gelen bu filmde kullan\u0131lan mekanlar\u0131n ger\u00e7ekten de siyahlar\u0131n ya\u015fad\u0131\u011f\u0131 o kul\u00fcbeler olmas\u0131. Dekor de\u011filmi\u015f.<\/p>\n<p style=\"text-indent: 0.4cm; text-align: justify;\">Film a\u00e7\u0131k ara bu senenin en ba\u015far\u0131l\u0131 bilimkurgu yap\u0131m\u0131. Yer yer kli\u015felere sapsa da sapmadan \u00f6nce sanki vazge\u00e7ecekmi\u015f gibi g\u00f6stermesi ve d\u00fc\u015f\u00fcnd\u00fcrmesi bile bu y\u00f6n\u00fcn\u00fc g\u00f6zden ka\u00e7\u0131rmam\u0131z\u0131 sa\u011fl\u0131yor.<\/p>\n<p style=\"text-indent: 0.4cm; text-align: justify;\"><span style=\"color: #ff0000;\"><span style=\"font-size: 14pt; line-height: 1.3em;\"><strong>\u2014\u2014\u2014\u2014\u2014\u2014\u2014<br \/>\nPUAN :<\/strong> <strong><span style=\"color: #800000;\">9,2 \/ 10<br \/>\n\u2014\u2014\u2014\u2014\u2014-<\/span><\/strong><\/span><\/span><\/p>\n<hr \/>\n<table id=\"table20\" style=\"border-collapse: collapse; height: 21px; width: 470px;\" border=\"0\" cellspacing=\"0\" cellpadding=\"2\">\n<tbody>\n<tr>\n<td style=\"border-style: solid ridge ridge; border-width: 1px; padding-left: 4px; padding-right: 4px;\" bgcolor=\"#c0b18d\" width=\"98%\"><strong><span style=\"font-size: 9pt; font-family: Tahoma;\">\u00d6zg\u00fcrcan Uzunya\u015fa | Amras Ringeril<\/span><br \/>\n<\/strong><\/td>\n<\/tr>\n<\/tbody>\n<\/table>\n","protected":false},"excerpt":{"rendered":"<p>Y\u00f6netmen: Neill Blomkamp Senaryo: Neill Blomkamp, Teri Tatchell Oyuncular: Sharlto Copley, Jason Cope, Nathalie Boltt, Sylvian Strike, Elizabeth Mkandawie \u0130\u015fte bu senenin en b\u00fcy\u00fck olay\u0131. District 9 her y\u00f6n\u00fcyle efsane olmaya aday bir film. \u015eimdiye kadar yap\u0131lm\u0131\u015f en sa\u011flam bilimkurgulardan birini g\u00f6rd\u00fc 2009 senesi. Film bir belgesel havas\u0131nda ba\u015fl\u0131yor ve hep \u00f6yle gidiyor. The Blair [&hellip;]<\/p>\n","protected":false},"author":3,"featured_media":0,"parent":3284,"menu_order":0,"comment_status":"open","ping_status":"closed","template":"","meta":{"_acf_changed":false,"footnotes":""},"class_list":["post-3295","page","type-page","status-publish"],"acf":[],"_links":{"self":[{"href":"https:\/\/www.kayiprihtim.org\/portal\/wp-json\/wp\/v2\/pages\/3295","targetHints":{"allow":["GET"]}}],"collection":[{"href":"https:\/\/www.kayiprihtim.org\/portal\/wp-json\/wp\/v2\/pages"}],"about":[{"href":"https:\/\/www.kayiprihtim.org\/portal\/wp-json\/wp\/v2\/types\/page"}],"author":[{"embeddable":true,"href":"https:\/\/www.kayiprihtim.org\/portal\/wp-json\/wp\/v2\/users\/3"}],"replies":[{"embeddable":true,"href":"https:\/\/www.kayiprihtim.org\/portal\/wp-json\/wp\/v2\/comments?post=3295"}],"version-history":[{"count":1,"href":"https:\/\/www.kayiprihtim.org\/portal\/wp-json\/wp\/v2\/pages\/3295\/revisions"}],"predecessor-version":[{"id":59360,"href":"https:\/\/www.kayiprihtim.org\/portal\/wp-json\/wp\/v2\/pages\/3295\/revisions\/59360"}],"up":[{"embeddable":true,"href":"https:\/\/www.kayiprihtim.org\/portal\/wp-json\/wp\/v2\/pages\/3284"}],"wp:attachment":[{"href":"https:\/\/www.kayiprihtim.org\/portal\/wp-json\/wp\/v2\/media?parent=3295"}],"curies":[{"name":"wp","href":"https:\/\/api.w.org\/{rel}","templated":true}]}}