{"id":33460,"date":"2014-06-08T12:17:08","date_gmt":"2014-06-08T09:17:08","guid":{"rendered":"http:\/\/www.kayiprihtim.org\/portal\/?page_id=33460"},"modified":"2016-03-30T13:28:35","modified_gmt":"2016-03-30T10:28:35","slug":"hayalet-avcilari-30uncu-yildonumu","status":"publish","type":"page","link":"https:\/\/www.kayiprihtim.org\/portal\/projeler\/hayalet-avcilari-30uncu-yildonumu\/","title":{"rendered":"Hayalet Avc\u0131lar\u0131 | 30&#8217;ncu Y\u0131ld\u00f6n\u00fcm\u00fc"},"content":{"rendered":"<p style=\"text-align: center;\"><img fetchpriority=\"high\" decoding=\"async\" class=\"aligncenter size-full wp-image-33462\" style=\"border-width: 0px;\" src=\"https:\/\/www.kayiprihtim.org\/portal\/gorsel\/2014\/06\/ghostbusters1.jpg\" alt=\"ghostbusters\" width=\"980\" height=\"7309\" \/><\/p>\n","protected":false},"excerpt":{"rendered":"","protected":false},"author":1,"featured_media":33462,"parent":12165,"menu_order":0,"comment_status":"open","ping_status":"closed","template":"fullwidth.php","meta":{"_acf_changed":false,"footnotes":""},"class_list":{"0":"post-33460","1":"page","2":"type-page","3":"status-publish","4":"has-post-thumbnail","6":"kose_yazari-m-ihsan-tatari-arsivi"},"acf":[],"_links":{"self":[{"href":"https:\/\/www.kayiprihtim.org\/portal\/wp-json\/wp\/v2\/pages\/33460","targetHints":{"allow":["GET"]}}],"collection":[{"href":"https:\/\/www.kayiprihtim.org\/portal\/wp-json\/wp\/v2\/pages"}],"about":[{"href":"https:\/\/www.kayiprihtim.org\/portal\/wp-json\/wp\/v2\/types\/page"}],"author":[{"embeddable":true,"href":"https:\/\/www.kayiprihtim.org\/portal\/wp-json\/wp\/v2\/users\/1"}],"replies":[{"embeddable":true,"href":"https:\/\/www.kayiprihtim.org\/portal\/wp-json\/wp\/v2\/comments?post=33460"}],"version-history":[{"count":0,"href":"https:\/\/www.kayiprihtim.org\/portal\/wp-json\/wp\/v2\/pages\/33460\/revisions"}],"up":[{"embeddable":true,"href":"https:\/\/www.kayiprihtim.org\/portal\/wp-json\/wp\/v2\/pages\/12165"}],"wp:featuredmedia":[{"embeddable":true,"href":"https:\/\/www.kayiprihtim.org\/portal\/wp-json\/wp\/v2\/media\/33462"}],"wp:attachment":[{"href":"https:\/\/www.kayiprihtim.org\/portal\/wp-json\/wp\/v2\/media?parent=33460"}],"curies":[{"name":"wp","href":"https:\/\/api.w.org\/{rel}","templated":true}]}}