{"id":3402,"date":"2010-01-11T19:04:11","date_gmt":"2010-01-11T16:04:11","guid":{"rendered":"http:\/\/www.kayiprihtim.org\/portal\/?page_id=3402"},"modified":"2011-08-22T23:42:58","modified_gmt":"2011-08-22T20:42:58","slug":"kebikec","status":"publish","type":"page","link":"https:\/\/www.kayiprihtim.org\/portal\/kitaplar\/kebikec\/","title":{"rendered":"Kebike\u00e7"},"content":{"rendered":"<table style=\"border: thin outset; border-collapse: collapse; height: 30px; width: 470px;\" border=\"0\" cellpadding=\"2\">\n<tbody>\n<tr>\n<td width=\"30%\" bgcolor=\"#330000\"><span style=\"color: #ffffff;\"><span style=\"font-family: Verdana;\"><strong>KEB\u0130KE\u00c7<\/strong><\/span><\/span><span style=\"font-family: Verdana; color: #ffffff;\"><strong><br \/>\n<\/strong><\/span><\/td>\n<\/tr>\n<\/tbody>\n<\/table>\n<table style=\"border-collapse: collapse; width: 462px; height: 250px;\" border=\"0\" cellspacing=\"0\" cellpadding=\"0\" bordercolor=\"#111111\">\n<tbody>\n<tr>\n<td width=\"58%\" align=\"center\" valign=\"top\">\n<table style=\"border-collapse: collapse; width: 315px; height: 248px;\" border=\"0\" cellspacing=\"2\">\n<tbody>\n<tr>\n<td width=\"100%\" align=\"right\">\n<table style=\"width: 310px; height: 88px;\" border=\"0\" cellspacing=\"0\">\n<tbody>\n<tr bgcolor=\"#D1C4A5\">\n<td width=\"39%\"><strong>Yazar<\/strong><\/td>\n<td width=\"3%\">:<\/td>\n<td width=\"51%\"><span style=\"color: #993300;\"><strong>Devrim Kodakc\u0131<\/strong><\/span><span style=\"color: #181512;\"><br \/>\n<\/span><\/td>\n<\/tr>\n<tr bgcolor=\"#E4DDCB\">\n<td><strong>Yay\u0131na Haz\u0131rlayan<\/strong><\/td>\n<td width=\"3%\">:<\/td>\n<td width=\"51%\">Nazl\u0131 Deniz O\u011fuz<\/td>\n<\/tr>\n<tr bgcolor=\"#D1C4A5\">\n<td width=\"39%\"><strong>Kapak Tasar\u0131m\u0131<\/strong><strong><br \/>\n<\/strong><\/td>\n<td width=\"3%\">:<\/td>\n<td width=\"51%\">Onur Can \u00d6zdemir,<br \/>\nMehmet Yaman<\/td>\n<\/tr>\n<tr bgcolor=\"#E4DDCB\">\n<td width=\"39%\"><\/td>\n<td width=\"3%\"><\/td>\n<td width=\"51%\"><\/td>\n<\/tr>\n<\/tbody>\n<\/table>\n<\/td>\n<\/tr>\n<tr>\n<td style=\"border-style: solid ridge ridge; border-width: 1px; padding-left: 4px; padding-right: 4px;\" width=\"100%\" bgcolor=\"#C0B18D\"><strong><span style=\"font-size: 9pt; font-family: Tahoma;\">Arkada\u015f Yay\u0131nlar\u0131<br \/>\n<\/span><\/strong><\/td>\n<\/tr>\n<tr>\n<td width=\"100%\" align=\"right\">\n<table style=\"width: 310px; height: 88px;\" border=\"0\" cellspacing=\"0\">\n<tbody>\n<tr bgcolor=\"#E4DDCB\">\n<td width=\"39%\"><strong>\u00c7\u0131k\u0131\u015f Tarihi<\/strong><strong><br \/>\n<\/strong><\/td>\n<td width=\"3%\">:<\/td>\n<td width=\"51%\"><span style=\"color: #181512;\">Ocak, 2010<\/span><span style=\"color: #181512;\"><br \/>\n<\/span><\/td>\n<\/tr>\n<tr bgcolor=\"#D1C4A5\">\n<td><strong>Sayfa Say\u0131s\u0131<\/strong><\/td>\n<td width=\"3%\">:<\/td>\n<td width=\"51%\">192<\/td>\n<\/tr>\n<tr bgcolor=\"#E4DDCB\">\n<td width=\"39%\"><strong>Fiyat\u0131<\/strong><\/td>\n<td width=\"3%\">:<\/td>\n<td width=\"51%\">9,50 TL<\/td>\n<\/tr>\n<tr bgcolor=\"#D1C4A5\">\n<td width=\"39%\"><strong>ISBN No<\/strong><\/td>\n<td width=\"3%\">:<\/td>\n<td width=\"51%\">9789755096353<\/td>\n<\/tr>\n<\/tbody>\n<\/table>\n<\/td>\n<\/tr>\n<\/tbody>\n<\/table>\n<\/td>\n<td width=\"39%\" align=\"left\" valign=\"top\">\n<p style=\"text-align: center;\">\n<p><a href=\"https:\/\/www.kayiprihtim.org\/portal\/gorsel\/kebikec.jpg\" target=\"_blank\"><img decoding=\"async\" class=\"aligncenter\" src=\"https:\/\/www.kayiprihtim.org\/portal\/gorsel\/kebikec.jpg\" border=\"0\" alt=\"\" hspace=\"1\" width=\"140\" height=\"219\"><\/a><\/td>\n<\/tr>\n<\/tbody>\n<\/table>\n<table style=\"border-collapse: collapse; width: 47%;\" border=\"0\" cellpadding=\"0\">\n<tbody>\n<tr>\n<td width=\"54%\">\n<table style=\"border-collapse: collapse; height: 147px; width: 470px;\" border=\"0\" cellspacing=\"0\" cellpadding=\"2\">\n<tbody>\n<tr>\n<td style=\"border-style: solid ridge ridge; border-width: 1px; padding-left: 4px; padding-right: 4px;\" width=\"98%\" bgcolor=\"#C0B18D\"><strong><span style=\"font-size: 9pt; font-family: Tahoma;\">Tan\u0131t\u0131m Yaz\u0131s\u0131<br \/>\n<\/span><\/strong><\/td>\n<\/tr>\n<tr>\n<td width=\"99%\" align=\"left\">\n<table style=\"width: 465px;\" border=\"0\">\n<tbody>\n<tr>\n<td style=\"border-style: outset; border-width: 1px;\" width=\"96%\" bgcolor=\"#D1C4A5\">\n<table style=\"border-collapse: collapse; width: 452px; height: 199px;\" border=\"0\" cellspacing=\"0\" cellpadding=\"5\" bgcolor=\"#D1C4A5\" bordercolor=\"#D1C4A5\">\n<tbody>\n<tr>\n<td width=\"96%\" bgcolor=\"#D1C4A5\">K\u0131m\u0131l k\u0131m\u0131l kayna\u015f\u0131p m\u0131r\u0131l m\u0131r\u0131l konu\u015fan parlak kaygan derili kurt\u00e7uklar topra\u011f\u0131n kara ba\u011fr\u0131ndan \u00f6bek \u00f6bek zuhur ederek Osmanl\u0131 Devleti&#8217;nin hayat \u00e7\u0131nar\u0131na do\u011fru yava\u015f yava\u015f sokuldular ve soluklanmadan koca g\u00f6vdeyi a\u011f\u0131r a\u011f\u0131r \u00e7\u0131karak yapraklar\u0131n dallara tutundu\u011fu can damarlar\u0131n\u0131 k\u0131t\u0131r k\u0131t\u0131r yemeye ba\u015flad\u0131lar. B\u00fct\u00fcn uzuvlar\u0131na inmeler inmi\u015f gibi g\u00f6zlerinden ba\u015fkaca hi\u00e7bir yerini oynatamayan Murat&#8217;\u0131n y\u00fcre\u011fi mengenede s\u0131k\u0131\u015f\u0131yor, d\u00fcnyas\u0131 ba\u015f\u0131na y\u0131k\u0131l\u0131yor ama yine de elinden hi\u00e7bir \u015fey gelmiyordu. Yere d\u00f6k\u00fclen her bir yaprakla birlikte Osmanl\u0131 tebaas\u0131ndan biri can veriyor, \u00fc\u00e7 y\u00fcz y\u0131ll\u0131k koca \u00e7\u0131nar i\u00e7in i\u00e7in kuruyordu. Tam o anda gaipten gelen ses f\u0131s\u0131ldamaya ba\u015flad\u0131: &#8220;\u00dc\u00e7 b\u00fcy\u00fck musibet&#8230; \u00dc\u00e7 b\u00fcy\u00fck musibet g\u00f6r\u00fcp de \u00fc\u00e7 vakte kadar tebaan\u0131 hale yola koyamazsan d\u00f6rd\u00fcnc\u00fc musibeti hi\u00e7bir Osmanl\u0131 g\u00f6remeyecek&#8230; \u00dc\u00e7 b\u00fcy\u00fck musibeti bekle&#8230;&#8221; Arka Kapaktan<\/p>\n<p>IV. Murat d\u00f6nemini konu alan, masal ile ger\u00e7e\u011fin i\u00e7 i\u00e7e ge\u00e7ti\u011fi, olay \u00f6rg\u00fcs\u00fc ve \u00fcslup y\u00f6n\u00fcnden okuru sayfalara adeta Kebike\u00e7&#8217;in b\u00fcy\u00fcs\u00fc ile hapseden, yer yer g\u00fcld\u00fcren, \u00e7ok\u00e7a d\u00fc\u015f\u00fcnd\u00fcren, betimlemeleri ile hayranl\u0131k uyand\u0131ran, keyifli, dopdolu bir ilk roman.<\/p>\n<p>Devrim Kodakc\u0131, g\u00fcncelli\u011fini asla yitirmeyen bir konuyu, on yedinci as\u0131r Osmanl\u0131 ya\u015fant\u0131s\u0131nda, IV. Murat&#8217;\u0131n bask\u0131c\u0131 y\u00f6netimi ortam\u0131nda ele alm\u0131\u015f; devleti kurtarma g\u00fcd\u00fcs\u00fcn\u00fcn d\u0131\u015favurumu olan korku, evham ve zulm\u00fc, masallar\u0131n hayal d\u00fcnyas\u0131na ait olan kurgu ve anlat\u0131m zenginli\u011fi ile ba\u015far\u0131l\u0131 bir \u015fekilde harmanlayarak okuru esir alan etkili bir roman ortaya koymu\u015ftur. \u0130lmin ve bilginin de\u011ferini, oryantalist tuzaklara d\u00fc\u015fmeden, Anadolu s\u00f6ylenceleri ve motifleri ile okura aktar\u0131rken; roman kahraman\u0131 Kebike\u00e7&#8217;in kim oldu\u011fu veya daha do\u011fru bir ifade ile, ne oldu\u011fu konusunda ipu\u00e7lar\u0131 vererek nihai karar\u0131 okurun kendisine b\u0131rakm\u0131\u015ft\u0131r. Belki de roman sayfalar\u0131nda yar\u0131 insan yar\u0131 cin olarak kar\u015f\u0131m\u0131za \u00e7\u0131kan Kebike\u00e7*, eski bir Anadolu tanr\u0131s\u0131n\u0131n ta kendisidir; kim bilir..<\/td>\n<\/tr>\n<\/tbody>\n<\/table>\n<\/td>\n<\/tr>\n<\/tbody>\n<\/table>\n<\/td>\n<\/tr>\n<\/tbody>\n<\/table>\n<\/td>\n<\/tr>\n<\/tbody>\n<\/table>\n","protected":false},"excerpt":{"rendered":"<p>KEB\u0130KE\u00c7 Yazar : Devrim Kodakc\u0131 Yay\u0131na Haz\u0131rlayan : Nazl\u0131 Deniz O\u011fuz Kapak Tasar\u0131m\u0131 : Onur Can \u00d6zdemir, Mehmet Yaman Arkada\u015f Yay\u0131nlar\u0131 \u00c7\u0131k\u0131\u015f Tarihi : Ocak, 2010 Sayfa Say\u0131s\u0131 : 192 Fiyat\u0131 : 9,50 TL ISBN No : 9789755096353 Tan\u0131t\u0131m Yaz\u0131s\u0131 K\u0131m\u0131l k\u0131m\u0131l kayna\u015f\u0131p m\u0131r\u0131l m\u0131r\u0131l konu\u015fan parlak kaygan derili kurt\u00e7uklar topra\u011f\u0131n kara ba\u011fr\u0131ndan \u00f6bek \u00f6bek [&hellip;]<\/p>\n","protected":false},"author":1,"featured_media":0,"parent":57,"menu_order":0,"comment_status":"open","ping_status":"closed","template":"","meta":{"_acf_changed":false,"footnotes":""},"class_list":["post-3402","page","type-page","status-publish"],"acf":[],"_links":{"self":[{"href":"https:\/\/www.kayiprihtim.org\/portal\/wp-json\/wp\/v2\/pages\/3402","targetHints":{"allow":["GET"]}}],"collection":[{"href":"https:\/\/www.kayiprihtim.org\/portal\/wp-json\/wp\/v2\/pages"}],"about":[{"href":"https:\/\/www.kayiprihtim.org\/portal\/wp-json\/wp\/v2\/types\/page"}],"author":[{"embeddable":true,"href":"https:\/\/www.kayiprihtim.org\/portal\/wp-json\/wp\/v2\/users\/1"}],"replies":[{"embeddable":true,"href":"https:\/\/www.kayiprihtim.org\/portal\/wp-json\/wp\/v2\/comments?post=3402"}],"version-history":[{"count":0,"href":"https:\/\/www.kayiprihtim.org\/portal\/wp-json\/wp\/v2\/pages\/3402\/revisions"}],"up":[{"embeddable":true,"href":"https:\/\/www.kayiprihtim.org\/portal\/wp-json\/wp\/v2\/pages\/57"}],"wp:attachment":[{"href":"https:\/\/www.kayiprihtim.org\/portal\/wp-json\/wp\/v2\/media?parent=3402"}],"curies":[{"name":"wp","href":"https:\/\/api.w.org\/{rel}","templated":true}]}}