{"id":3444,"date":"2010-01-21T11:00:12","date_gmt":"2010-01-21T09:00:12","guid":{"rendered":"http:\/\/www.kayiprihtim.org\/portal\/?page_id=3444"},"modified":"2012-01-31T10:35:53","modified_gmt":"2012-01-31T08:35:53","slug":"pic-fantazi","status":"publish","type":"page","link":"https:\/\/www.kayiprihtim.org\/portal\/kitaplar\/pic-fantazi\/","title":{"rendered":"Pi\u00e7 Fantazi"},"content":{"rendered":"<table style=\"border: thin outset; border-collapse: collapse; height: 30px; width: 470px;\" border=\"0\" cellpadding=\"2\">\n<tbody>\n<tr>\n<td width=\"30%\" bgcolor=\"#330000\"><span style=\"font-family: Verdana; color: #ffffff;\"><strong>P\u0130\u00c7 FANTAZ\u0130<br \/>\n<\/strong><\/span><\/td>\n<\/tr>\n<\/tbody>\n<\/table>\n<table style=\"border-collapse: collapse; width: 462px; height: 250px;\" border=\"0\" cellspacing=\"0\" cellpadding=\"0\" bordercolor=\"#111111\">\n<tbody>\n<tr>\n<td width=\"58%\" align=\"center\" valign=\"top\">\n<table style=\"border-collapse: collapse; width: 315px; height: 248px;\" border=\"0\" cellspacing=\"2\">\n<tbody>\n<tr>\n<td width=\"100%\" align=\"right\">\n<table style=\"width: 310px; height: 88px;\" border=\"0\" cellspacing=\"0\">\n<tbody>\n<tr bgcolor=\"#D1C4A5\">\n<td width=\"39%\"><strong>Yazar<\/strong><\/td>\n<td width=\"3%\">:<\/td>\n<td width=\"51%\"><span style=\"color: #181512;\">Luke Rhinehart<\/span><span style=\"color: #181512;\"><br \/>\n<\/span><\/td>\n<\/tr>\n<tr bgcolor=\"#E4DDCB\">\n<td><strong>\u00c7eviri<\/strong><\/td>\n<td width=\"3%\">:<\/td>\n<td width=\"51%\">\u00d6zlem Nihan Ye\u011fengil<\/td>\n<\/tr>\n<tr bgcolor=\"#D1C4A5\">\n<td width=\"39%\"><strong>Kapak Tasar\u0131m\u0131<\/strong><strong><br \/>\n<\/strong><\/td>\n<td width=\"3%\">:<\/td>\n<td width=\"51%\">Yunus Bora \u00dclke<\/td>\n<\/tr>\n<tr bgcolor=\"#E4DDCB\">\n<td width=\"39%\"><strong>\u00d6zg\u00fcn Ad\u0131<\/strong><\/td>\n<td width=\"3%\">:<\/td>\n<td width=\"51%\">Whim<\/td>\n<\/tr>\n<\/tbody>\n<\/table>\n<\/td>\n<\/tr>\n<tr>\n<td style=\"border-style: solid ridge ridge; border-width: 1px; padding-left: 4px; padding-right: 4px;\" width=\"100%\" bgcolor=\"#C0B18D\"><strong><span style=\"font-size: 9pt; font-family: Tahoma;\">Pegasus Yay\u0131nlar\u0131<br \/>\n<\/span><\/strong><\/td>\n<\/tr>\n<tr>\n<td width=\"100%\" align=\"right\">\n<table style=\"width: 310px; height: 88px;\" border=\"0\" cellspacing=\"0\">\n<tbody>\n<tr bgcolor=\"#D1C4A5\">\n<td width=\"39%\"><strong>\u00c7\u0131k\u0131\u015f Tarihi<\/strong><strong><br \/>\n<\/strong><\/td>\n<td width=\"3%\">:<\/td>\n<td width=\"51%\"><span style=\"color: #181512;\">Ocak, 2010<\/span><span style=\"color: #181512;\"><br \/>\n<\/span><\/td>\n<\/tr>\n<tr bgcolor=\"#E4DDCB\">\n<td><strong>Sayfa Say\u0131s\u0131<\/strong><\/td>\n<td width=\"3%\">:<\/td>\n<td width=\"51%\">440<\/td>\n<\/tr>\n<tr bgcolor=\"#D1C4A5\">\n<td width=\"39%\"><strong>Fiyat\u0131<\/strong><\/td>\n<td width=\"3%\">:<\/td>\n<td width=\"51%\">20,00 TL<\/td>\n<\/tr>\n<tr bgcolor=\"#E4DDCB\">\n<td width=\"39%\"><strong>ISBN No<\/strong><\/td>\n<td width=\"3%\">:<\/td>\n<td width=\"51%\">9786054263424<\/td>\n<\/tr>\n<\/tbody>\n<\/table>\n<\/td>\n<\/tr>\n<\/tbody>\n<\/table>\n<\/td>\n<td width=\"39%\" align=\"left\" valign=\"top\">\n<p style=\"text-align: center;\">\n<p><a href=\"https:\/\/www.kayiprihtim.org\/portal\/gorsel\/pic-fantazi.jpg\" target=\"_blank\"><img decoding=\"async\" src=\"https:\/\/www.kayiprihtim.org\/portal\/gorsel\/pic-fantazi.jpg\" border=\"0\" alt=\"\" hspace=\"1\" width=\"140\" height=\"219\" class=\"aligncenter\"><\/a><\/td>\n<\/tr>\n<\/tbody>\n<\/table>\n<table style=\"border-collapse: collapse; width: 47%;\" border=\"0\" cellpadding=\"0\">\n<tbody>\n<tr>\n<td width=\"54%\">\n<table style=\"border-collapse: collapse; height: 147px; width: 470px;\" border=\"0\" cellspacing=\"0\" cellpadding=\"2\">\n<tbody>\n<tr>\n<td style=\"border-style: solid ridge ridge; border-width: 1px; padding-left: 4px; padding-right: 4px;\" width=\"98%\" bgcolor=\"#C0B18D\"><strong><span style=\"font-size: 9pt; font-family: Tahoma;\">Tan\u0131t\u0131m Yaz\u0131s\u0131<br \/>\n<\/span><\/strong><\/td>\n<\/tr>\n<tr>\n<td width=\"99%\" align=\"left\">\n<table style=\"width: 465px;\" border=\"0\">\n<tbody>\n<tr>\n<td style=\"border-style: outset; border-width: 1px;\" width=\"96%\" bgcolor=\"#D1C4A5\">\n<table style=\"border-collapse: collapse; width: 452px; height: 199px;\" border=\"0\" cellspacing=\"0\" cellpadding=\"5\" bgcolor=\"#D1C4A5\" bordercolor=\"#D1C4A5\">\n<tbody>\n<tr>\n<td width=\"96%\" bgcolor=\"#D1C4A5\">New York Times En \u00c7ok Satan\u0131!<\/p>\n<p>Anar\u015fik, felsefi, \u00e7\u0131lg\u0131n ve bilin\u00e7alt\u0131n\u0131z\u0131 alt\u00fcst edici bir psikolojik roman.<\/p>\n<p>B\u00fcy\u00fck \u0130kiz Tanr\u0131lar Neden ile Sonu\u00e7&#8217;un, 2000 y\u0131ll\u0131k raporlar\u0131n\u0131 sunmak \u00fczere Y\u00fcce \u015eans Tanr\u0131s\u0131&#8217;n\u0131n huzuruna \u00e7a\u011fr\u0131lma g\u00fcn\u00fc geldi \u00e7att\u0131. Her zamanki gibi kendilerine e\u015flik eden b\u00fcy\u00fck bir tanr\u0131lar heyeti ve dalkavuk meleklerle birlikte geldiler. Ge\u00e7mi\u015f ve Gelecek oradayd\u0131. Ve Hipotez ile \u00c7\u00fcnk\u00fc de \u00f6yle; toplamda birka\u00e7 bin tanr\u0131 ederdi.<\/p>\n<p>Elbette \u015eans Tanr\u0131s\u0131&#8217;n\u0131n o\u011flu Whim de oradayd\u0131 ve d\u00fcnyaya gitmek istiyordu.<\/p>\n<p>Whim&#8217;in istedi\u011fi oldu. D\u00fcnyaya geldi. \u015eans Tanr\u0131s\u0131&#8217;n\u0131n pi\u00e7i olarak&#8230;<\/p>\n<p>Nihai Ger\u00e7ek&#8217;i bulmak i\u00e7in babas\u0131 \u015eans Tanr\u0131s\u0131 taraf\u0131ndan d\u00fcnyaya g\u00f6nderilen Whim \u00e7ok \u00f6zel bir K\u0131z\u0131lderili \u00e7ocuktur. Seks ve a\u015fk\u0131 hen\u00fcz ke\u015ffeden liseli bir futbol y\u0131ld\u0131z\u0131 ve kendilerini insanlardan saklayan bir K\u0131z\u0131lderili kabilesinin son birka\u00e7 \u00fcyesinden biriyken Nihai Ger\u00e7ek&#8217;in pe\u015fine d\u00fc\u015fer&#8230;<\/td>\n<\/tr>\n<\/tbody>\n<\/table>\n<\/td>\n<\/tr>\n<\/tbody>\n<\/table>\n<\/td>\n<\/tr>\n<\/tbody>\n<\/table>\n<\/td>\n<\/tr>\n<\/tbody>\n<\/table>\n","protected":false},"excerpt":{"rendered":"<p>P\u0130\u00c7 FANTAZ\u0130 Yazar : Luke Rhinehart \u00c7eviri : \u00d6zlem Nihan Ye\u011fengil Kapak Tasar\u0131m\u0131 : Yunus Bora \u00dclke \u00d6zg\u00fcn Ad\u0131 : Whim Pegasus Yay\u0131nlar\u0131 \u00c7\u0131k\u0131\u015f Tarihi : Ocak, 2010 Sayfa Say\u0131s\u0131 : 440 Fiyat\u0131 : 20,00 TL ISBN No : 9786054263424 Tan\u0131t\u0131m Yaz\u0131s\u0131 New York Times En \u00c7ok Satan\u0131! Anar\u015fik, felsefi, \u00e7\u0131lg\u0131n ve bilin\u00e7alt\u0131n\u0131z\u0131 alt\u00fcst edici [&hellip;]<\/p>\n","protected":false},"author":1,"featured_media":0,"parent":57,"menu_order":0,"comment_status":"open","ping_status":"closed","template":"","meta":{"_acf_changed":false,"footnotes":""},"class_list":["post-3444","page","type-page","status-publish"],"acf":[],"_links":{"self":[{"href":"https:\/\/www.kayiprihtim.org\/portal\/wp-json\/wp\/v2\/pages\/3444","targetHints":{"allow":["GET"]}}],"collection":[{"href":"https:\/\/www.kayiprihtim.org\/portal\/wp-json\/wp\/v2\/pages"}],"about":[{"href":"https:\/\/www.kayiprihtim.org\/portal\/wp-json\/wp\/v2\/types\/page"}],"author":[{"embeddable":true,"href":"https:\/\/www.kayiprihtim.org\/portal\/wp-json\/wp\/v2\/users\/1"}],"replies":[{"embeddable":true,"href":"https:\/\/www.kayiprihtim.org\/portal\/wp-json\/wp\/v2\/comments?post=3444"}],"version-history":[{"count":0,"href":"https:\/\/www.kayiprihtim.org\/portal\/wp-json\/wp\/v2\/pages\/3444\/revisions"}],"up":[{"embeddable":true,"href":"https:\/\/www.kayiprihtim.org\/portal\/wp-json\/wp\/v2\/pages\/57"}],"wp:attachment":[{"href":"https:\/\/www.kayiprihtim.org\/portal\/wp-json\/wp\/v2\/media?parent=3444"}],"curies":[{"name":"wp","href":"https:\/\/api.w.org\/{rel}","templated":true}]}}