{"id":36786,"date":"2015-01-18T22:59:45","date_gmt":"2015-01-18T20:59:45","guid":{"rendered":"http:\/\/www.kayiprihtim.org\/portal\/?page_id=36786"},"modified":"2015-01-19T08:48:58","modified_gmt":"2015-01-19T06:48:58","slug":"sizce-kayip-rihtim-yonetim","status":"publish","type":"page","link":"https:\/\/www.kayiprihtim.org\/portal\/projeler\/sizce-kayip-rihtim-yonetim\/","title":{"rendered":"Sizce Kay\u0131p R\u0131ht\u0131m? &#8211; Y\u00f6netim"},"content":{"rendered":"<p style=\"text-align: center;\"><img fetchpriority=\"high\" decoding=\"async\" class=\"aligncenter size-full wp-image-36800\" src=\"https:\/\/www.kayiprihtim.org\/portal\/gorsel\/2015\/01\/sizce-kayip-rihtim.jpg\" alt=\"sizce kayip rihtim\" width=\"467\" height=\"262\" srcset=\"https:\/\/www.kayiprihtim.org\/portal\/gorsel\/2015\/01\/sizce-kayip-rihtim.jpg 500w, https:\/\/www.kayiprihtim.org\/portal\/gorsel\/2015\/01\/sizce-kayip-rihtim-300x168.jpg 300w\" sizes=\"(max-width: 467px) 100vw, 467px\" \/><\/p>\n<p>[stextbox id=&#8221;custom&#8221;]<\/p>\n<p>Ne diyebilirim onun i\u00e7in, bilmiyorum. Ne demeyece\u011fimi biliyorum ama. <em>&#8220;\u00c7ocu\u011fum gibi,&#8221; <\/em>demeyece\u011fim mesela. Belki <em>&#8220;Yol arkada\u015f\u0131m,&#8221;<\/em> diyebilirim. Beraber ge\u00e7en bunca zaman diliminde, onun sayesinde \u00e7ok ama \u00e7ok \u015fey \u00f6\u011frendim. Bug\u00fcn beni ben yapan \u015feylerin bir\u00e7o\u011fu yine onun ard\u0131nda gizli. Dostluklar\u0131m\u0131 kurdu\u011fum mekan olmas\u0131n\u0131n yan\u0131 s\u0131ra etki etti\u011fi baz\u0131 ki\u015filerin gelece\u011fiyle ilgili kararlar almas\u0131n\u0131 da sa\u011flam\u0131\u015ft\u0131r. \u0130yi ki de sa\u011flam\u0131\u015ft\u0131r.<\/p>\n<p>Daha yeni ba\u015fl\u0131yoruz. O ilk g\u00fcnk\u00fc heyecan devam etmiyor: Daha fazlas\u0131 var \u015fu an. \u015eimdiki s\u00fcrece gelebilmi\u015f olman\u0131n verdi\u011fi co\u015fku var. Ve \u00fcretmemizi sa\u011flad\u0131\u011f\u0131, bizi bir \u015feylere zorlad\u0131\u011f\u0131 i\u00e7in ayr\u0131ca \u00f6nem arz ediyor hayat\u0131m\u0131zda. O tekd\u00fczelik yok mu o tekd\u00fczelik\u2026 \u0130\u015fte o, tekd\u00fczeli\u011fi yok eden, hayat\u0131 renklendiren bir g\u00f6kku\u015fa\u011f\u0131 adeta. D\u00f6rt duvar beton aras\u0131ndan, mis kokulu bah\u00e7eye ge\u00e7mek gibi.<\/p>\n<p>\u00c7ok mu duygusal oldu ne? Olsun art\u0131k o kadar, mazur g\u00f6r\u00fcn. K\u0131saca belirteyim o zaman: Kay\u0131p R\u0131ht\u0131m, belki kayboldu\u011fum, fakat sonunda kendimi buldu\u011fum yerdir.<\/p>\n<p><span style=\"font-size: medium; font-family: georgia,palatino;\">Hakan<strong> \u201cmagicalbronze\u201d <\/strong>Tun\u00e7<\/span><\/p>\n<p>Herkes kendi gibi olan\u0131 arar. \u00c7evresindekilerle bir \u015fey payla\u015famad\u0131\u011f\u0131nda, fikirleri ya da ilgi alanlar\u0131 \u201ctuhaf\u201d kald\u0131\u011f\u0131nda aray\u0131\u015fa girer. \u0130\u015fte her aray\u0131\u015f\u0131n devam\u0131nda bir macera, her maceran\u0131n sonunda da bir durak vard\u0131r. Yol zorludur. Nice d\u0131\u015flanmalar, nice alaylar olacakt\u0131r. A\u015f\u0131lmas\u0131 gereken \u00f6nyarg\u0131 da\u011flar\u0131 oldu\u011fu kadar, d\u00f6n\u00fclm\u00fc\u015f pek \u00e7ok s\u0131rttan da kendimizi yukar\u0131 \u00e7ekmek gerek.<\/p>\n<p>Ama asl\u0131nda her yolcu kaybetmemi\u015ftir yolunu. Kayboldu\u011funu sand\u0131\u011f\u0131 ve art\u0131k derman\u0131 kalmad\u0131\u011f\u0131nda ufukta bir yer belirir. Pek \u00e7oklar\u0131 onun \u201csanal\u201d oldu\u011funu s\u00f6yler. Efsanelerin hepsinde buras\u0131 en az yolcu kadar \u201ckay\u0131p\u201dt\u0131r. Bulunmay\u0131 bekler ama bulunursa yolcuyu hepten i\u00e7inde kaybeder. Ancak bu derece sanal, bu derece hayal olan bir yer nas\u0131l onu en sonunda bulmu\u015f yolcular\u0131na kanat gerer? Ba\u011fr\u0131ndan kopan insan sesleri ve g\u00fcl\u00fc\u015fmeler nereden gelmektedir?<\/p>\n<p>Kay\u0131p R\u0131ht\u0131m, asl\u0131nda hi\u00e7 kaybolmam\u0131\u015f olanlar\u0131n mekan\u0131d\u0131r. Kitap sayfalar\u0131ndan imparatorluklar kurmu\u015f, yeri geldi\u011finde onlar\u0131 y\u0131km\u0131\u015f ve daha nice medeniyetleri kendi i\u00e7lerinde, sessiz sessiz in\u015fa etmi\u015f h\u00fck\u00fcmdarlar\u0131n yeridir. Onlar ki t\u00fcr ayr\u0131m\u0131 yapmadan kitaplar\u0131 birer birer yutar ve sindirir. Sonras\u0131nda ertesi g\u00fcne daha dik, daha g\u00fc\u00e7l\u00fc uyan\u0131r.<\/p>\n<p>Kay\u0131p R\u0131ht\u0131m, her masalda oldu\u011fu gibi, bir zamanlar ezilmi\u015f ve anla\u015f\u0131lmam\u0131\u015f kahramanlar\u0131n yeniden do\u011fdu\u011fu yerdir. Her biri g\u00fc\u00e7lendirdikleri zihinleri ve ilerlettikleri g\u00f6r\u00fc\u015fleriyle birer ele\u015ftirmen, yazar, \u015fair ama en \u00f6nemlisi de ger\u00e7ek birer \u201cokur\u201d olmu\u015ftur. \u0130\u015fte bu y\u00fczdendir ki Kay\u0131p R\u0131ht\u0131m okuma eyleminin ger\u00e7ek anlam\u0131n\u0131 kavrayabilmi\u015f olanlar\u0131n kayboldu\u011fu yer de\u011fil, birbirine kar\u0131\u015f\u0131p tek bir birliktelik, tek bir v\u00fccut oldu\u011fu yerdir.<\/p>\n<p style=\"text-align: right;\"><span style=\"font-size: medium; font-family: georgia,palatino;\">Hazal<strong> \u201cF\u0131rt\u0131nak\u0131ran\u201d <\/strong>\u00c7amur<\/span><\/p>\n<p>Nehirden her zaman bir\u00e7ok bal\u0131k ge\u00e7iyor, bir\u00e7ok ta\u015f yuvarlan\u0131p yosunsuz kal\u0131yor. Belki bir \u00e7ocuk yuvarlanan ta\u015flar\u0131n aras\u0131na ka\u011f\u0131ttan gemisini b\u0131rak\u0131yor. Sonra da o gemiyi su boyunca takip ediyor. Gemi, irili ufakl\u0131 dalgalarla par\u00e7alan\u0131yor. Sonra piknik yapt\u0131klar\u0131 yere geri d\u00f6n\u00fcp tekrar bir gemi b\u0131rak\u0131yor. Bu seferki daha uza\u011fa gidiyor. Ama yine par\u00e7alan\u0131yor. Sonra tekrar d\u00f6n\u00fcyor ve bu b\u00f6yle devam ediyor.<\/p>\n<p>\u0130\u015fte Kay\u0131p R\u0131ht\u0131m benim i\u00e7in; o geminin b\u0131rak\u0131ld\u0131\u011f\u0131 yerde, ka\u011f\u0131ttan gemimi haz\u0131rlarken ba\u015f\u0131ma g\u00fcne\u015f ge\u00e7mesin diye \u00fczerime g\u00f6lge yapan, hep orda olan b\u00fcy\u00fck ceviz a\u011fac\u0131.<\/p>\n<p>Ya da k\u0131saca sen facebookta tak\u0131l\u0131rs\u0131n ama cenazene Kay\u0131p R\u0131ht\u0131m gelir.<\/p>\n<p><span style=\"font-size: medium; font-family: georgia,palatino;\">\u00d6zg\u00fcrcan<strong> \u201cAmras Ringeril\u201d <\/strong>Uzunya\u015fa<\/span><\/p>\n<p>7 Y\u0131l&#8230; Dile ne kadar kolay de\u011fil mi? Bu siteyle ilk tan\u0131\u015f&#8230; Hop, bir saniye! Ba\u015ftan alal\u0131m. &#8216;\u0130kinci evimle&#8217; ilk tan\u0131\u015fmam bundan be\u015f y\u0131l \u00f6nceye dayan\u0131r. Yurdumun f\u0131rt\u0131nal\u0131 forum ortamlar\u0131ndan dolay\u0131 bir siteye demir at\u0131p oran\u0131n m\u00fcdavimlerinden olma fikrine hi\u00e7 s\u0131cak bakmazd\u0131m. Ayn\u0131 nedenlerden \u00f6t\u00fcr\u00fc R\u0131ht\u0131m&#8217;a da \u00e7ekinerek yana\u015fm\u0131\u015ft\u0131m her zaman. Arada bir u\u011frar, &#8216;Acaba bu sefer nas\u0131l bir projeye imza att\u0131lar?&#8217; diye bak\u0131p \u00e7\u0131kard\u0131m.<\/p>\n<p>Gel zaman git zaman R\u0131ht\u0131m forumlar\u0131n\u0131n di\u011ferlerinden farkl\u0131 oldu\u011funu ke\u015ffetmeye ba\u015flad\u0131m. Herkes sayg\u0131l\u0131yd\u0131, birka\u00e7 istisna d\u0131\u015f\u0131nda kimse kimseyi rencide etmiyordu, s\u0131cak bir arkada\u015fl\u0131k ortam\u0131 vard\u0131. Sonunda daha fazla kar\u015f\u0131 koyamay\u0131p indirdim yelkenlerimi, ben de dahil oldum o g\u00fczel ortama.<\/p>\n<p>B\u00f6ylece \u00f6nceleri arada s\u0131rada yana\u015ft\u0131\u011f\u0131m bir limanken y\u0131llar ge\u00e7tik\u00e7e g\u00fcvendi\u011fim bir r\u0131ht\u0131m halini ald\u0131 buras\u0131. Ufak projeler, bir-iki minik \u00e7eviri, birka\u00e7 rol yapma oyunu derken ans\u0131z\u0131n \u00e7ok iyi bir arkada\u015f grubunun ortas\u0131nda buldum kendimi. Hepimiz ayn\u0131 kafa yap\u0131s\u0131nda insanlar oldu\u011fumuz i\u00e7in daha da keyifliydi her \u015fey. \u00c7\u00fcnk\u00fc fantastik okudu\u011fum, bilimkurgu sevdi\u011fim, \u00e7izgi-roman biriktirdi\u011fim, oyun oynad\u0131\u011f\u0131m ya da \u00e7izgi-film izledi\u011fim i\u00e7in benimle alay etmeyeceklerini, aksine ayn\u0131 \u015fevkle kar\u015f\u0131l\u0131k vereceklerini \u00e7ok iyi biliyordum. Ve size bir \u015fey diyeyim mi? Bunu d\u00fcnyadaki hi\u00e7bir \u015feye kolay kolay de\u011fi\u015fmem&#8230;<\/p>\n<p>\u0130yi ki do\u011fdun, iyi ki vars\u0131n Kay\u0131p R\u0131ht\u0131m. Sen olmasayd\u0131n hayat denilen kara girdap taraf\u0131ndan yutulurduk hepimiz&#8230;<\/p>\n<p style=\"text-align: right;\"><span style=\"font-size: medium; font-family: georgia,palatino;\">M. \u0130hsan<strong> \u201cmit\u201d <\/strong>Tatari<\/span><\/p>\n<p>Kay\u0131p R\u0131ht\u0131m benim i\u00e7in bir al\u0131\u015fkanl\u0131kt\u0131r. Yani taray\u0131c\u0131n\u0131n bir k\u00f6\u015fesinde a\u00e7\u0131k durmad\u0131\u011f\u0131nda i\u015fler yolunda gitmiyor demektir. Fazla dramatize etmek istemiyorum, ama bir \u015fekilde beni &#8216;yeti\u015ftiren&#8217; etmenlerden birisi oldu\u011fu da kesin. Burada pek \u00e7ok insanla birlikte &#8216;b\u00fcy\u00fcd\u00fck&#8217;. Birlikte yazd\u0131k, birlikte ya\u015fad\u0131k. Burada pek fazla insanla birlikte bence ger\u00e7ekten b\u00fcy\u00fck i\u015fler yapt\u0131k. Yap\u0131yoruz. Kay\u0131p R\u0131ht\u0131m, bu \u00fclkede eksik olan bir \u015feyler tamamlans\u0131n diye insanlara yeni yollar a\u00e7an bir portal. Bir y\u00fcz\u00fck. Bir yadig\u00e2r.<\/p>\n<p><span style=\"font-size: medium; font-family: georgia,palatino;\">Onur<strong> \u201cDarLy OpuS\u201d <\/strong>Selamet<\/span><\/p>\n<p>Kay\u0131p R\u0131ht\u0131m&#8217;\u0131 her zaman hayat\u0131m\u0131n d\u00f6n\u00fcm noktalar\u0131ndan biri olarak anm\u0131\u015f\u0131md\u0131r.<br \/>\nKendimi geli\u015ftirmenin \u00f6nemli yollar\u0131ndan biri buras\u0131. Forum i\u00e7erisinde tatl\u0131 bir rekabet var. Yani en az\u0131ndan ben b\u00f6yle d\u00fc\u015f\u00fcn\u00fcyorum. Portal ne kadar doluysa, i\u015fte forum da bir o kadar dolu. Hatta daha fazlas\u0131. Kaydolmay\u0131 d\u00fc\u015f\u00fcnenler daha fazla vakit kaybetmesinler derim.<\/p>\n<p>Okuduklar\u0131m ve izlediklerime yorum yaparak her ge\u00e7en g\u00fcn kendimi geli\u015ftirdi\u011fime inand\u0131\u011f\u0131m, g\u00fczel insanlarla dolu bir platform. Hayat\u0131m\u0131n 175 g\u00fcn\u00fcn\u00fc burada ge\u00e7irdi\u011fim, pi\u015fti\u011fim yer.<\/p>\n<p>Ve asla kopamad\u0131\u011f\u0131m.<\/p>\n<p style=\"text-align: right;\"><span style=\"font-size: medium; font-family: georgia,palatino;\">Bahri Do\u011fukan \u201c<strong>Denaro Forbin<\/strong>\u201d \u015eahin<\/span><\/p>\n<p>Kay\u0131p R\u0131ht\u0131m benim i\u00e7in bir \u00f6\u011fretmen.<\/p>\n<p>\u0130lgi duydu\u011fum alanlara dair ara\u015ft\u0131rma yaparken s\u00fcrekli kar\u015f\u0131ma \u00e7\u0131k\u0131yordu bu g\u00fczel site. Ekibin \u00fcretti\u011fi i\u00e7erik her zaman emek dolu, ciddi ve farkl\u0131yd\u0131. \u00d6zellikle \u201c\u0130ncelemeler\u201d ve \u201c\u00d6n Okumalar\u201d k\u0131sm\u0131 ilgilimi \u00e7ekiyordu. Siteden \u00e7ok \u015fey \u00f6\u011frendim. Bamba\u015fka a\u00e7\u0131lardan bakt\u0131m okuduklar\u0131ma.<\/p>\n<p>Yine de \u00f6\u011fretmenimle bu ilk kar\u015f\u0131la\u015fma ciddi, denebilirse, akademikti. Yani onu izliyor ve dinliyordum sadece. Soru sormuyor, konu\u015fmuyordum.<\/p>\n<p>Siteyi okurken bir yandan da bu g\u00fczel sayfan\u0131n ard\u0131nda ne oldu\u011funu merak ettim. Kim yap\u0131yordu bunlar\u0131, nas\u0131l yap\u0131yorlard\u0131? Bunun en iyi yolunun foruma \u00fcye olmaktan ge\u00e7ti\u011fini biliyordum ve \u00fcye oldum.<\/p>\n<p>Foruma \u00fcye olunca endi\u015felendim. \u201cSadece fantastik kurgu \u00fczerine mi konu\u015fuyorlar acaba?\u201d dedim. Ama forumun derinliklerine dald\u0131k\u00e7a t\u00fcm t\u00fcrlere kucak a\u00e7t\u0131klar\u0131n\u0131; okuman\u0131n ve okuduklar\u0131 \u00fczerine d\u00fc\u015f\u00fcnmenin g\u00fczelli\u011fini ya\u015fad\u0131klar\u0131n\u0131 g\u00f6rd\u00fcm. Buna bay\u0131ld\u0131m. Bir anda bir s\u00fcr\u00fc arkada\u015f\u0131m olmu\u015ftu ayn\u0131 dili konu\u015ftu\u011fum.<\/p>\n<p>Tabi s\u0131rf kitap de\u011fil sinemay\u0131, g\u00fcncel konular\u0131, bilgisayar oyunlar\u0131n\u0131 da konu\u015fuyorlard\u0131. Hem de ayn\u0131 ciddiyet ve emekle.<\/p>\n<p>Radyo\u2019yu ke\u015ffettim. Sadece yaz\u0131dan ibaret sand\u0131\u011f\u0131m site bir anda ses ve g\u00f6r\u00fcnt\u00fcyle \u00e7arpt\u0131 beni. Radyo program\u0131 yapan \u00fcyeler o kadar niteliklilerdi ki dinlemeye doyamad\u0131m, hala da doyam\u0131yorum. Bu radyo programlar\u0131nda yapt\u0131\u011f\u0131m\u0131z sohbetler \u00f6\u011fretmenimi daha yak\u0131ndan tan\u0131mam\u0131 sa\u011flad\u0131.<\/p>\n<p>Sonra Kay\u0131p R\u0131ht\u0131m Hocama sormaya ve ondan g\u00fczel cevaplar almaya ba\u015flad\u0131m. Birka\u00e7 yaz\u0131 yazd\u0131m kimi ba\u015fl\u0131klara ve eme\u011fe sayg\u0131y\u0131 g\u00f6rd\u00fcm. Beni yazmaya te\u015fvik etti \u00f6\u011fretmenim, yazd\u0131klar\u0131m\u0131 \u00fcretken bir bi\u00e7imde ele\u015ftirdi, beni ileri ta\u015f\u0131d\u0131. Payla\u015fman\u0131n mutlulu\u011funu, birlikte \u00fcretmenin hakl\u0131 k\u0131vanc\u0131n\u0131 hissetmemi sa\u011flad\u0131.<\/p>\n<p>Siteye ve foruma i\u00e7erik \u00fcreten bu g\u00fczel insanlar\u0131n baz\u0131lar\u0131 yay\u0131n d\u00fcnyas\u0131ndan. Yazarlar\u0131m\u0131z, \u00e7evirmenlerimiz, edit\u00f6rlerimiz var. Bu Kay\u0131p R\u0131ht\u0131m\u2019a \u00e7ok \u015fey kat\u0131yor. Onu hep bir ad\u0131m \u00f6nde k\u0131l\u0131yor. Di\u011fer taraftan, yay\u0131n d\u00fcnyas\u0131nda \u00e7al\u0131\u015fmayan \u00fcyelerin payla\u015f\u0131mlar\u0131 da \u00f6yle profesyonel ve \u00f6yle emek dolu ki hepsini hayranl\u0131kla ve k\u0131skan\u00e7l\u0131kla izliyorum.<\/p>\n<p>Kay\u0131p R\u0131ht\u0131m benim i\u00e7in bir \u00f6\u011fretmen.<\/p>\n<p>Ben o \u00f6\u011fretmenin bir par\u00e7as\u0131y\u0131m, di\u011fer arkada\u015flar\u0131mla birlikte \u00f6\u011freniyor, \u00f6\u011fretiyoruz. Yukardan bakarak de\u011fil, s\u00fcrekli \u00f6\u011frenerek, \u00f6\u011frendiklerimizden \u00fcreterek, \u00fcrettiklerimizi payla\u015farak \u00f6\u011fretiyoruz.<\/p>\n<p><span style=\"font-size: medium; font-family: georgia,palatino;\">B\u00fclent<strong> \u201cperiyodik ne\u015friyat\u201d <\/strong>\u00d6zg\u00fcn<\/span><\/p>\n<p>R\u0131ht\u0131m pislik dolu, abart\u0131l\u0131, yalanlar\u0131n s\u0131radan konu\u015fmalara akt\u0131\u011f\u0131 gri bir d\u00fcnyadan bazen daha iyisine, bazen \u00e7ok daha k\u00f6t\u00fcs\u00fcne kendi iste\u011fimle ge\u00e7ebildi\u011fim sihirli bir kap\u0131 benim i\u00e7in. Burada \u00f6nemli olan as\u0131l nokta ise kendi iste\u011fimle olmas\u0131. Buran\u0131n g\u00fczelli\u011fi ger\u00e7eklikten bu denli uzak ama gene de ger\u00e7ekli\u011fin i\u00e7inde olu\u015fu, insanlar\u0131 ise size yalan s\u00f6ylemeye ihtiya\u00e7 duymayacak kadar samimiler alakal\u0131 olduklar\u0131 konularda. Belki bu y\u00fczden bir kere i\u00e7ine girince insan\u0131n hi\u00e7 i\u00e7inden \u00e7\u0131kmak istemeyece\u011fi ve par\u00e7as\u0131 olmaktan bu denli gurur duydu\u011fu bir olu\u015fum Kay\u0131p R\u0131ht\u0131m. \u0130yi ki buraday\u0131m, iyi ki buran\u0131n bir par\u00e7as\u0131y\u0131m diye d\u00fc\u015f\u00fcnmeden edemiyorum \u00fczerinde d\u00fc\u015f\u00fcn\u00fcnce. \u0130yi ki de b\u00f6yle g\u00fczel insanlarla birlikte var olmaya devam ediyor, umar\u0131m da hep devam eder.<\/p>\n<p style=\"text-align: right;\"><span style=\"font-size: medium; font-family: georgia,palatino;\">Tar\u0131k<strong> \u201cKoyuBeyaz\u201d <\/strong>Kaplan<\/span><\/p>\n<p>[stextbox id=&#8221;custom&#8221;]<\/p>\n<p>Ge\u00e7en etkinlikte s\u00f6yleyebilece\u011fim \u015feyleri zaten s\u00f6ylemi\u015fim. O zamandan bu zamana sitede premium \u00fcyeli\u011fe ge\u00e7tim, yani yetkili oldum. Pek bir \u015fey de\u011fi\u015fmedi benim a\u00e7\u0131mdan. Hala sevdi\u011fim, keyif ald\u0131\u011f\u0131m bir yerdeyim ama daha \u00e7ok \u00e7al\u0131\u015f\u0131yorum diyelim.<\/p>\n<p>Tek eklemek istedi\u011fim \u015fey \u015fu: Admin bizi kar\u0131n toklu\u011funa \u00e7al\u0131\u015ft\u0131r\u0131yor. Maa\u015flar\u0131 art\u0131r admin!<\/p>\n<p style=\"text-align: left;\"><span style=\"font-size: medium; font-family: georgia,palatino;\">Muratcan \u201c<strong>Lordmuti<\/strong>\u201d G\u00f6kduman<\/span><\/p>\n","protected":false},"excerpt":{"rendered":"<p>[stextbox id=&#8221;custom&#8221;] Ne diyebilirim onun i\u00e7in, bilmiyorum. Ne demeyece\u011fimi biliyorum ama. &#8220;\u00c7ocu\u011fum gibi,&#8221; demeyece\u011fim mesela. Belki &#8220;Yol arkada\u015f\u0131m,&#8221; diyebilirim. Beraber ge\u00e7en bunca zaman diliminde, onun sayesinde \u00e7ok ama \u00e7ok \u015fey \u00f6\u011frendim. Bug\u00fcn beni ben yapan \u015feylerin bir\u00e7o\u011fu yine onun ard\u0131nda gizli. Dostluklar\u0131m\u0131 kurdu\u011fum mekan olmas\u0131n\u0131n yan\u0131 s\u0131ra etki etti\u011fi baz\u0131 ki\u015filerin gelece\u011fiyle ilgili kararlar almas\u0131n\u0131 [&hellip;]<\/p>\n","protected":false},"author":1,"featured_media":0,"parent":12165,"menu_order":0,"comment_status":"open","ping_status":"closed","template":"single-inceleme.php","meta":{"_acf_changed":false,"footnotes":""},"class_list":["post-36786","page","type-page","status-publish"],"acf":[],"_links":{"self":[{"href":"https:\/\/www.kayiprihtim.org\/portal\/wp-json\/wp\/v2\/pages\/36786","targetHints":{"allow":["GET"]}}],"collection":[{"href":"https:\/\/www.kayiprihtim.org\/portal\/wp-json\/wp\/v2\/pages"}],"about":[{"href":"https:\/\/www.kayiprihtim.org\/portal\/wp-json\/wp\/v2\/types\/page"}],"author":[{"embeddable":true,"href":"https:\/\/www.kayiprihtim.org\/portal\/wp-json\/wp\/v2\/users\/1"}],"replies":[{"embeddable":true,"href":"https:\/\/www.kayiprihtim.org\/portal\/wp-json\/wp\/v2\/comments?post=36786"}],"version-history":[{"count":0,"href":"https:\/\/www.kayiprihtim.org\/portal\/wp-json\/wp\/v2\/pages\/36786\/revisions"}],"up":[{"embeddable":true,"href":"https:\/\/www.kayiprihtim.org\/portal\/wp-json\/wp\/v2\/pages\/12165"}],"wp:attachment":[{"href":"https:\/\/www.kayiprihtim.org\/portal\/wp-json\/wp\/v2\/media?parent=36786"}],"curies":[{"name":"wp","href":"https:\/\/api.w.org\/{rel}","templated":true}]}}