{"id":36793,"date":"2015-01-18T23:28:17","date_gmt":"2015-01-18T21:28:17","guid":{"rendered":"http:\/\/www.kayiprihtim.org\/portal\/?page_id=36793"},"modified":"2015-01-20T15:49:14","modified_gmt":"2015-01-20T13:49:14","slug":"sizce-kayip-rihtim-uyeler","status":"publish","type":"page","link":"https:\/\/www.kayiprihtim.org\/portal\/projeler\/sizce-kayip-rihtim-uyeler\/","title":{"rendered":"Sizce Kay\u0131p R\u0131ht\u0131m? &#8211; \u00dcyeler"},"content":{"rendered":"<p style=\"text-align: center;\"><img fetchpriority=\"high\" decoding=\"async\" class=\"aligncenter size-full wp-image-36800\" src=\"https:\/\/www.kayiprihtim.org\/portal\/gorsel\/2015\/01\/sizce-kayip-rihtim.jpg\" alt=\"sizce kayip rihtim\" width=\"467\" height=\"262\" srcset=\"https:\/\/www.kayiprihtim.org\/portal\/gorsel\/2015\/01\/sizce-kayip-rihtim.jpg 500w, https:\/\/www.kayiprihtim.org\/portal\/gorsel\/2015\/01\/sizce-kayip-rihtim-300x168.jpg 300w\" sizes=\"(max-width: 467px) 100vw, 467px\" \/><\/p>\n<p>Ben Kay\u0131p R\u0131ht\u0131m\u2019\u0131n benim i\u00e7in ne ifade etti\u011fini anlatmakta yetersiz kalaca\u011f\u0131m b\u00fcy\u00fck ihtimal. Ama yine de deneyeyim.<\/p>\n<p>Kay\u0131p R\u0131ht\u0131m beni ben yapan \u00f6gelerden biri. Benim daha k\u00fclt\u00fcrl\u00fc, daha olgun bir insan olmamda etkili. Kay\u0131p R\u0131ht\u0131m\u2019\u0131n \u00fczerimde \u00e7ok eme\u011fi var. Ama R\u0131ht\u0131m ayn\u0131 zamanda \u00e7ok \u00f6zel bir anlam ta\u015f\u0131yor. Burada kocaman bir aileyiz. Normalde bir insan\u0131n tek bir ailesi olur, ama benim iki tane var! Burada tan\u0131\u015ft\u0131\u011f\u0131m insanlar\u0131 ailemi sevdi\u011fim kadar seviyorum. Kay\u0131p R\u0131ht\u0131m ona geleni asla reddetmiyor. Her zaman ayn\u0131 samimi tav\u0131rla kar\u015f\u0131l\u0131yor, i\u015fte bu y\u00fczden Kay\u0131p R\u0131ht\u0131m ayn\u0131 zamanda b\u00fcy\u00fcmesi hi\u00e7 durmayan koca bir aile! Burada bir siteden, bir forumdan \u00e7ok daha fazlas\u0131 var.<\/p>\n<p>Burada yeni \u00fcyelerini kucak a\u00e7m\u0131\u015f bir bi\u00e7imde bekleyen b\u00fcy\u00fck bir aile var. Nice y\u0131llara Kay\u0131p R\u0131ht\u0131m!<\/p>\n<p><span style=\"font-size: medium; font-family: georgia,palatino;\">Ak\u0131n \u015eahin<strong> \u201cRyld Agrith\u201d<\/strong> Barbaros<\/span><\/p>\n<p style=\"text-align: right;\">Kay\u0131p R\u0131ht\u0131m hayat\u0131m\u0131n kazan\u00e7 noktas\u0131. Gerek forumda yaz\u0131lanlar, \u00e7izilenler gerekse forum sayesinde edindi\u011fim dostlar\u0131m a\u00e7\u0131s\u0131ndan&#8230;<\/p>\n<p style=\"text-align: right;\">Her sene sadece kitap fuar\u0131nda g\u00f6r\u00fc\u015ft\u00fcklerim bile bunlara dahil. D\u00f6n\u00fcp bakt\u0131\u011f\u0131mda herkes bana bir \u015feyler katm\u0131\u015f.<\/p>\n<p style=\"text-align: right;\">Bir kere \u00fcye olduktan sonra her g\u00fcn kendinizi burada buluyorsunuz. Ve emin olun bu \u00e7ok g\u00fczel bir durum!<\/p>\n<p style=\"text-align: right;\">Bu siteye, ba\u015fta kurucusu Hakan abim olmak \u00fczere, \u00e7ok \u015fey bor\u00e7luyum. \u0130yi ki vars\u0131n Kay\u0131p R\u0131ht\u0131m!<\/p>\n<p style=\"text-align: right;\"><span style=\"font-size: medium; font-family: georgia,palatino;\"><strong>Beng\u00fc<\/strong> Akag\u00fcl<\/span><\/p>\n<p>Ben Kay\u0131p R\u0131ht\u0131m\u2019\u0131 bu sene 2011 Y\u0131l\u0131 En \u0130yi Kitaplar Listesi ile tan\u0131\u015fm\u0131\u015ft\u0131m, daha sonra yak\u0131n takibe girdim. \u00d6nce portal\u0131 daha sonra da forumu takip etmeye ba\u015flad\u0131m . Kay\u0131p R\u0131ht\u0131m benim i\u00e7in bu argo ve sa\u00e7ma sapan foto\u011fraflar sava\u015f\u0131n\u0131n kurban\u0131 olan internette, beni iyili\u011fin ve mutlulu\u011fun h\u00fck\u00fcm s\u00fcrd\u00fc\u011f\u00fc diyarlara g\u00f6t\u00fcren bir tav\u015fan deli\u011fi idi. Ara s\u0131ra ufak tart\u0131\u015fmalar\u0131n (sanki ilgimizi toplamak i\u00e7in bilerek yap\u0131lm\u0131\u015f bir oyun :D) oldu\u011fu, ama \u00e7o\u011fu zaman fantastik ve bilim kurgunun yani hayal g\u00fcc\u00fcn\u00fcn h\u00fck\u00fcm s\u00fcrd\u00fc\u011f\u00fc, her konuda yard\u0131mc\u0131 olan adminleri ve \u00fcyelerinin animal porn (vampir, kurt adam, t\u00fcr\u00fc para ama\u00e7l\u0131 yaz\u0131lan kitaplar) kitaplara kar\u015f\u0131 k\u0131l\u0131\u00e7lar\u0131 ve asalar\u0131 yerine maalesef sadece kalemleri ile sava\u015ft\u0131klar\u0131, hayal g\u00fcc\u00fc denizinde kaybolanlar\u0131n u\u011fra\u011f\u0131 olan r\u0131ht\u0131m .<\/p>\n<p><span style=\"font-size: medium; font-family: georgia,palatino;\"><strong>eroniki<\/strong><\/span><\/p>\n<p style=\"text-align: right;\">Kay\u0131p R\u0131ht\u0131m benim tav\u015fan deli\u011fimdir. S\u0131cakkanl\u0131 y\u00f6neticileriyle, seviyeli ve k\u00fclt\u00fcrl\u00fc \u00fcyeleriyle fantastikle aramda duran bir mercek gibidir. D\u00fcnyan\u0131n ve insanlar\u0131n s\u0131radanl\u0131\u011f\u0131ndan ge\u00e7ip kendimi buldu\u011fum yerdir. Kurgu iskelesinde ve d\u00fc\u015fler liman\u0131nda okudu\u011fum her hikaye ve \u015fiirle yazmaya daha da \u015fevklendi\u011fim yerdir. Ve biliyorum ki, ben bilinmeyen sularda dola\u015f\u0131rken birileri d\u00fcrb\u00fcnle beni g\u00f6zetliyor! Radyo yay\u0131nlar\u0131n\u0131 anlatmaya kelimeler yetmez. Burada olmaktan memnunum.<\/p>\n<p style=\"text-align: right;\"><span style=\"font-size: medium; font-family: georgia,palatino;\">Bekir<strong> \u201cHatunk\u0131z\u201d<\/strong> Atakan Hatunk\u0131z<\/span><\/p>\n<p style=\"text-align: left;\">Kay\u0131p R\u0131ht\u0131m, ger\u00e7eklerin k\u00f6lesi olmu\u015f bir \u00fclkede, inad\u0131na fantastik ve bilimkurgu okuyanlar\u0131n bir araya gelerek yaz\u0131p \u00e7izdi\u011fi, sohbet etti\u011fi, en \u00f6nemlisi de bunlar\u0131 samimi bir aile ortam\u0131 i\u00e7erisinde ger\u00e7ekle\u015ftirdi\u011fi bir platform. Benim i\u00e7inse, her ziyaret edi\u015fimde yeni bilgiler edindi\u011fim, okudu\u011fum kitaplar hakk\u0131nda yorumlar\u0131m\u0131 payla\u015fabildi\u011fim ve harika yazarlar\u0131 ke\u015ffetmemi sa\u011flayan bir edebiyat okulu. Gerek bana katt\u0131klar\u0131yla, gerek \u015fimdiye kadar tan\u0131m\u0131\u015f oldu\u011fum en harika, en samimi insanlar\u0131n bilgileri, tavsiyeleri ve payla\u015f\u0131mlar\u0131yla benim vazge\u00e7ilmezim olan bir liman. R\u0131ht\u0131m \u00fcyesi olmak bence bir ayr\u0131cal\u0131k ve bu ayr\u0131cal\u0131\u011f\u0131n i\u00e7inde bulundu\u011fum i\u00e7in kendimi \u015fansl\u0131 hissediyorum\u2026<\/p>\n<p style=\"text-align: left;\"><span style=\"font-size: medium; font-family: georgia,palatino;\">G\u00fcrkan<strong> \u201cElendil_XX\u201d <\/strong>Akkaya<\/span><\/p>\n<p>[stextbox id=&#8221;custom&#8221;]<\/p>\n<p style=\"text-align: right;\">A\u00e7\u0131k konu\u015fmam gerekirse R\u0131ht\u0131m\u2019a ilk ad\u0131m att\u0131\u011f\u0131mda hayatla ilgili \u00e7ok az \u015fey bildi\u011fimi farkettim. Burada fantastik romanlarla ilgili \u00f6yle bilgili insanlar var ki onlar\u0131n yan\u0131nda kendimi ezik gibi hissettim.<br \/>\nR\u0131ht\u0131m\u2019a \u00f6yle bir dald\u0131m ki hala \u00e7\u0131kamad\u0131m \u00e7\u0131kmam da. R\u0131ht\u0131m art\u0131k evim gibi oldu.<\/p>\n<p style=\"text-align: right;\">Her g\u00fcn okuldan gelince siteyi a\u00e7\u0131p ne var ne yok diye bir kontrol ederim. Bunu o kadar s\u0131k yap\u0131yorum ki art\u0131k refleks haline d\u00f6n\u00fc\u015ft\u00fc. Yeni helen mesajlar\u0131 okuyup yorumlamak,R\u0131ht\u0131m\u2019daki yeni haberleri okumak, forumdaki tart\u0131\u015fmalar\u0131 keyifle seyretmek (ergenlik d\u00f6neminin ba\u015flar\u0131nda tart\u0131\u015fmalar benden \u00e7\u0131kard\u0131, art\u0131k sadece izliyorum) bunlar bana \u00e7ok keyif veriyor.<\/p>\n<p style=\"text-align: right;\">Umar\u0131m R\u0131ht\u0131m bizler var olduk\u00e7a var olmaya devam eder ve biz de bilgimizi g\u00fcn ge\u00e7tik\u00e7e art\u0131r\u0131p, kendi i\u00e7imizde harmanlanmaya devam ederiz. R\u0131ht\u0131m tek kelimeyle art\u0131k benim yuvam.<\/p>\n<p style=\"text-align: right;\"><span style=\"font-size: medium; font-family: georgia,palatino;\">\u0130smail<strong> \u201cNightmare\u201d <\/strong>Y\u0131lmaz<\/span><\/p>\n<p style=\"text-align: left;\">Bence Kay\u0131p R\u0131ht\u0131m sadece \u00f6yk\u00fcler yazd\u0131\u011f\u0131m, incelemeler yay\u0131nlad\u0131\u011f\u0131m, arada s\u0131rada radyoya \u00e7\u0131k\u0131p muhabbet \u00e7evirdi\u011fim bir yer de\u011fil. Birka\u00e7 senedir, zaman k\u0131tl\u0131\u011f\u0131m artt\u0131\u011f\u0131ndan hala sayfalar\u0131 aras\u0131nda gezinmemin nedeni galiba bu yeri sevmem. Hani mahallede i\u015f g\u00fc\u00e7 oldu\u011fu halde bir\u00e7ok esnaf\u0131n orada tak\u0131ld\u0131\u011f\u0131 berber d\u00fckkanlar\u0131 olur ya ayn\u0131 \u00f6yle. Tezden makaleden testten kafay\u0131 kald\u0131r\u0131p ka\u00e7\u0131\u015ft\u0131\u011f\u0131m\u0131z bah\u00e7e Kay\u0131p R\u0131ht\u0131m bence.<\/p>\n<p style=\"text-align: left;\"><span style=\"font-size: medium; font-family: georgia,palatino;\">Mehmet Berk<strong> \u201cWyern\u201d <\/strong>Yalt\u0131r\u0131k<\/span><\/p>\n<p style=\"text-align: right;\">\u0130lk zamanlar i\u00e7eri\u011fiyle g\u00f6z\u00fcm\u00fc korkutan bir siteydi Kay\u0131p R\u0131ht\u0131m. Di\u011fer forum sitelerinin aksine fazla kar\u0131\u015f\u0131k ve detayl\u0131 gelmi\u015fti daha do\u011frusu. Fakat daha en ba\u015f\u0131ndan s\u0131cak ortam\u0131, seviyeli ve kaliteli i\u00e7eri\u011fiyle kendisine ba\u011flad\u0131. Bir o kadar seviyeli ve kaliteli \u00fcyeleri de buna etken oldu tabi ki. \u0130lk g\u00fcnlerin aksine art\u0131k her g\u00fcn defalarca ziyaret edilip &#8220;acaba neler yaz\u0131lm\u0131\u015f&#8221; merak\u0131yla Son Mesajlar b\u00f6l\u00fcm\u00fcn\u00fcn kontrol edilip okundu\u011fu bir yuva benim i\u00e7in Kay\u0131p R\u0131ht\u0131m.<\/p>\n<p style=\"text-align: right;\">\u00dcyelerinin hi\u00e7biriyle y\u00fczy\u00fcze g\u00f6r\u00fc\u015fmemi\u015f olsam da nedense her seferinde g\u00fcler y\u00fczl\u00fc olarak hayal ediyorum hepsini. San\u0131r\u0131m bu bile Kay\u0131p R\u0131ht\u0131m\u2019\u0131n benim i\u00e7in ne demek oldu\u011funu fazlas\u0131yla anlat\u0131yor olmal\u0131.<\/p>\n<p style=\"text-align: right;\"><span style=\"font-size: medium; font-family: georgia,palatino;\">Mehmet<strong> \u201cM. K. Immortal\u201d <\/strong>Kayhan<\/span><\/p>\n<p style=\"text-align: left;\">D\u0131\u015far\u0131dan bak\u0131ld\u0131\u011f\u0131nda hazine niteli\u011finde, e\u011fer atmosferi yakalarsak daha da de\u011ferli bir platform. Kurgu edebiyat\u0131na verilmesi gereken de\u011feri ciddi ve hak etti\u011fi \u015fekilde g\u00f6steren ba\u015fka bir topluluk yok; g\u00fcn\u00fcm\u00fczde bu ilgi i\u00e7inde kaybolmu\u015f bizlerin karaya vurmadan varabilece\u011fi tek nokta diyerek \u00f6zetleyebilirim.<\/p>\n<p style=\"text-align: left;\"><span style=\"font-size: medium; font-family: georgia,palatino;\">Mert<strong> \u201cLight\u201d <\/strong>Dede<\/span><\/p>\n<p style=\"text-align: right;\">Asl\u0131nda soruya bak\u0131\u015f a\u00e7\u0131s\u0131 de\u011fi\u015fmeli, biz R\u0131ht\u0131m\u2019da kaybolmad\u0131k, kay\u0131p bir r\u0131ht\u0131m vard\u0131 bulduk.<\/p>\n<p style=\"text-align: right;\">Benim i\u00e7in Kay\u0131p R\u0131ht\u0131m harika insanlarla tan\u0131\u015ft\u0131\u011f\u0131m, derin dostluklar kurdu\u011fum, sanal bir kafe gibi. Her g\u00fcn u\u011fray\u0131p kimler burada, kimler ne yapm\u0131\u015f diye bakmazsam eksik hissediyorum.<\/p>\n<p style=\"text-align: right;\">Uzun zamand\u0131r bo\u015flasam da, burada \u00f6yk\u00fc yazmak \u00e7ok tatl\u0131 bir duygu. Sanki evde \u00f6yk\u00fcy\u00fc yaz\u0131p ka\u011f\u0131tlar\u0131 elime al\u0131p ko\u015farak yazar dolu bir kafeye giriyorum, tek tek ka\u011f\u0131tlar\u0131 veriyorum, okuyorlar, ele\u015ftiriyorlar. Etkile\u015fimde bulunmak, ilham perilerimizi tan\u0131\u015ft\u0131r\u0131p kayna\u015ft\u0131rmak i\u00e7in m\u00fckemmel bir ortam Kay\u0131p R\u0131ht\u0131m.<\/p>\n<p style=\"text-align: right;\"><span style=\"font-size: medium; font-family: georgia,palatino;\">M. Alperen<strong> \u201cWanderer\u201d <\/strong>\u0130mamo\u011fullar\u0131<\/span><\/p>\n<p>[stextbox id=&#8221;custom&#8221;]<\/p>\n<p style=\"text-align: left;\">Bence Kay\u0131p R\u0131ht\u0131m\u2019\u0131n ismi kendisini \u00e7ok g\u00fczel \u00f6zetliyor. Kimsenin bilmedi\u011fi, gizli sakl\u0131 kalm\u0131\u015f ya da unutulmu\u015f bir yeri \u00e7a\u011fr\u0131\u015ft\u0131r\u0131yor. Unutulmu\u015f bir r\u0131ht\u0131m. E\u011fer o r\u0131ht\u0131ma ula\u015fabilirsen, orada binece\u011fin sandalla hayal g\u00fcc\u00fcn\u00fcn enginliklerine a\u00e7\u0131labileceksin. Kula\u011fa heyecan verici geliyor. Kay\u0131p R\u0131ht\u0131m ger\u00e7ekten de b\u00f6yle bir i\u015f yap\u0131yor. Bizi, kimsenin bilmedi\u011fi ama gidenlerin d\u00f6nmek istemeyece\u011fi, hayal g\u00fcc\u00fcn\u00fcn sonsuz oldu\u011fu bir yolculuk i\u00e7in kalk\u0131\u015fa haz\u0131rl\u0131yor.<\/p>\n<p style=\"text-align: left;\">Te\u015fekk\u00fcrler Kay\u0131p R\u0131ht\u0131m. \u0130yi ki vars\u0131n.<\/p>\n<p style=\"text-align: left;\"><span style=\"font-size: medium; font-family: georgia,palatino;\">Okan<strong> \u201cindieraider\u201d <\/strong>Ak\u0131nc\u0131<\/span><\/p>\n<p style=\"text-align: right;\">E\u011fer ki ufak bir \u015fehirde ya\u015f\u0131yor ve kafay\u0131 korsan, \u00f6c\u00fc, ogier, yedi ba\u015fl\u0131 kurt, \u00f6l\u00fcms\u00fcz insan, \u0131\u015f\u0131nlanma, c\u00fcce ve daha bir\u00e7ok bunun gibi s\u0131ra d\u0131\u015f\u0131 kavramla bozmu\u015fsan\u0131z k\u0131sacas\u0131 spek\u00fclatif kurgu ya\u015fam amac\u0131n\u0131za d\u00f6n\u00fc\u015fm\u00fc\u015fse o \u015fehirde kolay kolay sizi anlayacak bir insan bulam\u0131yorsunuz. Etraf\u0131n\u0131zda zihninizdeki d\u00fc\u015f\u00fcnceleri aktarabilece\u011finiz ve sizi yarg\u0131lamayaca\u011f\u0131n\u0131 bildi\u011finiz dostlara ihtiyac\u0131n\u0131z vard\u0131r. \u00d6yle birileri var olmal\u0131, olmal\u0131yd\u0131.<\/p>\n<p style=\"text-align: right;\">Bir g\u00fcn gene eve do\u011fru y\u00fcr\u00fcrken kafay\u0131 s\u0131y\u0131rm\u0131\u015f bir haldeydim. Amac\u0131m eve gidince kitapl\u0131\u011f\u0131m\u0131 ate\u015fe vermekti. \u00d6yle ki benim intihar \u015feklim buydu, \u00e7\u00fcnk\u00fc onlar gitti\u011finde ben de bu d\u00fcnyada fazla kalamazd\u0131m. Neyse, intihardan \u00f6nce bir sanal d\u00fcnyaya g\u00f6z gezdireyim dedim. Olan o zaman oldu. Tan\u0131\u015ft\u0131m bu g\u00fczide mek\u00e2nla. Bir\u00e7ok manyak insan vard\u0131. Yazd\u0131klar\u0131n\u0131 okudum, hepsinin kafas\u0131 t\u0131pk\u0131 benimki gibi az\u0131c\u0131k u\u00e7uk olmal\u0131yd\u0131. Bir radyolar\u0131 vard\u0131. Dinledim, hala dinlemeye devam ediyorum. \u00d6yk\u00fc se\u00e7kisi var, baya\u011f\u0131 fazla say\u0131da \u00f6yk\u00fc okudum bu kaynaktan. Hatta ben de \u00f6yk\u00fc g\u00f6nderdim. \u015eu ana kadar kimseyle tan\u0131\u015fm\u0131\u015f olmayabilirim. Belki bu benim \u00e7ekingenli\u011fim, belki de onlar\u0131n rahatl\u0131\u011f\u0131. Her \u015feyin \u00e7ok daha g\u00fczel olaca\u011f\u0131n\u0131 biliyorum, \u00e7\u00fcnk\u00fc buradaki herkesin birbirini gayet iyi anlad\u0131\u011f\u0131n\u0131 d\u00fc\u015f\u00fcn\u00fcyorum.<\/p>\n<p style=\"text-align: right;\">Bence baz\u0131 konularda daha iyisi diye bir \u015fey yoktur, olmak istedi\u011fin yer en iyi yerdir. Tek bildi\u011fim buralarda olmak istedi\u011fim.<\/p>\n<p style=\"text-align: right;\"><span style=\"font-size: medium; font-family: georgia,palatino;\"><strong>Rosemary<\/strong><\/span><\/p>\n<p style=\"text-align: left;\">S\u0131cak bir yer buras\u0131. D\u00fc\u015f\u00fcncelerini okumay\u0131 sevdi\u011fim bir \u00e7ok insan\u0131n her g\u00fcn bir \u015feyler yaz\u0131p \u00e7izdi\u011fi, \u00e7al\u0131\u015fkan edit\u00f6rlerinin kendim pe\u015fine d\u00fc\u015fsem bulup \u00f6\u011frenemeyece\u011fim haberleri getirdi\u011fi. Buradaki insanlarla bir \u015feyler payla\u015fmak g\u00fczel. Ayn\u0131 hayalleri payla\u015f\u0131yoruz bir kere! Ayn\u0131 hayal d\u00fcnyas\u0131nda gezinti yapmay\u0131 seviyoruz.<\/p>\n<p style=\"text-align: left;\">Ya\u015fayan bir yer olmas\u0131 \u00e7ok g\u00fczel. Hep yeni bir \u015feyler var. Ne zaman &#8220;buralar fazla sessizle\u015fti sanki&#8221; desem, biri ilgin\u00e7 bir fikirle \u00e7\u0131k\u0131p ortal\u0131\u011f\u0131 renklendiriyor.<\/p>\n<p style=\"text-align: left;\">Fantastik hikayelerdeki hanlara benzetiyorum buray\u0131. Bazen ser\u00fcvenlerim s\u0131ras\u0131nda soluklanmak i\u00e7in, bazen de di\u011fer ser\u00fcvencilerin hikayelerini dinlemek i\u00e7in u\u011frad\u0131\u011f\u0131m bir yer.<\/p>\n<p style=\"text-align: left;\">Benzeri \u00e7o\u011fu sitenin \u00f6mr\u00fc pek uzun olmuyor. ilk patlama evresinin ard\u0131ndan ortal\u0131\u011f\u0131n \u015fenlendi\u011fi 4-5 y\u0131l renkli ge\u00e7erken, gerek yeniliklerin olmamas\u0131 (bkz: yukar\u0131daki 2. paragraf) gerek eski ve sa\u011flam \u00fcyelerin bir bir s\u0131k\u0131l\u0131p gitmesi, gerek y\u00f6netimin egosu ve\/veya beceriksizli\u011fi nedeniyle k\u00fcst\u00fcr\u00fclen \u00fcyeler (ve onlar\u0131 izleyip gidenler) nedeniyle bir \u00e7ok g\u00fczel platform azalarak bitiyor; zamanla hayalet kasaba haline geliyor. R\u0131ht\u0131m\u2019\u0131n azalarak bitmedi\u011fini g\u00f6rmek beni mutlu ediyor. Buradaki insanlar\u0131 ger\u00e7ekte hi\u00e7 g\u00f6rmemi\u015f bile olsam, zamanla aram\u0131zda bir ba\u011f kuruldu\u011funu hissediyorum \u00e7\u00fcnk\u00fc.<\/p>\n<p style=\"text-align: left;\"><span style=\"font-size: medium; font-family: georgia,palatino;\"><strong>ryuk<\/strong><\/span><\/p>\n<p style=\"text-align: right;\">Kay\u0131p R\u0131ht\u0131m Lembas gibi, 4 par\u00e7a yese de doymuyor insan, her k\u00f6\u015fesi ayr\u0131 bir lezzet, insanda ayr\u0131 bir tat b\u0131rak\u0131yor.<\/p>\n<p style=\"text-align: right;\">Her ay okudu\u011fum se\u00e7kiler, g\u00fczel insanlar\u0131n radyo programlar\u0131&#8230; Kay\u0131p R\u0131ht\u0131m kitab\u0131 benim kadar seven insalarla muhabbet etme yeri benim i\u00e7in.<\/p>\n<p style=\"text-align: right;\"><span style=\"font-size: medium; font-family: georgia,palatino;\">Serdar<strong> \u201cFarus\u201d <\/strong>Tosun<\/span><\/p>\n<p style=\"text-align: left;\">R\u0131ht\u0131ma \u00fcye oldum ve hayat\u0131m de\u011fi\u015fti. Bunu s\u00f6yleyebilmeyi \u00e7ok isterdim ama bir forumdan bu denli radikal bir de\u011fi\u015fim beklemek \u00e7ok adil olmaz diye d\u00fc\u015f\u00fcn\u00fcyorum. Ger\u00e7i bu durum r\u0131ht\u0131ma \u00fcye olman\u0131n \u00fczerimde pek \u00e7ok pozitif etkisi oldu\u011fu ger\u00e7e\u011fini de\u011fi\u015ftirmiyor.<\/p>\n<p style=\"text-align: left;\">En basitinden r\u0131ht\u0131mda hakk\u0131nda bir \u015feyler okuduktan sonra merak edip okudu\u011fum bir s\u00fcr\u00fc kitap var. Bu y\u00fczden daha \u00e7ok kitap okumama vesile oldu\u011funuz i\u00e7in hepinize ayr\u0131 ayr\u0131 te\u015fekk\u00fcr ediyorum r\u0131ht\u0131m ahalisi. Ayr\u0131ca okudu\u011fum kitaplardaki fark etmedi\u011fim g\u00fczellikleri, n\u00fcanslar\u0131 bana g\u00f6sterdi\u011finiz yahut sevdi\u011fim bir kitab\u0131 g\u00f6zlerimin \u00f6n\u00fcnde yerden yere vurdu\u011funuz ya da be\u011fenmedi\u011fim bir kitaba olan ho\u015fnutsuzlu\u011fumu payla\u015ft\u0131\u011f\u0131n\u0131z i\u00e7in \u00e7ok sa\u011folun. K\u0131sacas\u0131, iyi ki yeni kitaplar ke\u015ffedebildi\u011fim ya da ke\u015ffetti\u011fim kitaplara farkl\u0131 perspektiflerden bakmam\u0131 sa\u011flayan, bak\u0131\u015f a\u00e7\u0131m\u0131 de\u011fi\u015ftirip ufkumu geni\u015fletmeme yard\u0131m eden bir r\u0131ht\u0131m var. Ve umar\u0131m daha nice y\u0131llar bu \u015fekilde var olmaya devam eder.<\/p>\n<p style=\"text-align: left;\"><span style=\"font-size: medium; font-family: georgia,palatino;\">Sinan<strong> \u201cminrand\u201d <\/strong>Narmanl\u0131<\/span><\/p>\n<p style=\"text-align: right;\">Kay\u0131p R\u0131ht\u0131m\u2026<\/p>\n<p style=\"text-align: right;\">Kay\u0131p k\u0131ta Atlantis\u2019de bir r\u0131ht\u0131m. \u0130ki tepenin aras\u0131nda yer alan k\u00fc\u00e7\u00fck, \u00e7ok fazla ki\u015fi taraf\u0131ndan bilinmeyen k\u00fc\u00e7\u00fck bir koyda gizli. Ziyaret\u00e7ileri g\u00fcr\u00fclt\u00fcc\u00fc, sinsi, haydut korsanlar de\u011fil, kitap yapraklar\u0131ndan yap\u0131lan gemilerinde yolculuk eden bilginler. K\u00fc\u00e7\u00fck meyhanelerinde konu\u015fulan tek konu kitaplar. Ad\u0131 gibi kay\u0131plarda, gizli sakl\u0131 kalm\u0131\u015f kitaplardan f\u0131rlayan kahramanlar\u0131n sava\u015flar\u0131 ya da herkesin dilinde olan ama hakk\u0131nda kimselerin s\u00f6ylemeye cesaret edemeyece\u011fi kadar a\u00e7\u0131k s\u00f6zl\u00fcl\u00fckle ele\u015ftirilen yazarlar bu gizli R\u0131ht\u0131m\u2019\u0131n en b\u00fcy\u00fck e\u011flencesi.<\/p>\n<p style=\"text-align: right;\">Gizemli yerlerin hep tarih \u00f6ncesi \u00e7a\u011flardan kalmad\u0131\u011f\u0131n\u0131n kan\u0131t\u0131. Hen\u00fcz 7 y\u0131ll\u0131k bir kay\u0131pl\u0131k ve belki de binlerce y\u0131ll\u0131k bir gelecek\u2026<\/p>\n<p style=\"text-align: right;\"><span style=\"font-size: medium; font-family: georgia,palatino;\"><strong>spren<\/strong><\/span><\/p>\n","protected":false},"excerpt":{"rendered":"<p>Ben Kay\u0131p R\u0131ht\u0131m\u2019\u0131n benim i\u00e7in ne ifade etti\u011fini anlatmakta yetersiz kalaca\u011f\u0131m b\u00fcy\u00fck ihtimal. Ama yine de deneyeyim. Kay\u0131p R\u0131ht\u0131m beni ben yapan \u00f6gelerden biri. Benim daha k\u00fclt\u00fcrl\u00fc, daha olgun bir insan olmamda etkili. Kay\u0131p R\u0131ht\u0131m\u2019\u0131n \u00fczerimde \u00e7ok eme\u011fi var. Ama R\u0131ht\u0131m ayn\u0131 zamanda \u00e7ok \u00f6zel bir anlam ta\u015f\u0131yor. Burada kocaman bir aileyiz. Normalde bir insan\u0131n [&hellip;]<\/p>\n","protected":false},"author":1,"featured_media":36800,"parent":12165,"menu_order":0,"comment_status":"open","ping_status":"closed","template":"single-inceleme.php","meta":{"_acf_changed":false,"footnotes":""},"class_list":["post-36793","page","type-page","status-publish","has-post-thumbnail"],"acf":[],"_links":{"self":[{"href":"https:\/\/www.kayiprihtim.org\/portal\/wp-json\/wp\/v2\/pages\/36793","targetHints":{"allow":["GET"]}}],"collection":[{"href":"https:\/\/www.kayiprihtim.org\/portal\/wp-json\/wp\/v2\/pages"}],"about":[{"href":"https:\/\/www.kayiprihtim.org\/portal\/wp-json\/wp\/v2\/types\/page"}],"author":[{"embeddable":true,"href":"https:\/\/www.kayiprihtim.org\/portal\/wp-json\/wp\/v2\/users\/1"}],"replies":[{"embeddable":true,"href":"https:\/\/www.kayiprihtim.org\/portal\/wp-json\/wp\/v2\/comments?post=36793"}],"version-history":[{"count":0,"href":"https:\/\/www.kayiprihtim.org\/portal\/wp-json\/wp\/v2\/pages\/36793\/revisions"}],"up":[{"embeddable":true,"href":"https:\/\/www.kayiprihtim.org\/portal\/wp-json\/wp\/v2\/pages\/12165"}],"wp:featuredmedia":[{"embeddable":true,"href":"https:\/\/www.kayiprihtim.org\/portal\/wp-json\/wp\/v2\/media\/36800"}],"wp:attachment":[{"href":"https:\/\/www.kayiprihtim.org\/portal\/wp-json\/wp\/v2\/media?parent=36793"}],"curies":[{"name":"wp","href":"https:\/\/api.w.org\/{rel}","templated":true}]}}