{"id":3851,"date":"2010-04-08T12:00:40","date_gmt":"2010-04-08T09:00:40","guid":{"rendered":"http:\/\/www.kayiprihtim.org\/portal\/?page_id=3851"},"modified":"2012-01-29T02:22:02","modified_gmt":"2012-01-29T00:22:02","slug":"century-ates-cemberi","status":"publish","type":"page","link":"https:\/\/www.kayiprihtim.org\/portal\/kitaplar\/century-ates-cemberi\/","title":{"rendered":"Century"},"content":{"rendered":"<table style=\"border: thin outset; border-collapse: collapse; height: 30px; width: 467px;\" border=\"0\" cellpadding=\"2\">\n<tbody>\n<tr>\n<td width=\"30%\" bgcolor=\"#330000\"><span style=\"font-family: Verdana; color: #ffffff;\"><strong><a name=\"1\"><\/a>CENTURY, ATE\u015e \u00c7EMBER\u0130<br \/>\n<\/strong><\/span><\/td>\n<\/tr>\n<\/tbody>\n<\/table>\n<table style=\"border-collapse: collapse; width: 462px; height: 250px;\" border=\"0\" cellspacing=\"0\" cellpadding=\"0\" bordercolor=\"#111111\">\n<tbody>\n<tr>\n<td width=\"58%\" align=\"center\" valign=\"top\">\n<table style=\"border-collapse: collapse; width: 315px; height: 248px;\" border=\"0\" cellspacing=\"2\">\n<tbody>\n<tr>\n<td width=\"100%\" align=\"right\">\n<table style=\"width: 310px; height: 88px;\" border=\"0\" cellspacing=\"0\">\n<tbody>\n<tr bgcolor=\"#D1C4A5\">\n<td width=\"39%\"><strong>Yazar<\/strong><\/td>\n<td width=\"3%\">:<\/td>\n<td width=\"51%\"><span style=\"color: #181512;\">Pierdominico Baccalario<\/span><span style=\"color: #181512;\"><br \/>\n<\/span><\/td>\n<\/tr>\n<tr bgcolor=\"#E4DDCB\">\n<td><strong>Kapak Tasar\u0131m\u0131<\/strong><\/td>\n<td width=\"3%\">:<\/td>\n<td width=\"51%\">Umut U\u011fur<\/td>\n<\/tr>\n<tr bgcolor=\"#D1C4A5\">\n<td width=\"39%\"><strong>G. Yay\u0131n Y\u00f6netmeni<\/strong><strong><br \/>\n<\/strong><\/td>\n<td width=\"3%\">:<\/td>\n<td width=\"51%\">Levent G\u00f6n\u00fcl<\/td>\n<\/tr>\n<tr bgcolor=\"#E4DDCB\">\n<td width=\"39%\"><strong>\u00d6zg\u00fcn Ad\u0131<\/strong><\/td>\n<td width=\"3%\">:<\/td>\n<td width=\"51%\">Century 1: Ring of Fire<\/td>\n<\/tr>\n<\/tbody>\n<\/table>\n<\/td>\n<\/tr>\n<tr>\n<td style=\"border-style: solid ridge ridge; border-width: 1px; padding-left: 4px; padding-right: 4px;\" width=\"100%\" bgcolor=\"#C0B18D\"><strong><span style=\"font-size: 9pt; font-family: Tahoma;\">ODT\u00dc Geli\u015ftirme Vakf\u0131 Yay\u0131nc\u0131l\u0131k<br \/>\n<\/span><\/strong><\/td>\n<\/tr>\n<tr>\n<td width=\"100%\" align=\"right\">\n<table style=\"width: 310px; height: 88px;\" border=\"0\" cellspacing=\"0\">\n<tbody>\n<tr bgcolor=\"#D1C4A5\">\n<td width=\"39%\"><strong>\u00c7\u0131k\u0131\u015f Tarihi<\/strong><strong><br \/>\n<\/strong><\/td>\n<td width=\"3%\">:<\/td>\n<td width=\"51%\"><span style=\"color: #181512;\">Nisan, 2010<\/span><span style=\"color: #181512;\"><br \/>\n<\/span><\/td>\n<\/tr>\n<tr bgcolor=\"#E4DDCB\">\n<td><strong>Sayfa Say\u0131s\u0131<\/strong><\/td>\n<td width=\"3%\">:<\/td>\n<td width=\"51%\">388<\/td>\n<\/tr>\n<tr bgcolor=\"#D1C4A5\">\n<td width=\"39%\"><strong>Fiyat\u0131<\/strong><\/td>\n<td width=\"3%\">:<\/td>\n<td width=\"51%\">20,00 TL<\/td>\n<\/tr>\n<tr bgcolor=\"#E4DDCB\">\n<td width=\"39%\"><strong>ISBN No<\/strong><\/td>\n<td width=\"3%\">:<\/td>\n<td width=\"51%\">978-605-4362-08-0<\/td>\n<\/tr>\n<\/tbody>\n<\/table>\n<\/td>\n<\/tr>\n<\/tbody>\n<\/table>\n<\/td>\n<td width=\"39%\" align=\"left\" valign=\"top\">\n<p style=\"text-align: center;\">\n<p><a href=\"https:\/\/www.kayiprihtim.org\/portal\/gorsel\/century-ates-cemberi.jpg\" target=\"_blank\"><img decoding=\"async\" src=\"https:\/\/www.kayiprihtim.org\/portal\/gorsel\/century-ates-cemberi.jpg\" border=\"0\" alt=\"\" hspace=\"1\" width=\"140\" height=\"219\" class=\"aligncenter\"><\/a><\/td>\n<\/tr>\n<\/tbody>\n<\/table>\n<table id=\"table19\" style=\"border-collapse: collapse; width: 47%;\" border=\"0\" cellpadding=\"0\">\n<tbody>\n<tr>\n<td width=\"54%\">\n<table style=\"border-collapse: collapse; height: 147px; width: 470px;\" border=\"0\" cellspacing=\"0\" cellpadding=\"2\">\n<tbody>\n<tr>\n<td style=\"border-style: solid ridge ridge; border-width: 1px; padding-left: 4px; padding-right: 4px;\" width=\"98%\" bgcolor=\"#C0B18D\"><strong><span style=\"font-size: 9pt; font-family: Tahoma;\">Tan\u0131t\u0131m Yaz\u0131s\u0131<br \/>\n<\/span><\/strong><\/td>\n<\/tr>\n<tr>\n<td width=\"99%\" align=\"left\">\n<table style=\"width: 465px;\" border=\"0\">\n<tbody>\n<tr>\n<td style=\"border-style: outset; border-width: 1px;\" width=\"96%\" bgcolor=\"#D1C4A5\">\n<table style=\"border-collapse: collapse; width: 452px; height: 199px;\" border=\"0\" cellspacing=\"0\" cellpadding=\"5\" bgcolor=\"#D1C4A5\" bordercolor=\"#D1C4A5\">\n<tbody>\n<tr>\n<td width=\"96%\" bgcolor=\"#D1C4A5\"><em>\u2018\u2019\u0130nsanl\u0131k her y\u00fcz y\u0131lda test ediliyor. Her y\u00fczy\u0131l d\u00f6rt gen\u00e7 (k\u0131z ve erkek) b\u00fcy\u00fck m\u00fccadeleye kat\u0131lmak zorundad\u0131rlar. Aradan sadece y\u00fcz y\u0131l ge\u00e7ti ve \u00e7ocuklar en h\u0131zl\u0131 \u015fekilde se\u00e7iliyorlar. M\u00fccadele, Ate\u015f \u015eehri Roma\u2019da ba\u015flayacak.\u2019\u2019<\/em><\/p>\n<p>29 Aral\u0131k, Roma: Gece vakti, Tiber Nehri boyunca bir adam nefes nefese ko\u015fuyor. Elinde siyah bir \u00e7anta var. D\u00f6rt \u00e7ocuk ar\u0131yor.<\/p>\n<p>Ayn\u0131 anda, Elettra, Sheng, Mistral ve Harvey karla kapl\u0131 \u015fehri ke\u015ffetmek i\u00e7in gizlice otel odalar\u0131ndan d\u0131\u015far\u0131 \u00e7\u0131k\u0131yorlar. Birka\u00e7 saat \u00f6ncesine kadar hen\u00fcz tan\u0131\u015fmam\u0131\u015fken, \u015fimdi ortak bir \u015feyi payla\u015ft\u0131klar\u0131n\u0131 biliyorlar: Hepsi ayni g\u00fcnde do\u011fmu\u015flar, 29 \u015eubat\u2019ta.<\/p>\n<p>Adam onlar\u0131 g\u00f6rd\u00fc\u011f\u00fcnde, ku\u015fkusu kalm\u0131yor: Bu \u00e7ocuklar onlar olmak zorunda. De\u011ferli \u00e7antas\u0131n\u0131 Elettra\u2019ya emanet ediyor ve ka\u00e7\u0131yor. \u00c7antan\u0131n i\u00e7inde garip bir tahta harita var\u2026<\/p>\n<p>M\u00fccadele ba\u015fl\u0131yor&#8230;<\/td>\n<\/tr>\n<\/tbody>\n<\/table>\n<\/td>\n<\/tr>\n<\/tbody>\n<\/table>\n<\/td>\n<\/tr>\n<\/tbody>\n<\/table>\n<\/td>\n<\/tr>\n<\/tbody>\n<\/table>\n<p><span style=\"color: #E4DDCB;\">&#8211;<\/span><\/p>\n<table style=\"border: thin outset; border-collapse: collapse; height: 30px; width: 467px;\" border=\"0\" cellpadding=\"2\">\n<tbody>\n<tr>\n<td width=\"30%\" bgcolor=\"#330000\"><span style=\"font-family: Verdana; color: #ffffff;\"><strong><a name=\"2\"><\/a>CENTURY, TA\u015e YILDIZ<br \/>\n<\/strong><\/span><\/td>\n<\/tr>\n<\/tbody>\n<\/table>\n<table style=\"border-collapse: collapse; width: 462px; height: 250px;\" border=\"0\" cellspacing=\"0\" cellpadding=\"0\" bordercolor=\"#111111\">\n<tbody>\n<tr>\n<td width=\"58%\" align=\"center\" valign=\"top\">\n<table style=\"border-collapse: collapse; width: 315px; height: 248px;\" border=\"0\" cellspacing=\"2\">\n<tbody>\n<tr>\n<td width=\"100%\" align=\"right\">\n<table style=\"width: 310px; height: 88px;\" border=\"0\" cellspacing=\"0\">\n<tbody>\n<tr bgcolor=\"#D1C4A5\">\n<td width=\"39%\"><strong>Yazar<\/strong><\/td>\n<td width=\"3%\">:<\/td>\n<td width=\"51%\"><span style=\"color: #181512;\">Pierdominico Baccalario<\/span><span style=\"color: #181512;\"><br \/>\n<\/span><\/td>\n<\/tr>\n<tr bgcolor=\"#E4DDCB\">\n<td><strong>Kapak Tasar\u0131m\u0131<\/strong><\/td>\n<td width=\"3%\">:<\/td>\n<td width=\"51%\">Engin Tarhan<\/td>\n<\/tr>\n<tr bgcolor=\"#D1C4A5\">\n<td width=\"39%\"><strong>G. Yay\u0131n Y\u00f6netmeni<\/strong><strong><br \/>\n<\/strong><\/td>\n<td width=\"3%\">:<\/td>\n<td width=\"51%\">Levent G\u00f6n\u00fcl<\/td>\n<\/tr>\n<tr bgcolor=\"#E4DDCB\">\n<td width=\"39%\"><strong>\u00d6zg\u00fcn Ad\u0131<\/strong><\/td>\n<td width=\"3%\">:<\/td>\n<td width=\"51%\">Century 1: Star of Stone<\/td>\n<\/tr>\n<\/tbody>\n<\/table>\n<\/td>\n<\/tr>\n<tr>\n<td style=\"border-style: solid ridge ridge; border-width: 1px; padding-left: 4px; padding-right: 4px;\" width=\"100%\" bgcolor=\"#C0B18D\"><strong><span style=\"font-size: 9pt; font-family: Tahoma;\">ODT\u00dc Geli\u015ftirme Vakf\u0131 Yay\u0131nc\u0131l\u0131k<br \/>\n<\/span><\/strong><\/td>\n<\/tr>\n<tr>\n<td width=\"100%\" align=\"right\">\n<table style=\"width: 310px; height: 88px;\" border=\"0\" cellspacing=\"0\">\n<tbody>\n<tr bgcolor=\"#D1C4A5\">\n<td width=\"39%\"><strong>\u00c7\u0131k\u0131\u015f Tarihi<\/strong><strong><br \/>\n<\/strong><\/td>\n<td width=\"3%\">:<\/td>\n<td width=\"51%\">Mart, 2011<span style=\"color: #181512;\"><br \/>\n<\/span><\/td>\n<\/tr>\n<tr bgcolor=\"#E4DDCB\">\n<td><strong>Sayfa Say\u0131s\u0131<\/strong><\/td>\n<td width=\"3%\">:<\/td>\n<td width=\"51%\">352<\/td>\n<\/tr>\n<tr bgcolor=\"#D1C4A5\">\n<td width=\"39%\"><strong>Fiyat\u0131<\/strong><\/td>\n<td width=\"3%\">:<\/td>\n<td width=\"51%\">20,00 TL<\/td>\n<\/tr>\n<tr bgcolor=\"#E4DDCB\">\n<td width=\"39%\"><strong>ISBN No<\/strong><\/td>\n<td width=\"3%\">:<\/td>\n<td width=\"51%\">978-605-4362-28-8<\/td>\n<\/tr>\n<\/tbody>\n<\/table>\n<\/td>\n<\/tr>\n<\/tbody>\n<\/table>\n<\/td>\n<td width=\"39%\" align=\"left\" valign=\"top\">\n<p style=\"text-align: center;\">\n<p><a href=\"https:\/\/www.kayiprihtim.org\/portal\/gorsel\/century-tas-yildiz.jpg\" target=\"_blank\"><img decoding=\"async\" src=\"https:\/\/www.kayiprihtim.org\/portal\/gorsel\/century-tas-yildiz.jpg\" border=\"0\" alt=\"\" hspace=\"1\" width=\"140\" height=\"219\" class=\"aligncenter\"><\/a><\/td>\n<\/tr>\n<\/tbody>\n<\/table>\n<table id=\"table19\" style=\"border-collapse: collapse; width: 47%;\" border=\"0\" cellpadding=\"0\">\n<tbody>\n<tr>\n<td width=\"54%\">\n<table style=\"border-collapse: collapse; height: 147px; width: 470px;\" border=\"0\" cellspacing=\"0\" cellpadding=\"2\">\n<tbody>\n<tr>\n<td style=\"border-style: solid ridge ridge; border-width: 1px; padding-left: 4px; padding-right: 4px;\" width=\"98%\" bgcolor=\"#C0B18D\"><strong><span style=\"font-size: 9pt; font-family: Tahoma;\">Tan\u0131t\u0131m Yaz\u0131s\u0131<br \/>\n<\/span><\/strong><\/td>\n<\/tr>\n<tr>\n<td width=\"99%\" align=\"left\">\n<table style=\"width: 465px;\" border=\"0\">\n<tbody>\n<tr>\n<td style=\"border-style: outset; border-width: 1px;\" width=\"96%\" bgcolor=\"#D1C4A5\">\n<table style=\"border-collapse: collapse; width: 452px; height: 199px;\" border=\"0\" cellspacing=\"0\" cellpadding=\"5\" bgcolor=\"#D1C4A5\" bordercolor=\"#D1C4A5\">\n<tbody>\n<tr>\n<td width=\"96%\" bgcolor=\"#D1C4A5\">Metro t\u00fcnelinin i\u00e7inde nefes kesen bir ko\u015fu vard\u0131. \u00c7ocuklara rehberlik eden K\u0131z\u0131lderili, Ermete\u2019yi omzuna att\u0131, sanki g\u00f6zleri karanl\u0131kta g\u00f6r\u00fcyormu\u015f gibi hareket ediyordu.<\/p>\n<p>Sadece eski raylar\u0131n kesi\u015fti\u011fi yerlerde yava\u015fl\u0131yordu.<br \/>\nBir ara di\u011ferlerine d\u00f6nerek, \u201cSadece iki dakikam\u0131z var\u201d dedi.<br \/>\nDi\u011fer \u00fc\u00e7\u00fcn\u00fcn \u00f6n\u00fcnde ko\u015fan Harvey, ye\u015fil, k\u00fc\u00e7\u00fck bir \u0131\u015f\u0131k g\u00f6rd\u00fc. Ve sadece o an nerde olduklar\u0131n\u0131 anlad\u0131: Metrodayd\u0131lar.<br \/>\nDi\u011ferlerini cesaretlendirip hareket etmeleri i\u00e7in ba\u011f\u0131rd\u0131,<br \/>\n\u015eeng, \u201cAman, aman, aman!\u201d diye s\u00f6ylenmeye ba\u015flad\u0131, Elettra, Mistral ve Harvey\u2019i olanca h\u0131zla ge\u00e7ti. Mistral\u2019in aya\u011f\u0131 t\u00f6kezledi ve yere d\u00fc\u015ft\u00fc.<br \/>\n\u201c\u00c7abuk olun! Tren geliyor!\u201d diye ba\u011f\u0131rd\u0131 Harvey.<br \/>\nSonra Mistral\u2019i kuca\u011f\u0131na ald\u0131 ve ko\u015fmaya devam etti. Bunu yaparken, duvardaki projeksiyonlardan biri profes\u00f6r\u00fcn smokininin<br \/>\nomzunu y\u0131rtt\u0131.<\/p>\n<p>Oldu bu is. Ve y\u00fcz metreden daha uzak olmayan bir mesafede metro istasyonunu g\u00f6rd\u00fcler. A\u015fa\u011f\u0131dan bak\u0131ld\u0131\u011f\u0131nda tamamen farkl\u0131 g\u00f6r\u00fcn\u00fcyordu.<br \/>\nK\u0131z\u0131lderili, platforma ula\u015ft\u0131 ve Ermete\u2019yi f\u0131rlat\u0131r gibi oraya att\u0131. Sonra \u015eeng\u2019e do\u011fru d\u00f6nd\u00fc, ellerini birle\u015ftirdi ve yukar\u0131ya \u00e7\u0131kmas\u0131na yard\u0131mc\u0131 oldu.<br \/>\nBir ses trenin geli\u015fini bildirdi.<\/p>\n<p>\u201cHa gayret! Ha gayret!\u201d diyerek Sheng, yan\u0131nda Mistral&#8217;le zorla y\u00fcr\u00fcyen Harvey&#8217;e ba\u011f\u0131rd\u0131.<\/p>\n<p>Birdenbire t\u00fcnel bembeyaz kesildi. Hava, sanki dev bir vantilat\u00f6r taraf\u0131ndan emilmi\u015f gibi oldu. Tren g\u00f6r\u00fcnd\u00fc.<\/p>\n<p>16 Mart, New York so\u011fu\u011fun pen\u00e7esinde k\u0131vran\u0131yor. Harvey, Mistral, Elettra, ve Sheng Mandarin Oriental&#8217;in hol\u00fcnde yeniden birlikteler. Central Park\u2019a bakan, manzaral\u0131 geni\u015f bir cam\u0131n \u00f6n\u00fcnde k\u00fc\u00e7\u00fck bir masa se\u00e7tiler.<br \/>\nOrtalar\u0131nda ise Roma&#8217;da bulduklar\u0131 ah\u015faptan yap\u0131lm\u0131\u015f antik bir harita. Her biri bir ucundan tutmu\u015flar. Haz\u0131rlar.<\/p>\n<p>Ancak o zaman, onlar\u0131 ku\u015fatan bu gizemi \u00e7\u00f6z\u00fcp ne yapacaklar\u0131na karar verebilirler.<\/p>\n<p>Lucifer&#8217;in lanetli sahibi onlar\u0131 neden takip ediyordu? G\u00f6zlerinin \u00f6n\u00fcnden \u00e7al\u0131nan besinci topa\u00e7 nerdeydi? Ya da hepsinden daha zoru, Ta\u015f Y\u0131ld\u0131z\u2019\u0131 bulabilecekler miydi?<\/p>\n<p>B\u00fct\u00fcn bu sorular\u0131n cevaplar\u0131n\u0131 ararken tek bildikleri, acele etmeleri gerekti\u011fi ve art\u0131k asla geriye d\u00f6nemeyecekleriydi.<\/p>\n<hr size=\"1\">\n<strong>Kapak Tasar\u0131m\u0131 : <\/strong>Emrullah \u00d6z<\/td>\n<\/tr>\n<\/tbody>\n<\/table>\n<\/td>\n<\/tr>\n<\/tbody>\n<\/table>\n<\/td>\n<\/tr>\n<\/tbody>\n<\/table>\n<\/td>\n<\/tr>\n<\/tbody>\n<\/table>\n","protected":false},"excerpt":{"rendered":"<p>CENTURY, ATE\u015e \u00c7EMBER\u0130 Yazar : Pierdominico Baccalario Kapak Tasar\u0131m\u0131 : Umut U\u011fur G. Yay\u0131n Y\u00f6netmeni : Levent G\u00f6n\u00fcl \u00d6zg\u00fcn Ad\u0131 : Century 1: Ring of Fire ODT\u00dc Geli\u015ftirme Vakf\u0131 Yay\u0131nc\u0131l\u0131k \u00c7\u0131k\u0131\u015f Tarihi : Nisan, 2010 Sayfa Say\u0131s\u0131 : 388 Fiyat\u0131 : 20,00 TL ISBN No : 978-605-4362-08-0 Tan\u0131t\u0131m Yaz\u0131s\u0131 \u2018\u2019\u0130nsanl\u0131k her y\u00fcz y\u0131lda test ediliyor. [&hellip;]<\/p>\n","protected":false},"author":1,"featured_media":0,"parent":57,"menu_order":0,"comment_status":"open","ping_status":"closed","template":"","meta":{"_acf_changed":false,"footnotes":""},"class_list":["post-3851","page","type-page","status-publish"],"acf":[],"_links":{"self":[{"href":"https:\/\/www.kayiprihtim.org\/portal\/wp-json\/wp\/v2\/pages\/3851","targetHints":{"allow":["GET"]}}],"collection":[{"href":"https:\/\/www.kayiprihtim.org\/portal\/wp-json\/wp\/v2\/pages"}],"about":[{"href":"https:\/\/www.kayiprihtim.org\/portal\/wp-json\/wp\/v2\/types\/page"}],"author":[{"embeddable":true,"href":"https:\/\/www.kayiprihtim.org\/portal\/wp-json\/wp\/v2\/users\/1"}],"replies":[{"embeddable":true,"href":"https:\/\/www.kayiprihtim.org\/portal\/wp-json\/wp\/v2\/comments?post=3851"}],"version-history":[{"count":0,"href":"https:\/\/www.kayiprihtim.org\/portal\/wp-json\/wp\/v2\/pages\/3851\/revisions"}],"up":[{"embeddable":true,"href":"https:\/\/www.kayiprihtim.org\/portal\/wp-json\/wp\/v2\/pages\/57"}],"wp:attachment":[{"href":"https:\/\/www.kayiprihtim.org\/portal\/wp-json\/wp\/v2\/media?parent=3851"}],"curies":[{"name":"wp","href":"https:\/\/api.w.org\/{rel}","templated":true}]}}