{"id":3916,"date":"2010-04-17T10:59:39","date_gmt":"2010-04-17T07:59:39","guid":{"rendered":"http:\/\/www.kayiprihtim.org\/portal\/?page_id=3916"},"modified":"2012-01-31T10:43:50","modified_gmt":"2012-01-31T08:43:50","slug":"turk-mitolojisi","status":"publish","type":"page","link":"https:\/\/www.kayiprihtim.org\/portal\/mitolojiler\/turk-mitolojisi\/","title":{"rendered":"T\u00fcrk Mitolojisi"},"content":{"rendered":"<p style=\"text-align: left;\"><span class=\"14-gray\"><strong> [stextbox id=&#8221;black&#8221;]T\u00fcrk Mitolojisi<\/strong><\/span><\/p>\n<p style=\"text-indent: 0.4cm; text-align: justify;\"><em>\u201cKafesinden ka\u00e7m\u0131\u015f birer  kartal gibi, hi\u00e7 yorulmam\u0131\u015f ve a\u00e7 kurtlar gibi ve amans\u0131z bir Sayan da\u011f\u0131  f\u0131rt\u0131nas\u0131 gibi geldiler \u00fcst\u00fcm\u00fcze prensim. Ve son askerinizde orda can verdi\u011finde  ve son bayrakta d\u00fc\u015ft\u00fcg\u00fcnde topra\u011fa, onlar hi\u00e7 arkalar\u0131na bakmadan ve sanki hi\u00e7  sava\u015fmam\u0131\u015f gibi s\u00fcrd\u00fcler atlar\u0131n\u0131 i\u00e7imize. Prensim soruyorsunuz \u201cnas\u0131l  durdurabiliriz diye?<\/em><\/p>\n<p style=\"text-indent: 0.4cm; text-align: justify;\"><em>Onlar&#8230; Efendim&#8230; Durdurulamazlar.\u201d <\/em><\/p>\n<p style=\"text-align: left;\"><strong> Ho-Tsun Prensine Hitaben yazd\u0131\u011f\u0131 mektupta.. <\/strong><\/p>\n<p style=\"text-indent: 0.4cm; text-align: justify;\">O zamanlar  Altay da\u011flar\u0131n\u0131n so\u011fuk ve sert havas\u0131 doldururdu, eteklerine kurulmu\u015f obalarda  ya\u015fayanlar\u0131n ci\u011ferlerini. \u0130nsan b\u00f6yle bir havada gev\u015fek olamaz, demir gibi olur  insan, sert ve sava\u015f\u00e7\u0131.<\/p>\n<p style=\"text-indent: 0.4cm; text-align: justify;\">Ve kad\u0131nlar ve erkekler ve \u00e7ocuklar yol al\u0131rken  her mevsim de\u011fi\u015fiminde, uyu\u015fuk ve titrek atamazlar ad\u0131mlar\u0131n\u0131 topra\u011fa. Kimi  zaman f\u0131rt\u0131na kimi zaman insano\u011flu d\u00fc\u015fman olur bu kavme ve bu kavim uyu\u015fmadan,  tembelle\u015fmeden, h\u0131mb\u0131lla\u015fmadan y\u00fcr\u00fcr ve onur kurallar\u0131 sarar her taraflar\u0131n\u0131  \u201chi\u00e7 kimse d\u00fc\u015fmez yava\u015flatmamak i\u00e7in y\u00fcr\u00fcy\u00fc\u015f\u00fc\u201d, \u201chi\u00e7 kimse muhta\u00e7 b\u0131rakmaz  kendini bir di\u011ferine\u201d ve \u201ce\u011fer d\u00fc\u015ferse biri ve e\u011fer g\u00fc\u00e7s\u00fcz kal\u0131rsa arkada ve  yava\u015flarsa ad\u0131mlar\u0131 bir kar\u0131nda\u015f\u0131n\u0131n, di\u011feri \u00e7\u0131kar yan\u0131na g\u00fc\u00e7s\u00fcze omuz vermek  i\u00e7in, hi\u00e7bir kar\u0131nda\u015f\u0131 arkada b\u0131rakmamak i\u00e7in.\u201d<\/p>\n<p style=\"text-indent: 0.4cm; text-align: justify;\">Toprak \u00f6d\u00fcns\u00fczd\u00fcr, pek  g\u00f6nl\u00fc yoktur mahsul vermeye. Hayvanlarsa \u00fcrkek ve h\u0131zl\u0131d\u0131rlar, kar\u0131nlar\u0131n\u0131  doyurmak i\u00e7in sab\u0131rs\u0131zd\u0131rlar. Yemek aslan\u0131n a\u011fz\u0131ndaysa almak laz\u0131m gelir, en  b\u00fcy\u00fck d\u00fc\u015fman\u0131n elindeyse toprak yenmek laz\u0131m gelir ve e\u011fer hayvanlar \u00f6leceklerse  ve e\u011fer oba fakirle\u015fecekse ve e\u011fer doyuramayacaklarsa \u00e7ocuklar\u0131n\u0131 ve kar\u0131lar\u0131n\u0131n  figanlar\u0131 dolduracaksa semay\u0131 o zaman \u00f6n s\u0131ralara gitmek laz\u0131m gelir, omuz omuza  k\u0131l\u0131\u00e7 ku\u015fanmak laz\u0131m gelir, at \u00fcst\u00fcnde ok tutmak, kahraman olmak laz\u0131m  gelir.<\/p>\n<p style=\"text-indent: 0.4cm; text-align: justify;\">Bu y\u00fczden isim almak i\u00e7in kahramanl\u0131k yapmak laz\u0131md\u0131r. Bu y\u00fczden  k\u00fc\u00e7\u00fckken ata binmek, k\u0131l\u0131\u00e7 ku\u015fanmak, at \u00fcst\u00fcnde ok tutmak laz\u0131md\u0131r. Bu y\u00fczden  \u00f6d\u00fcns\u00fcz ve serttirler, bu y\u00fczden g\u00fc\u00e7l\u00fc ve boyun e\u011fmezdirler, bu y\u00fczden  anlamazlar onlar bozk\u0131r\u0131n etraf\u0131na bir \u00e7it \u00e7ekerek benimdir denmesini, bu y\u00fczden  s\u0131\u011famaz onlar\u0131n y\u00fcrekleri ta\u015ftan binalar\u0131n i\u00e7ine, \u00f6zg\u00fcrd\u00fcrler kartal gibi ve  beraber ya\u015farlar kurtlar gibi ve asla boyun e\u011fmezler aslan gibi.<\/p>\n<p style=\"text-indent: 0.4cm; text-align: justify;\">Bu  y\u00fczden onlar efsane olmu\u015flard\u0131r b\u00fcy\u00fck okyanustan, atlas okyanusuna kadar,  Hindistan\u2019dan, Rusya\u2019ya ve eski \u00c7in\u2019den g\u00f6rkemli Roma\u2019ya kadar. Ve bu y\u00fczden  adlar\u0131 ge\u00e7er 3000 y\u0131ll\u0131k \u00c7in tabletlerinde \u201ckudretli\u201d diye, bu y\u00fczden \u201ctanr\u0131n\u0131n  k\u0131rbac\u0131\u201dd\u0131r Atilla ve bu y\u00fczden a\u011flard\u0131 Bizansl\u0131lar \u201cT\u00fcrkler geliyor\u201d diye.<\/p>\n<p style=\"text-indent: 0.4cm; text-align: justify;\">Onlar Tengri da\u011flar\u0131n\u0131n havas\u0131n\u0131 solurlar, onlar u\u00e7suz bucaks\u0131z  bozk\u0131rlar\u0131n \u00f6zg\u00fcr kuca\u011f\u0131nda ya\u015farlar, onlar sava\u015f\u0131rken esir edilemeyenler,  kanlar\u0131ndan \u0131rmaklar k\u0131z\u0131la boyand\u0131\u011f\u0131nda bile pes demeyenler, onlar \u201cikisi  yanyana gelirse devlet kurarlar\u201d ve onlar tanr\u0131lar\u0131n\u0131n \u2013iyi olsun k\u00f6t\u00fc olsun-  asla onursuzlu\u011fa asla \u015ferefsizli\u011fe asla korkakl\u0131\u011fa m\u00fcsamaha  g\u00f6stermedi\u011fi.<\/p>\n<p style=\"text-indent: 0.4cm; text-align: justify;\">Onlar.. T\u00fcrkler..<\/p>\n<p style=\"text-align: left;\"><strong> YARATILI\u015e<\/strong><\/p>\n<p style=\"text-align: left;\">[stextbox id=&#8221;black&#8221;]1.  <strong>Efsane (Altay Efsanesi) <\/strong><strong> <\/strong><\/p>\n<p style=\"text-indent: 0.4cm; text-align: justify;\">Her\u015feyden \u00f6nce ve hen\u00fcz hi\u00e7bir \u015fey  yokken, <strong>Kara Han<\/strong> ve <strong>su<\/strong> vard\u0131. Kara Han yaratmak istedi ve  yaratt\u0131\u011f\u0131 bir \u015fey olsun istedi ve insan\u0131 yaratt\u0131 yaln\u0131z kendinden ve sudan  olu\u015fan\u0131n ortas\u0131na. \u0130nsan u\u00e7maya ba\u015flad\u0131 sular\u0131n \u00fcst\u00fcnde, Kara Han ya\u015fas\u0131n istedi  insan ve ya\u015famas\u0131 i\u00e7in sular\u0131n i\u00e7inde olan y\u0131ld\u0131z\u0131 \u00e7\u0131kard\u0131, buyurdu insana \u201csen  bundan bir avu\u00e7 toprak al ve bunu serp suyun \u00fcst\u00fcne\u201d ancak hileciydi insan,  haindi bir avu\u00e7 toprak ald\u0131 y\u0131ld\u0131zdan, bir avu\u00e7ta kendi i\u00e7in ay\u0131rd\u0131 ve a\u011fz\u0131na  saklad\u0131.<\/p>\n<p style=\"text-indent: 0.4cm; text-align: justify;\">\u201cSerp\u201d dedi Kara Han ve serpince insan topra\u011f\u0131 suyun \u00fcst\u00fcne bir  ada olu\u015fmaya ba\u015flad\u0131 ancak insan\u0131n hainligi ve hilecili\u011fi yoksundu bilgelikten,  a\u011fz\u0131na saklad\u0131\u011f\u0131 toprakta b\u00fcy\u00fcmeye ba\u015flad\u0131, dayanamad\u0131 insan, Kara Han anlad\u0131  hileyi ve yaratt\u0131\u011f\u0131n\u0131n \u00e7ekti\u011fi ac\u0131y\u0131 \u201cT\u00fck\u00fcr\u201d dedi ve suya t\u00fck\u00fcrd\u00fc insan, da\u011flar  meydana geldi bundan.<\/p>\n<p style=\"text-indent: 0.4cm; text-align: justify;\">Kara Han adaya bir \u00e7am dikti ve 9 dal\u0131 vard\u0131 bu  \u00e7am\u0131n. Bundan sonra b\u0131rakt\u0131 insani diledi\u011fince ya\u015fas\u0131n diye ve g\u00f6zlerini \u00e7evirdi  g\u00f6ky\u00fcz\u00fcne 17 kat g\u00f6ky\u00fcz\u00fc yaratt\u0131 ve en \u00fcst\u00fcne kendi oturdu 16.kata bir o\u011flu  <strong>\u00dclgen Han\u2019\u0131 <\/strong>oturttu. Sonra Yer alt\u0131nda yaratt\u0131 bir alem ve oran\u0131nda  ba\u015f\u0131na \u00f6b\u00fcr o\u011flunu <strong>Erlik Han\u2019\u0131 <\/strong>oturttu.<\/p>\n<p style=\"text-align: left;\">[stextbox id=&#8221;black&#8221;]2. <strong>Efsane (Altay  Efsanesi) <\/strong><strong> <\/strong><\/p>\n<p style=\"text-indent: 0.4cm; text-align: justify;\">Her\u015feyden \u00f6nce yer yokken, g\u00f6k yokken, ay ve g\u00fcne\u015f yokken,  yaln\u0131z su vard\u0131 ve sudan ba\u015fka Tanr\u0131 ile bir ki\u015fi vard\u0131. Kara Kaz k\u0131l\u0131\u011f\u0131nda  u\u00e7uyorlard\u0131 suyun \u00fcst\u00fcnde. Ki\u015fi r\u00fczgar \u00e7\u0131kar\u0131p suyu dalgaland\u0131rd\u0131 ve su serpti  Tanr\u0131n\u0131n y\u00fcz\u00fcne ve bu ki\u015fi b\u00fcy\u00fckl\u00fck sevdas\u0131na d\u00fc\u015ft\u00fc dald\u0131 suyun i\u00e7ine, bo\u011fulacak  gibi olunca \u201cTanr\u0131 yard\u0131m et bana\u201d diye yalvarmaya ba\u015flad\u0131 ve Tanr\u0131 \u201cYukar\u0131 \u00c7\u0131k\u201d  dedi. O ki\u015fi Tanr\u0131n\u0131n emriyle \u00e7\u0131kt\u0131 suyun i\u00e7inden ve Tanr\u0131 \u015f\u00f6yle buyurdu \u201cSa\u011flam  bir ta\u015f olsun!\u201d<\/p>\n<p style=\"text-indent: 0.4cm; text-align: justify;\">Buyru\u011fuyla suyun dibinden bir ta\u015f \u00e7\u0131kt\u0131 ve Tanr\u0131 ile  ki\u015fi bu ta\u015f\u0131n \u00fcst\u00fcnde oturdular. Tanr\u0131 ki\u015fiye buyurdu \u201cSuya dal\u201d dedi ona \u201cSuyun  i\u00e7inden toprak \u00e7\u0131kar\u201d. Ki\u015fi dald\u0131 suyun i\u00e7ine ve d\u00fc\u015f\u00fcnd\u00fc \u201ckendim i\u00e7inde toprak  alay\u0131m biraz\u201d iki eline ald\u0131 topraktan ve birini a\u011fz\u0131na saklad\u0131. Yer yaratmak  istiyordu Tanr\u0131dan gizli. Ve toprak suya serpilince b\u00fcy\u00fcmeye ba\u015flad\u0131, bu ki\u015finin  a\u011fz\u0131ndaki toprakta b\u00fcy\u00fcyordu bo\u011fulacak gibi oldu, ka\u00e7maya \u00e7al\u0131\u015ft\u0131 ancak ne  tarafa baksa Tanr\u0131y\u0131 g\u00f6r\u00fcyordu sonunda dayanamad\u0131 hayk\u0131rd\u0131 \u201cTanr\u0131 ger\u00e7ek Tanr\u0131  bana yard\u0131m et!\u201d. Tanr\u0131 \u201cNe yapt\u0131n?\u201d dedi \u201cBenden gizlemeyemi \u00e7al\u0131\u015ft\u0131n topra\u011f\u0131?  Ne i\u00e7in gizledin benden?\u201d cevap verdi o ki\u015fi \u201cYer yaratay\u0131m diye bu topra\u011f\u0131  gizlemi\u015ftim a\u011fz\u0131mda.\u201d Hiddetlendi Tanr\u0131, \u201cAt\u201d dedi \u201co topra\u011f\u0131 d\u0131\u015far\u0131 at!\u201d. Ki\u015fi  at\u0131nca topra\u011f\u0131 bu topraktan k\u00fc\u00e7\u00fck tepeler meydana geldi.<\/p>\n<p style=\"text-indent: 0.4cm; text-align: justify;\">Tanr\u0131 d\u00f6nd\u00fc ve  buyurdu \u201c Sen g\u00fcnahl\u0131 oldun, bana kar\u015f\u0131 fenal\u0131k d\u00fc\u015f\u00fcnd\u00fcn, sana itaat eden halk\u0131n  d\u00fc\u015f\u00fcnd\u00fckleri dahi fena olacakt\u0131r.\u201d Ve buyurdu Tanr\u0131 \u201cBana itaat eden halk\u0131n  d\u00fc\u015f\u00fcnceleri ar\u0131, temiz olacak onlar g\u00fcne\u015f g\u00f6recek, ayd\u0131nl\u0131k g\u00f6recek, Ben ger\u00e7ek  Kurbustan ad\u0131n\u0131 alm\u0131\u015f\u0131md\u0131r senin ad\u0131n ise Erlik olsun. G\u00fcnahlar\u0131n\u0131 benden  gizleyenler senin, g\u00fcnahlar\u0131n\u0131 senden gizleyen senin halk\u0131n  olsun.\u201d<\/p>\n<p style=\"text-indent: 0.4cm; text-align: justify;\">Dals\u0131z budaks\u0131z bir a\u011fa\u00e7 bitmi\u015fti topra\u011f\u0131n \u00fcst\u00fcnde ve Tanr\u0131 bu  dals\u0131z budaks\u0131z a\u011faca 9 dal d\u00f6kt\u00fc. Onu g\u00fczelle\u015ftirdi ve tam bu s\u0131rada Erlik bir  g\u00fcr\u00fclt\u00fc duydu. Merak etti sordu \u201cbu g\u00fcr\u00fclt\u00fcde nedir?\u201d ve cevap verdi Tanr\u0131  \u201cSende hakans\u0131n ve bende bir hakan\u0131m, bu duydu\u011fun g\u00fcr\u00fclt\u00fcy\u00fc yapan benim  ulusumdur.\u201d. Erlik Han k\u0131skand\u0131 \u201cbana ver\u201d dedi \u201cbu kavim benim olsun.\u201d. Ancak  Tanr\u0131 m\u00fcsamaha g\u00f6stermedi, bunun \u00fczerine Erlik Han bu kavme bakmak istedi ve  kalabal\u0131\u011fa do\u011fru y\u00fcr\u00fcd\u00fc.<\/p>\n<p style=\"text-indent: 0.4cm; text-align: justify;\">Yabani hayvanlar\u0131n, ku\u015flar\u0131n, insanlar\u0131n ve daha  nice canl\u0131lar\u0131n yanyana oldu\u011fu bir yere geldi ve \u201cTanr\u0131 nas\u0131l yaratm\u0131\u015f bunlar\u0131  ?\u201d diye d\u00fc\u015f\u00fcnd\u00fc, burada bulunan insanlar bir a\u011fac\u0131n meyvesi ile besleniyordu,  a\u011fac\u0131n bir taraf\u0131ndaki meyveleri yiyorlar di\u011fer taraf\u0131ndaki meyvelerden  alm\u0131yorlard\u0131. Erlik Han sordu \u201cNeden yemezsiniz di\u011fer taraftaki meyveleri?\u201d ve  cevap verdi insanlar ona \u201cTanr\u0131 bize bu 4 dal\u0131n meyvesini yeme\u011fi yasak etti,  g\u00fcne\u015fin do\u011fdu\u011fu yanda bulunan 5 dal\u0131n meyvesini yememizi buyurdu. Y\u0131lan ile  K\u00f6pe\u011fe bu 4 dal\u0131n meyvesinden yemek isteyenleri b\u0131rakmay\u0131n diye emretti. Bundan  sonra Tanr\u0131 g\u00f6\u011fe \u00e7\u0131kt\u0131 ve bundan sonra bu 5 dal\u0131n meyvesi bizim a\u015f\u0131m\u0131z  oldu.\u201d<\/p>\n<p style=\"text-indent: 0.4cm; text-align: justify;\">Erlik Han bunlar\u0131 duyduktan sonra <strong>T\u00f6r\u00fcngey<\/strong> adl\u0131 bir insan\u0131  buldu ve ona \u201cYalan s\u00f6ylemi\u015f size Tanr\u0131, kand\u0131rm\u0131\u015f sizleri, bu 4 dal\u0131n  meyvesinden yiyiniz!\u201d dedi. Y\u0131lan uyuyordu ve Erlik Han y\u0131lan\u0131n a\u011fz\u0131na girdi,  \u201cbu a\u011faca \u00e7\u0131k\u201d buyurdu y\u0131lana, y\u0131lan a\u011faca \u00e7\u0131kt\u0131 ve yasak meyveden yedi.  T\u00f6r\u00fcngey ile kar\u0131s\u0131 <strong>Eje <\/strong>beraber geziyorlard\u0131. Erlik onlara tekrar \u201cbu  meyveden yiyin\u201d buyurdu. T\u00f6r\u00fcngey istemedi ancak kar\u0131s\u0131 Eje bu tatl\u0131 meyveden  yedi. Sonra kocas\u0131na uzatt\u0131 \u201cye\u201d dedi ona ve T\u00f6r\u00fcngey yedi, T\u00f6r\u00fcngeyin yemesiyle  ikisininde t\u00fcyleri d\u00f6k\u00fcl\u00fcverdi, utand\u0131lar, a\u011fa\u00e7lar\u0131n alt\u0131na  sakland\u0131lar.<\/p>\n<p style=\"text-indent: 0.4cm; text-align: justify;\">Sonra Tanr\u0131 geldi. B\u00fct\u00fcn ulus Tanr\u0131dan gizlenmi\u015fti. Tanr\u0131  hayk\u0131rd\u0131 \u201cT\u00f6r\u00fcngey! T\u00f6r\u00fcngey! Eje! Eje! neredesiniz?\u201d onlar cevap verdiler  Tanr\u0131ya \u201ca\u011fa\u00e7 alt\u0131nday\u0131z ve sana gelemeyiz \u00e7\u00fcnk\u00fc biz senin yasaklad\u0131\u011f\u0131ndan  yedik.\u201d Y\u0131lan, k\u00f6pek, T\u00f6r\u00fcngey ve Eje hep su\u00e7lar\u0131na birbirlerine att\u0131lar,  sonunda Tanr\u0131 \u201c\u015fimdi\u201d dedi y\u0131lana \u201csen <strong>K\u00f6rm\u00f6s<\/strong> (\u015feytandan olan) oldun,  ki\u015filer sana hep vursun.\u201d Bundan sonra Eje\u2019ye d\u00f6nd\u00fc \u201cYasak meyveden yedin,  bundan sonra sen \u00e7ocuk do\u011furacaks\u0131n, gebe olucaks\u0131n ve hep do\u011fum sanc\u0131lar\u0131  \u00e7ekeceksin.\u201d Ve sonra T\u00f6r\u00fcngeye d\u00f6nd\u00fc \u201cK\u00f6rm\u00f6s\u00fcn a\u015f\u0131ndan yedin, beni dinlemedin,  yalan s\u00f6ze kand\u0131n, onun s\u00f6z\u00fcnden kananlar onun \u00fclkesinde ya\u015fas\u0131nlar benim  nurumdan mahrum kals\u0131nlar, karanl\u0131k d\u00fcnyada bulunsunlar. K\u00f6rm\u00f6s sana d\u00fc\u015fmand\u0131r,  sende ona d\u00fc\u015fman ol. \u015eimdi senin 9 o\u011ful 9 k\u0131z\u0131n olsun bundan sonra ben ki\u015fi  yaratmayaca\u011f\u0131m, ki\u015filer sizden olsun.\u201d Tanr\u0131 Erlik Hana d\u00f6nd\u00fc, \u201cNe i\u00e7in ald\u0131n  ulusumdan olanlar\u0131\u201d dedi. Erlik Han, \u201cBen istedim sen vermedin bende h\u0131rs\u0131zca  almaya karar verdim. Ben alaca\u011f\u0131m, Atla ka\u00e7arsa d\u00fc\u015f\u00fcrerek alaca\u011f\u0131m, K\u0131m\u0131z i\u00e7ip  sarho\u015f olursa d\u00f6\u011f\u00fc\u015ft\u00fcrece\u011fim, A\u011faca \u00e7\u0131ksa gene alaca\u011f\u0131m.\u201d. Ve Tanr\u0131 hiddetlendi,  \u201c3 Kat yerin alt\u0131nda, ay ve g\u00fcne\u015f olmayan bir karanl\u0131k vard\u0131r. Ben Seni oraya  at\u0131yorum.\u201d. Ve sonra insanlara d\u00f6nd\u00fc, \u201cBundan sonra size yemek vermeyece\u011fim\u201d  dedi \u201cKendinizi kendi g\u00fcc\u00fcn\u00fczle besleyin. Sizinle konu\u015fmayaca\u011f\u0131m ama sizlere  <strong>Maytere\u2019yi <\/strong>g\u00f6nderece\u011fim.\u201d<\/p>\n<p style=\"text-indent: 0.4cm; text-align: justify;\">Maytere geldi. \u0130nsanlara araba  yapmas\u0131n\u0131, a\u015f yapmas\u0131n\u0131, ot k\u00f6klerini \u00f6\u011fretti.<\/p>\n<p style=\"text-indent: 0.4cm; text-align: justify;\">Erlik Han Maytere\u2019ye  yalvard\u0131. \u201cEy Maytere\u201d dedi \u201cSen benim i\u00e7in Tanr\u0131ya ba\u015fvur, \u0130zin versin ben  Tanr\u0131n\u0131n yan\u0131na \u00e7\u0131kay\u0131m.\u201d Bunun \u00fczerine Maytere Erlik\u2019in kabulu i\u00e7in Tanr\u0131ya 60  y\u0131l yalvard\u0131.<\/p>\n<p style=\"text-indent: 0.4cm; text-align: justify;\">Sonunda Tanr\u0131 Erlik Han\u0131 kabul etti ve Erlik Han Tanr\u0131ya  yalvard\u0131 \u201cBeni yan\u0131na al\u201d dedi ve bunun \u00fcst\u00fcne Tanr\u0131 \u201cE\u011fer bana kar\u015f\u0131 k\u00f6t\u00fcl\u00fck  yapmazsan, kavmime haset ekmezsen var git istedi\u011fin yere.\u201d Bunun \u00fczerine Erlik  Han G\u00f6klere kendi yerini kurdu. Ve orda kavmini b\u00fcy\u00fctt\u00fc.<\/p>\n<p style=\"text-indent: 0.4cm; text-align: justify;\">Tanr\u0131n\u0131n has  ki\u015fisi <strong>Mangda\u015fire <\/strong>d\u00fc\u015f\u00fcnd\u00fc \u201cErlik Han\u0131n kavmi hep g\u00f6klerdedir ve \u00e7oktur,  halbuki bizim kavmimiz yerdedir. Bu K\u00f6t\u00fc bir \u015fey.\u201d Ve sonra Tanr\u0131ya dar\u0131l\u0131p  Erlik Han\u2019a sava\u015f a\u00e7t\u0131. Ancak Erlik Han\u2019\u0131n g\u00fcc\u00fc \u00e7oktu ve Mangda\u015fire\u2019yi yendi.  Bunun \u00fczerine Mangda\u015fire Tanr\u0131ya gitti. \u201c Tanr\u0131m\u201d dedi \u201cErlik Han\u0131n avanesi  \u00e7oktur ve g\u00f6klerdedir, bu fena bir \u015fey ben onlar\u0131 yere indirmek i\u00e7in sava\u015ft\u0131m  ancak Erlik Han\u0131n g\u00fcc\u00fc \u00e7oktur ben onu yenemedim.\u201d Tanr\u0131 \u201cbenden ba\u015fka kimsenin  g\u00fcc\u00fc ona yetmez\u201d buyurdu. \u201cFakat bir zaman gelecek senin g\u00fcc\u00fcn ondan \u00e7ok olacak  ben o zaman sana var git diyece\u011fim yeneceksin Erlik Han\u0131\u201d.<\/p>\n<p style=\"text-indent: 0.4cm; text-align: justify;\">Bir g\u00fcn Tanr\u0131  Mangda\u015fireyi yan\u0131na \u00e7a\u011f\u0131rd\u0131 ve \u201cVar git Erlik Han\u0131 Yen\u201d dedi. Mangde\u015fire bunun  \u00fczerine \u201cAma benim yay\u0131m yok, okum yok, benim karg\u0131m yok k\u0131l\u0131c\u0131m yok. Ancak  Kolum g\u00fcc\u00fcm var ben nas\u0131l Erlik Han\u2019a varay\u0131m?\u201d dedi. Tanr\u0131 ona karg\u0131 verdi ve  \u201cbenim takdisim sana yetsin\u201d buyurdu. Bunun \u00fczerine Mangda\u015fire Karg\u0131s\u0131n\u0131 al\u0131p  Erlik Han\u2019a vard\u0131 ve sava\u015ft\u0131, o zamana kadar da\u011flar yok idi, da\u011flar oldu, g\u00fczel  Tanr\u0131n\u0131n yaratt\u0131\u011f\u0131 yerler al\u00e7akl\u0131 y\u00fcksekli oldu ve Mangda\u015fire g\u00fc\u00e7l\u00fc \u00e7\u0131kt\u0131, Erlik  Han ve Avanesini yere d\u00f6kt\u00fc.<\/p>\n<p style=\"text-indent: 0.4cm; text-align: justify;\">Erlik Han tekrar Tanr\u0131ya d\u00f6nd\u00fc \u201csen beni  yerimden ettin, benim bar\u0131nacak yerim yok\u201d dedi. Tanr\u0131da ona \u201cSenin yerin yerin  alt\u0131ndaki karanl\u0131kt\u0131r, orada g\u00fcne\u015f yoktur ay yoktur ancak bitmeyen alevler  vard\u0131r\u201d dedi. Erlik Han \u201cben \u00f6lm\u00fc\u015flerin can\u0131n\u0131 alaca\u011f\u0131m buyurdu.\u201d Tanr\u0131 m\u00fcsaade  etmedi, \u201cvar git kendin yarat\u201d dedi. Bunun \u00fczerine Erlik Han bir eline \u00e7eki\u00e7,  k\u00f6r\u00fck, \u00f6rs ald\u0131. \u00c7ekici \u00f6rse bir vurdu, kurba\u011fa \u00e7\u0131kt\u0131, bir vurdu y\u0131lan \u00e7\u0131kt\u0131,  bir vurdu domuz \u00e7\u0131kt\u0131 bir vurdu alb\u0131s \u00e7\u0131kt\u0131 bir daha vurdu deve \u00e7\u0131kt\u0131.<\/p>\n<p style=\"text-indent: 0.4cm; text-align: justify;\">En  sonunda Tanr\u0131 geldi ve Erlik Han\u0131n \u00e7ekicini \u00f6rs\u00fcn\u00fc ve k\u00f6r\u00fc\u011f\u00fcn\u00fc aleve att\u0131.  Bundanda bir kad\u0131n ile bir erkek \u00e7\u0131kt\u0131. Tanr\u0131 Erke\u011fin surat\u0131na t\u00fck\u00fcrd\u00fc ve o  yalban oldu, Kad\u0131n\u0131n surat\u0131na t\u00fck\u00fcrd\u00fc ve oda eti yenmez, t\u00fcy\u00fc yelek olmaz Kurday  ku\u015fu oldu.<\/p>\n<p style=\"text-indent: 0.4cm; text-align: justify;\">B\u00fct\u00fcn Bunlardan sonra Tanr\u0131 halka bakt\u0131 ve \u201cBen size mal  verdim, a\u015f verdim, yerin \u00fczerinde iyi ve g\u00fczel sular verdim. Size yard\u0131m ettim,  Sizde iyilik yap\u0131n, ben g\u00f6klere d\u00f6nece\u011fim ve \u00e7ok zaman gelmeyece\u011fim.\u201d Dedi.  Sonra \u201c<strong>\u015eal-Yime<\/strong> sen k\u0131m\u0131z i\u00e7ip akl\u0131n\u0131 kaybedenleri, k\u00f6rpe \u00e7ocuklar\u0131,  k\u0131srak yavrular\u0131n\u0131 ve buza\u011f\u0131lar\u0131n\u0131 koru. \u0130yi sakla,iyilik yapan \u00f6l\u00fclerin  canlar\u0131n\u0131 yan\u0131na al, kendi kendini \u00f6ld\u00fcrenleri alma, zenginin mal\u0131na g\u00f6z dikeni,  h\u0131rs\u0131zlar\u0131, k\u0131skananlar\u0131 alma, benim i\u00e7in ve hakan\u0131 i\u00e7in d\u00f6v\u00fc\u015fenleri yan\u0131na al,  Kahramanlar\u0131 yan\u0131na al, korkaklar\u0131 alma, s\u00f6z\u00fcne sad\u0131klar\u0131 yan\u0131na al yalanc\u0131lar\u0131  alma, insanlar k\u00f6rm\u00f6slerden korunun, onlar\u0131n a\u015f\u0131ndan yemeyin, onlarla sava\u015f\u0131n  onlarla m\u00fccadele edin, beni unutmay\u0131n ben simdi gidece\u011fim ama sonra gelece\u011fim,  geldi\u011fim zaman sizin iyilik ve k\u00f6t\u00fcl\u00fcklerinizin hesab\u0131n\u0131 g\u00f6rece\u011fim \u015fimdilik  benim yerimde <strong>Yapkara<\/strong>, Mangda\u015fire ve \u015eal-yime kal\u0131yorlar\u201d  buyurdu.<\/p>\n<p style=\"text-indent: 0.4cm; text-align: justify;\">Bunlar\u0131 s\u00f6yledikten sonra Tanr\u0131 uzakla\u015ft\u0131. Mangda\u015fire insanlara  icatlar \u00f6\u011fretti, avlanmay\u0131 ve e\u015fya yapmay\u0131 belletti. Silah yapmas\u0131n\u0131 ve kendini  korumas\u0131n\u0131 \u00f6\u011fretti. Sonra onu r\u00fczgar ald\u0131 ve gitti.<\/p>\n<p style=\"text-indent: 0.4cm; text-align: justify;\">Yapkara bunun \u00fczerine  \u201cben Tanr\u0131n\u0131n el\u00e7isiyim\u201d dedi, \u201cMangda\u015fire gitti. O Tanr\u0131n\u0131n yan\u0131nda. Ben  Tanr\u0131n\u0131n istedi\u011fi yerde duraca\u011f\u0131m, siz \u00f6\u011frendiklerinizi unutmay\u0131n\u0131z, Tanr\u0131n\u0131n  yarg\u0131s\u0131 budur.\u201d. Sonra insanlar\u0131 kendi hallerine b\u0131rak\u0131p oda  gitti.<\/p>\n<hr \/>\n<table id=\"table20\" style=\"border-collapse: collapse; height: 21px;\" border=\"0\" cellspacing=\"0\" cellpadding=\"2\" width=\"470\">\n<tbody>\n<tr>\n<td style=\"border-style: solid ridge ridge; border-width: 1px; padding-left: 4px; padding-right: 4px;\" width=\"98%\" bgcolor=\"#C0B18D\"><strong><span style=\"font-size: 9pt; font-family: Tahoma;\">G\u00fcrman Timurhan<\/span><br \/>\n<\/strong><\/td>\n<\/tr>\n<\/tbody>\n<\/table>\n<p style=\"text-align: left;\"><span style=\"color: #ff0000;\"><em><span>(Bu yaz\u0131 <strong>lostlibrary.org<\/strong> sitesinden, yay\u0131nc\u0131s\u0131n\u0131n izni al\u0131narak  yay\u0131nlanm\u0131\u015ft\u0131r)<\/span><\/em><\/span><\/p>\n","protected":false},"excerpt":{"rendered":"<p>[stextbox id=&#8221;black&#8221;]T\u00fcrk Mitolojisi \u201cKafesinden ka\u00e7m\u0131\u015f birer kartal gibi, hi\u00e7 yorulmam\u0131\u015f ve a\u00e7 kurtlar gibi ve amans\u0131z bir Sayan da\u011f\u0131 f\u0131rt\u0131nas\u0131 gibi geldiler \u00fcst\u00fcm\u00fcze prensim. Ve son askerinizde orda can verdi\u011finde ve son bayrakta d\u00fc\u015ft\u00fcg\u00fcnde topra\u011fa, onlar hi\u00e7 arkalar\u0131na bakmadan ve sanki hi\u00e7 sava\u015fmam\u0131\u015f gibi s\u00fcrd\u00fcler atlar\u0131n\u0131 i\u00e7imize. Prensim soruyorsunuz \u201cnas\u0131l durdurabiliriz diye? Onlar&#8230; Efendim&#8230; Durdurulamazlar.\u201d [&hellip;]<\/p>\n","protected":false},"author":1,"featured_media":0,"parent":59,"menu_order":0,"comment_status":"open","ping_status":"closed","template":"","meta":{"_acf_changed":false,"footnotes":""},"class_list":["post-3916","page","type-page","status-publish"],"acf":[],"_links":{"self":[{"href":"https:\/\/www.kayiprihtim.org\/portal\/wp-json\/wp\/v2\/pages\/3916","targetHints":{"allow":["GET"]}}],"collection":[{"href":"https:\/\/www.kayiprihtim.org\/portal\/wp-json\/wp\/v2\/pages"}],"about":[{"href":"https:\/\/www.kayiprihtim.org\/portal\/wp-json\/wp\/v2\/types\/page"}],"author":[{"embeddable":true,"href":"https:\/\/www.kayiprihtim.org\/portal\/wp-json\/wp\/v2\/users\/1"}],"replies":[{"embeddable":true,"href":"https:\/\/www.kayiprihtim.org\/portal\/wp-json\/wp\/v2\/comments?post=3916"}],"version-history":[{"count":0,"href":"https:\/\/www.kayiprihtim.org\/portal\/wp-json\/wp\/v2\/pages\/3916\/revisions"}],"up":[{"embeddable":true,"href":"https:\/\/www.kayiprihtim.org\/portal\/wp-json\/wp\/v2\/pages\/59"}],"wp:attachment":[{"href":"https:\/\/www.kayiprihtim.org\/portal\/wp-json\/wp\/v2\/media?parent=3916"}],"curies":[{"name":"wp","href":"https:\/\/api.w.org\/{rel}","templated":true}]}}