{"id":4494,"date":"2010-07-02T17:08:51","date_gmt":"2010-07-02T14:08:51","guid":{"rendered":"http:\/\/www.kayiprihtim.org\/portal\/?page_id=4494"},"modified":"2011-12-02T14:56:27","modified_gmt":"2011-12-02T12:56:27","slug":"yedi-kartal-efsanesi","status":"publish","type":"page","link":"https:\/\/www.kayiprihtim.org\/portal\/kitaplar\/yedi-kartal-efsanesi\/","title":{"rendered":"Yedi Kartal Efsanesi"},"content":{"rendered":"<table style=\"border: thin outset; border-collapse: collapse; height: 30px; width: 470px;\" border=\"0\" cellpadding=\"2\">\n<tbody>\n<tr>\n<td bgcolor=\"#330000\" width=\"30%\"><span style=\"color: #ffffff;\"><span style=\"font-family: Verdana;\"><strong>Z\u00dcLF\u0130KAR&#8217;IN H\u00dcKM\u00dc<\/strong><\/span><\/span><span style=\"font-family: Verdana; color: #ffffff;\"><strong><br \/>\n<\/strong><\/span><\/td>\n<\/tr>\n<\/tbody>\n<\/table>\n<table style=\"border-collapse: collapse; width: 462px; height: 250px;\" border=\"0\" cellspacing=\"0\" cellpadding=\"0\">\n<tbody>\n<tr>\n<td align=\"center\" valign=\"top\" width=\"58%\">\n<table style=\"border-collapse: collapse; width: 315px; height: 248px;\" border=\"0\" cellspacing=\"2\">\n<tbody>\n<tr>\n<td align=\"right\" width=\"100%\">\n<table style=\"width: 310px; height: 88px;\" border=\"0\" cellspacing=\"0\">\n<tbody>\n<tr bgcolor=\"#D1C4A5\">\n<td width=\"39%\"><strong>Yazar<\/strong><\/td>\n<td width=\"3%\">:<\/td>\n<td width=\"51%\"><span style=\"color: #993300;\"><strong>Sayg\u0131n Ersin<\/strong><\/span><span style=\"color: #181512;\"><br \/>\n<\/span><\/td>\n<\/tr>\n<tr bgcolor=\"#E4DDCB\">\n<td><strong>Edit\u00f6r<\/strong><\/td>\n<td width=\"3%\">:<\/td>\n<td width=\"51%\">\u00d6zkan \u00d6zdem<\/td>\n<\/tr>\n<tr bgcolor=\"#D1C4A5\">\n<td width=\"39%\"><strong>Kapak<\/strong><\/td>\n<td width=\"3%\">:<\/td>\n<td width=\"51%\">Yunus Bora \u00dclke<\/td>\n<\/tr>\n<tr bgcolor=\"#E4DDCB\">\n<td width=\"39%\"><span id=\"ctl00_CPH_SITE_TABS_TAB_KUNYE_LBL_KUNYE\"><strong>Bask\u0131 Haz\u0131rl\u0131k<br \/>\n<\/strong><\/span><\/td>\n<td width=\"3%\">:<\/td>\n<td width=\"51%\">Meral G\u00f6k<\/td>\n<\/tr>\n<\/tbody>\n<\/table>\n<\/td>\n<\/tr>\n<tr>\n<td style=\"border-style: solid ridge ridge; border-width: 1px; padding-left: 4px; padding-right: 4px;\" bgcolor=\"#C0B18D\" width=\"100%\"><strong><span style=\"font-size: 9pt; font-family: Tahoma;\">Pegasus Yay\u0131nlar\u0131<br \/>\n<\/span><\/strong><\/td>\n<\/tr>\n<tr>\n<td align=\"right\" width=\"100%\">\n<table style=\"width: 310px; height: 88px;\" border=\"0\" cellspacing=\"0\">\n<tbody>\n<tr bgcolor=\"#E4DDCB\">\n<td width=\"39%\"><strong>\u00c7\u0131k\u0131\u015f Tarihi<\/strong><strong><br \/>\n<\/strong><\/td>\n<td width=\"3%\">:<\/td>\n<td width=\"51%\"><span style=\"color: #181512;\">Temmuz, 2010<\/span><span style=\"color: #181512;\"><br \/>\n<\/span><\/td>\n<\/tr>\n<tr bgcolor=\"#D1C4A5\">\n<td><strong>Sayfa Say\u0131s\u0131<\/strong><\/td>\n<td width=\"3%\">:<\/td>\n<td width=\"51%\">456<\/td>\n<\/tr>\n<tr bgcolor=\"#E4DDCB\">\n<td width=\"39%\"><strong>Fiyat\u0131<\/strong><\/td>\n<td width=\"3%\">:<\/td>\n<td width=\"51%\">20,00 TL<\/td>\n<\/tr>\n<tr bgcolor=\"#D1C4A5\">\n<td width=\"39%\"><strong>ISBN No<\/strong><\/td>\n<td width=\"3%\">:<\/td>\n<td width=\"51%\"><span id=\"ctl00_CPH_SITE_TABS_TAB_KUNYE_LBL_KUNYE\">9786054263721<\/span><\/td>\n<\/tr>\n<\/tbody>\n<\/table>\n<\/td>\n<\/tr>\n<\/tbody>\n<\/table>\n<\/td>\n<td style=\"width: 39%;\" align=\"center\" valign=\"middle\"><a href=\"https:\/\/www.kayiprihtim.org\/portal\/gorsel\/zulfukarin-hukmu.jpg\" target=\"_blank\"><img decoding=\"async\" class=\"aligncenter\" src=\"https:\/\/www.kayiprihtim.org\/portal\/gorsel\/zulfukarin-hukmu.jpg\" alt=\"\" width=\"140\" height=\"219\" border=\"0\" hspace=\"1\"><\/a><\/td>\n<\/tr>\n<\/tbody>\n<\/table>\n<table style=\"border-collapse: collapse; width: 47%;\" border=\"0\" cellpadding=\"0\">\n<tbody>\n<tr>\n<td width=\"54%\">\n<table style=\"border-collapse: collapse; height: 147px; width: 470px;\" border=\"0\" cellspacing=\"0\" cellpadding=\"2\">\n<tbody>\n<tr>\n<td style=\"border-style: solid ridge ridge; border-width: 1px; padding-left: 4px; padding-right: 4px;\" bgcolor=\"#C0B18D\" width=\"98%\"><strong><span style=\"font-size: 9pt; font-family: Tahoma;\">Tan\u0131t\u0131m Yaz\u0131s\u0131<br \/>\n<\/span><\/strong><\/td>\n<\/tr>\n<tr>\n<td align=\"left\" width=\"99%\">\n<table style=\"width: 465px;\" border=\"0\">\n<tbody>\n<tr>\n<td style=\"border-style: outset; border-width: 1px;\" bgcolor=\"#D1C4A5\" width=\"96%\">\n<table style=\"border-collapse: collapse; width: 452px; height: 199px;\" border=\"0\" cellspacing=\"0\" cellpadding=\"5\" bgcolor=\"#D1C4A5\">\n<tbody>\n<tr>\n<td bgcolor=\"#D1C4A5\" width=\"96%\">\n<p style=\"text-align: center;\">YEN\u0130 B\u0130R \u00c7A\u011e BA\u015eLIYOR:<\/p>\n<p style=\"text-align: center;\">\u0130STANBUL\u2019DA GE\u00c7EN HEYECANLI B\u0130R FANTAST\u0130K D\u00dcNYA<\/p>\n<p style=\"text-align: justify;\">Eski, \u00e7ok eski zamanlarda, daha b\u00fcy\u00fc denen kudret yeni inmi\u015fken yery\u00fcz\u00fcne, bilgelerin bilgesi Lokman Hekim yedi gen\u00e7 toplam\u0131\u015f etraf\u0131na. Yedisini de yeti\u015ftirmi\u015f, yedisini de sanatlar\u0131nda y\u00fcceltmi\u015f. Ve yedisine de \u00f6l\u00fcms\u00fczl\u00fc\u011f\u00fcn s\u0131rr\u0131n\u0131 vermi\u015f.<\/p>\n<p style=\"text-align: justify;\">Zaman ge\u00e7mi\u015f, \u00e7a\u011flar devrilmi\u015f, \u00fclkeler ve insanlar de\u011fi\u015fmi\u015f.<br \/>\nAma Yedi Kartal hep kalm\u0131\u015f yery\u00fcz\u00fcnde. Yeri gelmi\u015f ordulara, yeri gelmi\u015f saraylara h\u00fckmetmi\u015fler ama ne geleneklerini bozmu\u015flar, ne Hekim &#8216;in a\u00e7t\u0131\u011f\u0131 yoldan sapm\u0131\u015flar. Zormu\u015f sonsuz ya\u015famak.<br \/>\n\u00d6l\u00fcms\u00fczl\u00fc\u011f\u00fcn i\u00e7inde \u00f6l\u00fcm de varm\u0131\u015f ve k\u0131l\u0131\u00e7 yaras\u0131 ile kara b\u00fcy\u00fcn\u00fcn \u00e7aresi yokmu\u015f. Yolda\u015flar\u0131ndan biri d\u00fc\u015ft\u00fc\u011f\u00fcnde, yeni bir \u00e7\u0131rak bulup yola devam etmi\u015f Yediler. Ocaklar\u0131n\u0131 eksik b\u0131rakmam\u0131\u015flar.<\/p>\n<p style=\"text-align: justify;\">Zaman ahir zamanm\u0131\u015f ve \u00f6l\u00fcm yine dayanm\u0131\u015f kap\u0131lar\u0131na. Ama bu sefer \u00f6l\u00fcm, yedisini birden istiyormu\u015f&#8230;<\/p>\n<p style=\"text-align: center;\">B\u00dcY\u00dcLEY\u0130C\u0130 D\u00dcNYALARIN B\u00dcY\u00dcS\u00dcNE KAPILMAMAK M\u00dcMK\u00dcN DE\u011e\u0130L<\/p>\n<\/td>\n<\/tr>\n<\/tbody>\n<\/table>\n<\/td>\n<\/tr>\n<\/tbody>\n<\/table>\n<\/td>\n<\/tr>\n<\/tbody>\n<\/table>\n<\/td>\n<\/tr>\n<\/tbody>\n<\/table>\n","protected":false},"excerpt":{"rendered":"<p>Z\u00dcLF\u0130KAR&#8217;IN H\u00dcKM\u00dc Yazar : Sayg\u0131n Ersin Edit\u00f6r : \u00d6zkan \u00d6zdem Kapak : Yunus Bora \u00dclke Bask\u0131 Haz\u0131rl\u0131k : Meral G\u00f6k Pegasus Yay\u0131nlar\u0131 \u00c7\u0131k\u0131\u015f Tarihi : Temmuz, 2010 Sayfa Say\u0131s\u0131 : 456 Fiyat\u0131 : 20,00 TL ISBN No : 9786054263721 Tan\u0131t\u0131m Yaz\u0131s\u0131 YEN\u0130 B\u0130R \u00c7A\u011e BA\u015eLIYOR: \u0130STANBUL\u2019DA GE\u00c7EN HEYECANLI B\u0130R FANTAST\u0130K D\u00dcNYA Eski, \u00e7ok eski zamanlarda, [&hellip;]<\/p>\n","protected":false},"author":1,"featured_media":0,"parent":57,"menu_order":0,"comment_status":"open","ping_status":"closed","template":"","meta":{"_acf_changed":false,"footnotes":""},"class_list":["post-4494","page","type-page","status-publish"],"acf":[],"_links":{"self":[{"href":"https:\/\/www.kayiprihtim.org\/portal\/wp-json\/wp\/v2\/pages\/4494","targetHints":{"allow":["GET"]}}],"collection":[{"href":"https:\/\/www.kayiprihtim.org\/portal\/wp-json\/wp\/v2\/pages"}],"about":[{"href":"https:\/\/www.kayiprihtim.org\/portal\/wp-json\/wp\/v2\/types\/page"}],"author":[{"embeddable":true,"href":"https:\/\/www.kayiprihtim.org\/portal\/wp-json\/wp\/v2\/users\/1"}],"replies":[{"embeddable":true,"href":"https:\/\/www.kayiprihtim.org\/portal\/wp-json\/wp\/v2\/comments?post=4494"}],"version-history":[{"count":0,"href":"https:\/\/www.kayiprihtim.org\/portal\/wp-json\/wp\/v2\/pages\/4494\/revisions"}],"up":[{"embeddable":true,"href":"https:\/\/www.kayiprihtim.org\/portal\/wp-json\/wp\/v2\/pages\/57"}],"wp:attachment":[{"href":"https:\/\/www.kayiprihtim.org\/portal\/wp-json\/wp\/v2\/media?parent=4494"}],"curies":[{"name":"wp","href":"https:\/\/api.w.org\/{rel}","templated":true}]}}