{"id":4537,"date":"2010-07-08T20:15:03","date_gmt":"2010-07-08T17:15:03","guid":{"rendered":"http:\/\/www.kayiprihtim.org\/portal\/?page_id=4537"},"modified":"2021-06-06T02:00:35","modified_gmt":"2021-06-05T23:00:35","slug":"esen-gur-ile-olimpos-kahramanlari-uzerine","status":"publish","type":"page","link":"https:\/\/www.kayiprihtim.org\/portal\/roportajlar\/esen-gur-ile-olimpos-kahramanlari-uzerine\/","title":{"rendered":"Esen G\u00fcr ile &#8220;Olimpos Kahramanlar\u0131&#8221; \u00fczerine&#8230;"},"content":{"rendered":"<p>&nbsp;<\/p>\n<ul>\n<li style=\"text-align: justify;\"><strong>\u00d6ncelikle; yeni gelecek olan \u201cHeroes of Olympus\u201dun ilk kitab\u0131 olan \u201cThe Lost Hero\u201d ile Percy Jackson&#8217;a devam m\u0131 ediyoruz? Basitle\u015ftirirsek maceram\u0131z h\u0131z kesmeden soluk solu\u011fa devam edecek gibi?<\/strong><\/li>\n<\/ul>\n<p style=\"text-indent: 0.4cm; text-align: justify;\">Olimpos Kahramanlar\u0131, \u201cPercy Jackson ve Olimposlular\u201d serisinin devam\u0131 niteli\u011finde. Ancak yaln\u0131zca bizim Percy\u2019nin hik\u00e2yesi de\u011fil art\u0131k. Melez Kamp\u0131\u2019na yeni melezler geliyor, Olimpos Kahramanlar\u0131 da onlar\u0131n hik\u00e2yesi. PJO\u2019nun son kitab\u0131 \u201cSon Olimposlu\u201d ile \u201cOlimpos Kahramanlar\u0131\u201dn\u0131n ilk kitab\u0131 \u201cKay\u0131p Kahraman\u201d aras\u0131nda b\u00fcy\u00fck bir zaman fark\u0131 yok, yani pe\u015fi s\u0131ra gelen bir macera diyebilirim.<\/p>\n<ul>\n<li style=\"text-align: justify;\"><strong>Yeni serinin genel konusu ne olacak, bizlere k\u0131saca a\u00e7\u0131klayabilir misin? <\/strong><\/li>\n<\/ul>\n<p style=\"text-indent: 0.4cm; text-align: justify;\">Yeni kitapla ilgili verebilece\u011fim bilgi ne yaz\u0131k ki \u015fimdilik s\u0131n\u0131rl\u0131. Ancak tabii ki tan\u0131d\u0131\u011f\u0131m\u0131z ve sevdi\u011fimiz karakterlerle yine bir Yunan Mitolojisi maceras\u0131 var \u00f6n\u00fcm\u00fczde. Seriyi iyi bilenler, Rick Riordan\u2019\u0131n kitaplar\u0131nda hemen hemen her \u015feyin m\u00fcmk\u00fcn oldu\u011funu da bileceklerdir.<\/p>\n<ul>\n<li style=\"text-align: justify;\"><strong>\u201cThe Lost Hero\u201d (Kay\u0131p Kahraman) kitab\u0131n\u0131n kapak g\u00f6rseli yay\u0131nland\u0131. Burada bronz ejderha \u00fczerinde iki erkek ve bir k\u0131z olmak \u00fczere \u00fc\u00e7 \u00e7ocuk g\u00f6r\u00fcyoruz. Bunlar\u0131n kim oldu\u011fu hakk\u0131nda bir fikrin var m\u0131? <\/strong><\/li>\n<\/ul>\n<p style=\"text-indent: 0.4cm; text-align: justify;\">Kapaktaki karakterler, Facebook grubumuzda yay\u0131nlad\u0131\u011f\u0131m\u0131z, \u201cKay\u0131p Kahraman\u201d\u0131n ilk iki b\u00f6l\u00fcm\u00fcnde tan\u0131ma \u015fans\u0131n\u0131 elde etti\u011fimiz Leo, Piper ve Jason. Leo en \u00f6nde g\u00f6r\u00fcl\u00fcyor, Piper ortada, Jason da en arkada. \u201cPercy Jackson ve Olimposlular\u201d serisinde ek kitap olarak yay\u0131nlanan \u201cMelez Dosyalar\u0131\u201dn\u0131 okuyanlar, kapaktaki bronz ejderhay\u0131 da yak\u0131ndan tan\u0131yorlar.<\/p>\n<ul>\n<li style=\"text-align: justify;\"><strong>Peki Leo ve arkada\u015flar\u0131 yeni melezler olarak Percy&#8217;nin pe\u015finden gidip onu aramaya m\u0131 koyulacaklar yoksa daha fazlas\u0131 da bizleri bekliyor olabilir mi? <\/strong><\/li>\n<\/ul>\n<p style=\"text-indent: 0.4cm; text-align: justify;\">Kurgu sadece Percy\u2019yi aramak etraf\u0131nda geli\u015fmeyecektir. \u201cOlimpos Kahramanlar\u0131\u201d serisinin 5 kitap olaca\u011f\u0131n\u0131 biliyoruz, 5 kitap boyunca Percy\u2019yi aramay\u0131 kimse istemeyecektir, \u00f6zellikle onu bu kadar \u00f6zlemi\u015fken! Ama Percy kesinlikle kay\u0131p, bu da maceradaki en b\u00fcy\u00fck sorunlardan biri tabii.<\/p>\n<ul>\n<li style=\"text-align: justify;\"><strong>\u00c7o\u011fu hayran, &#8220;Ke\u015fke Percy ile yola devam etselerdi.&#8221; diye yak\u0131nm\u0131\u015f. Sence Rick Riordan ters k\u00f6\u015fe yapabilir mi? Yani isimden yola \u00e7\u0131karsak b\u00fcy\u00fck ihtimalle bu kitab\u0131n sonunda Percy&#8217;i bulmalar\u0131 y\u00fcksek ihtimal. Sadece ilk kitaba bu isim verildi\u011finden dolay\u0131 bir sonraki kitap da Percy ile maceraya devam etme olas\u0131l\u0131\u011f\u0131m\u0131z var m\u0131d\u0131r?<\/strong><\/li>\n<\/ul>\n<p style=\"text-indent: 0.4cm; text-align: justify;\">Ki\u015fisel fikrim: Sadece Percy\u2019yle yola devam etmek hik\u00e2yeyi sak\u0131z gibi uzatmak olacakt\u0131. Rick Riordan elbette bunu yapmayacak. Percy\u2019yi daha \u00e7ok g\u00f6rmek istesek de bir yan\u0131m\u0131z da ba\u015fka ba\u015fka melezleri merak ediyor. \u0130lk seriyi okurken benim en \u00e7ok merak etti\u011fim \u015fey, di\u011fer kul\u00fcbelerdeki melezler, onlar\u0131n kendilerine \u00f6zel g\u00fc\u00e7leri, ba\u015flar\u0131ndan ge\u00e7enler vs olmu\u015ftu. Belli karakterler d\u0131\u015f\u0131nda bunlar\u0131 g\u00f6rememi\u015ftik. \u201cOlimpos Kahramanlar\u0131\u201d serisinde bu \u015fans\u0131m\u0131z olacak. \u00dcstelik \u201cSon Olimposlu\u201dyu okuyanlar bilirler, Melez Kamp\u0131\u2019nda art\u0131k daha \u00e7ok kul\u00fcbe, daha \u00e7ok tanr\u0131n\u0131n \u00e7ocu\u011fu var ve bu \u00e7ocuklar birbirinden renkli.<\/p>\n<ul style=\"text-align: justify;\">\n<li><strong>Bu zamana kadar Rick Riordan hep birinci tekil \u015fahs\u0131ndan anlatt\u0131 hik\u00e2yeyi. Bu kez bizi ne bekliyor?<\/strong><\/li>\n<\/ul>\n<p>Bu kez hik\u00e2yeyi \u00fc\u00e7\u00fcnc\u00fc \u015fahs\u0131n a\u011fz\u0131ndan dinleyece\u011fiz. Bunun sebebi, hik\u00e2yenin \u00fc\u00e7 farkl\u0131 karakterin bak\u0131\u015f a\u00e7\u0131s\u0131yla anlat\u0131lacak olmas\u0131. Yani bir b\u00f6l\u00fcmde Leo\u2019nun taraf\u0131ndan ya\u015farken, di\u011fer b\u00f6l\u00fcmde Piper, di\u011fer b\u00f6l\u00fcmde de Jason taraf\u0131ndan maceraya \u015fahit olaca\u011f\u0131z. PJO\u2019daki samimi havadan uzakla\u015f\u0131yor gibi g\u00f6r\u00fcnse de Rick Riordan bu anlat\u0131m tekni\u011fiyle bize olaya farkl\u0131 bak\u0131\u015f a\u00e7\u0131lar\u0131ndan yakla\u015fma f\u0131rsat\u0131 tan\u0131yor ve bu, i\u015fleri biraz daha renkli bir hale getiriyor.<\/p>\n<ul>\n<li style=\"text-align: justify;\"><strong>Melez Kamp\u0131&#8217;ndan tan\u0131d\u0131k simalar g\u00f6rebilecek miyiz yine? (Tabii ki Percy d\u0131\u015f\u0131nda.)<\/strong><\/li>\n<\/ul>\n<p style=\"text-indent: 0.4cm; text-align: justify;\">Evet, tan\u0131d\u0131\u011f\u0131m\u0131z, \u201cSon Olimposlu\u201ddaki sava\u015fta hayatta kalmay\u0131 ba\u015farm\u0131\u015f pek \u00e7ok karakter bu seride de bizimle birlikte.<\/p>\n<ul>\n<li style=\"text-align: justify;\"><strong>Seri boyunca inceden bir a\u015fk daima vard\u0131, yeni hik\u00e2yede a\u015fk da olacak m\u0131?<\/strong><\/li>\n<\/ul>\n<p style=\"text-indent: 0.4cm; text-align: justify;\">\u0130nanmayacaks\u0131n\u0131z ama bu sefer a\u015fk biraz daha fazla yer al\u0131yor! Hatta \u00e7ok \u00f6nemli bir yer tutuyor bile diyebilirim.<\/p>\n<ul>\n<li style=\"text-align: justify;\"><strong>Serinin hitap etti\u011fi ya\u015f kesimi yine ayn\u0131 m\u0131 olacak? Yoksa bir ad\u0131m daha m\u0131 olgunla\u015fm\u0131\u015f g\u00f6rece\u011fiz bu d\u00fcnyay\u0131?<\/strong><\/li>\n<\/ul>\n<p style=\"text-indent: 0.4cm; text-align: justify;\">A\u00e7\u0131k\u00e7as\u0131 ben PJO\u2019nun belli bir ya\u015f kitlesine y\u00f6nelik bir seri oldu\u011funu hi\u00e7bir zaman d\u00fc\u015f\u00fcnmedim. 12 ya\u015f\u0131ndaki bir okuru da benim gibi ya\u015f\u0131n\u0131 ba\u015f\u0131n\u0131 alm\u0131\u015f bir edit\u00f6r\u00fc bile heyecanland\u0131ran bu maceran\u0131n evrensel bir taraf\u0131 var. Ancak \u201cOlimpos Kahramanlar\u0131\u201dn\u0131 okurken daha b\u00fcy\u00fck ya\u015ftaki okurlar\u0131n bu sefer daha da \u00e7ok zevk alaca\u011f\u0131n\u0131 d\u00fc\u015f\u00fcn\u00fcyorum. Ama elbette \u00e7ocuklar i\u00e7in yine her zamanki gibi harika bir macera, o noktada de\u011fi\u015fen bir \u015fey yok.<\/p>\n","protected":false},"excerpt":{"rendered":"<p>&nbsp; \u00d6ncelikle; yeni gelecek olan \u201cHeroes of Olympus\u201dun ilk kitab\u0131 olan \u201cThe Lost Hero\u201d ile Percy Jackson&#8217;a devam m\u0131 ediyoruz? Basitle\u015ftirirsek maceram\u0131z h\u0131z kesmeden soluk solu\u011fa devam edecek gibi? Olimpos Kahramanlar\u0131, \u201cPercy Jackson ve Olimposlular\u201d serisinin devam\u0131 niteli\u011finde. Ancak yaln\u0131zca bizim Percy\u2019nin hik\u00e2yesi de\u011fil art\u0131k. Melez Kamp\u0131\u2019na yeni melezler geliyor, Olimpos Kahramanlar\u0131 da onlar\u0131n hik\u00e2yesi. [&hellip;]<\/p>\n","protected":false},"author":1,"featured_media":0,"parent":1029,"menu_order":0,"comment_status":"open","ping_status":"closed","template":"","meta":{"_acf_changed":false,"footnotes":""},"class_list":["post-4537","page","type-page","status-publish"],"acf":[],"_links":{"self":[{"href":"https:\/\/www.kayiprihtim.org\/portal\/wp-json\/wp\/v2\/pages\/4537","targetHints":{"allow":["GET"]}}],"collection":[{"href":"https:\/\/www.kayiprihtim.org\/portal\/wp-json\/wp\/v2\/pages"}],"about":[{"href":"https:\/\/www.kayiprihtim.org\/portal\/wp-json\/wp\/v2\/types\/page"}],"author":[{"embeddable":true,"href":"https:\/\/www.kayiprihtim.org\/portal\/wp-json\/wp\/v2\/users\/1"}],"replies":[{"embeddable":true,"href":"https:\/\/www.kayiprihtim.org\/portal\/wp-json\/wp\/v2\/comments?post=4537"}],"version-history":[{"count":4,"href":"https:\/\/www.kayiprihtim.org\/portal\/wp-json\/wp\/v2\/pages\/4537\/revisions"}],"predecessor-version":[{"id":59385,"href":"https:\/\/www.kayiprihtim.org\/portal\/wp-json\/wp\/v2\/pages\/4537\/revisions\/59385"}],"up":[{"embeddable":true,"href":"https:\/\/www.kayiprihtim.org\/portal\/wp-json\/wp\/v2\/pages\/1029"}],"wp:attachment":[{"href":"https:\/\/www.kayiprihtim.org\/portal\/wp-json\/wp\/v2\/media?parent=4537"}],"curies":[{"name":"wp","href":"https:\/\/api.w.org\/{rel}","templated":true}]}}