{"id":4618,"date":"2010-08-01T02:33:10","date_gmt":"2010-07-31T23:33:10","guid":{"rendered":"http:\/\/www.kayiprihtim.org\/portal\/?page_id=4618"},"modified":"2011-05-03T13:10:33","modified_gmt":"2011-05-03T10:10:33","slug":"muhtesem-gizli-gosteri","status":"publish","type":"page","link":"https:\/\/www.kayiprihtim.org\/portal\/kitaplar\/muhtesem-gizli-gosteri\/","title":{"rendered":"Muhte\u015fem Gizli G\u00f6steri"},"content":{"rendered":"<table id=\"table1\" style=\"border-collapse: collapse; height: 30px; width: 490px;\" border=\"0\" cellpadding=\"2\">\n<tbody>\n<tr>\n<td width=\"30%\" bgcolor=\"#330000\"><span style=\"color: #ffffff;\"><span style=\"font-family: Verdana;\"><strong>MUHTE\u015eEM G\u0130ZL\u0130 G\u00d6STER\u0130 | Sanat&#8217;\u0131n Birinci Kitab\u0131<\/strong><\/span><\/span><span style=\"font-family: Verdana; color: #333333;\"><strong><br \/>\n<\/strong><\/span><\/td>\n<\/tr>\n<\/tbody>\n<\/table>\n<table style=\"border-collapse: collapse; width: 462px; height: 250px;\" border=\"0\" cellspacing=\"0\" cellpadding=\"0\" bordercolor=\"#111111\">\n<tbody>\n<tr>\n<td width=\"58%\" align=\"center\" valign=\"top\">\n<table style=\"border-collapse: collapse; width: 315px; height: 248px;\" border=\"0\" cellspacing=\"2\">\n<tbody>\n<tr>\n<td width=\"100%\" align=\"right\">\n<table style=\"width: 310px; height: 88px;\" border=\"0\" cellspacing=\"0\">\n<tbody>\n<tr bgcolor=\"#d1c4a5\">\n<td width=\"39%\"><strong>Yazar<\/strong><\/td>\n<td width=\"3%\">:<\/td>\n<td width=\"51%\">Clive Barker<\/td>\n<\/tr>\n<tr bgcolor=\"#e4ddcb\">\n<td><strong>\u00c7eviri<\/strong><\/td>\n<td width=\"3%\">:<\/td>\n<td width=\"51%\"><span style=\"color: #181512;\">Kerem Sanatel<\/span><\/td>\n<\/tr>\n<tr bgcolor=\"#d1c4a5\">\n<td width=\"39%\"><strong>Y\u0131l<\/strong><\/td>\n<td width=\"3%\">:<\/td>\n<td width=\"51%\"><span style=\"color: #181512;\">Temmuz 2010<\/span><\/td>\n<\/tr>\n<tr bgcolor=\"#e4ddcb\">\n<td width=\"39%\"><strong>Seri<\/strong><\/td>\n<td width=\"3%\">:<\/td>\n<td width=\"51%\">&#8211;<\/td>\n<\/tr>\n<\/tbody>\n<\/table>\n<\/td>\n<\/tr>\n<tr>\n<td style=\"border-style: solid ridge ridge; border-width: 1px; padding-left: 4px; padding-right: 4px;\" width=\"100%\" bgcolor=\"#c0b18d\"><strong><span style=\"font-size: 9pt; font-family: Tahoma;\">Maceraperest Yay\u0131nlar\u0131<br \/>\n<\/span><\/strong><\/td>\n<\/tr>\n<tr>\n<td width=\"100%\" align=\"right\">\n<table style=\"width: 310px; height: 88px;\" border=\"0\" cellspacing=\"0\">\n<tbody>\n<tr bgcolor=\"#d1c4a5\">\n<td width=\"39%\"><strong>Kapak<\/strong><\/td>\n<td width=\"3%\">:<\/td>\n<td width=\"51%\"><span style=\"color: #181512;\">Karton <\/span><\/td>\n<\/tr>\n<tr bgcolor=\"#e4ddcb\">\n<td><strong>Sayfa Say\u0131s\u0131<\/strong><\/td>\n<td width=\"3%\">:<\/td>\n<td width=\"51%\">486<\/td>\n<\/tr>\n<tr bgcolor=\"#d1c4a5\">\n<td width=\"39%\"><strong>Etiket Fiyat\u0131<\/strong><\/td>\n<td width=\"3%\">:<\/td>\n<td width=\"51%\">32,00 TL<\/td>\n<\/tr>\n<tr bgcolor=\"#e4ddcb\">\n<td width=\"39%\"><strong>ISBN No<\/strong><\/td>\n<td width=\"3%\">:<\/td>\n<td width=\"51%\"><span>9789753296885<\/span><\/td>\n<\/tr>\n<\/tbody>\n<\/table>\n<\/td>\n<\/tr>\n<\/tbody>\n<\/table>\n<\/td>\n<td width=\"39%\" align=\"left\" valign=\"top\">\n<p style=\"text-align: center;\">\n<p><a href=\"https:\/\/www.kayiprihtim.org\/portal\/gorsel\/muhtesem_gizli_gosteri_2010_7_15_103181.jpg\" target=\"_blank\"><img decoding=\"async\" class=\"aligncenter\" style=\"margin-left: 1px; margin-right: 1px; border: 0px initial initial;\" src=\"https:\/\/www.kayiprihtim.org\/portal\/gorsel\/muhtesem_gizli_gosteri_2010_7_15_103181.jpg\" border=\"0\" alt=\"\" hspace=\"1\" width=\"140\" height=\"219\"><\/a><\/td>\n<\/tr>\n<\/tbody>\n<\/table>\n<table style=\"border-collapse: collapse; width: 47%;\" border=\"0\" cellpadding=\"0\">\n<tbody>\n<tr>\n<td width=\"54%\">\n<table style=\"border-collapse: collapse; height: 147px; width: 470px;\" border=\"0\" cellspacing=\"0\" cellpadding=\"2\">\n<tbody>\n<tr>\n<td style=\"border-style: solid ridge ridge; border-width: 1px; padding-left: 4px; padding-right: 4px;\" width=\"98%\" bgcolor=\"#c0b18d\"><strong><span style=\"font-size: 9pt; font-family: Tahoma;\">Tan\u0131t\u0131m Yaz\u0131s\u0131<br \/>\n<\/span><\/strong><\/td>\n<\/tr>\n<tr>\n<td width=\"99%\" align=\"left\">\n<table style=\"width: 465px;\" border=\"0\">\n<tbody>\n<tr>\n<td style=\"border-style: outset; border-width: 1px;\" width=\"96%\" bgcolor=\"#d1c4a5\">\n<table style=\"border-collapse: collapse; width: 452px; height: 199px;\" border=\"0\" cellspacing=\"0\" cellpadding=\"5\" bgcolor=\"#d1c4a5\" bordercolor=\"#d1c4a5\">\n<tbody>\n<tr>\n<td width=\"96%\" bgcolor=\"#d1c4a5\">\u201cHowie&#8217;nin kafas\u0131nda bu denizin bir g\u00f6r\u00fcnt\u00fcs\u00fc belirdi. Jo-Beth&#8217;le payla\u015ft\u0131\u011f\u0131 k\u0131sa r\u00fcya s\u0131ras\u0131nda orada s\u00fcz\u00fclm\u00fc\u015ft\u00fc. Nazik bir dalgayla ta\u015f\u0131nm\u0131\u015flard\u0131, sa\u00e7lar\u0131 birbirine kar\u0131\u015farak, bedenleri birbirine s\u00fcrt\u00fcnerek. A\u015final\u0131k, korkular\u0131n\u0131 yat\u0131\u015ft\u0131rd\u0131.<br \/>\no denizde bir de ada vard\u0131r.<br \/>\nHowie, \u00e7ok uzaktan da olsa onu g\u00f6rd\u00fc.<br \/>\nAd\u0131 Ephemeris.<br \/>\nG\u00fczel bir s\u00f6zc\u00fck, g\u00fczel bir yer. Tepesi bulutlarla perdelenmi\u015fti ama etekleri ayd\u0131nl\u0131kt\u0131. G\u00fcne\u015f \u0131\u015f\u0131\u011f\u0131yla de\u011fil, nurla.<br \/>\nOrada olmak istiyorum, diye d\u00fc\u015f\u00fcnd\u00fc Howie, Jo-Beth&#8217;le beraber orada olmak istiyorum.<br \/>\nUnut onu.<br \/>\nBana orada ne oldu\u011funu anlat. Ephemeris&#8217;te ne var?<br \/>\nMuhte\u015fem Gizli G\u00f6steri, diye kar\u015f\u0131l\u0131k verdi babas\u0131n\u0131n d\u00fc\u015f\u00fcnceleri. Onu da \u00fc\u00e7 kez izleriz. Do\u011fumda, \u00f6l\u00fcmde ve hayat\u0131m\u0131z\u0131n a\u015fk\u0131yla yan yana uyudu\u011fumuz ilk gece.<br \/>\nJo-Beth&#8217;le gittim ben! Oraya s\u00fcz\u00fcld\u00fck, birlikte.<br \/>\nHay\u0131r.<br \/>\nEvet. Bu da onun hayat\u0131m\u0131n a\u015fk\u0131 oldu\u011fu anlam\u0131na gelir. Kendin s\u00f6yledin.<br \/>\nBen onu unutman\u0131 s\u00f6yledim.<br \/>\nHayat\u0131m\u0131n a\u015fk\u0131 o demek ki! Tanr\u0131m! Demek \u00f6yle!<br \/>\nJaff&#8217;\u0131n peydahlad\u0131\u011f\u0131 bir \u015fey \u00e2\u015f\u0131k olunamayacak kadar lekelidir. Yozdur.<br \/>\nO hayat\u0131mda g\u00f6rd\u00fc\u011f\u00fcm en g\u00fczel \u015fey.<br \/>\nSeni reddetti, diye an\u0131msatt\u0131 Fletcher.<br \/>\nBen de onu geri kazan\u0131r\u0131m \u00f6yleyse.\u201d<\/p>\n<p>\u201cKorku roman\u0131 ve s\u00fcrrealist edebiyat\u0131n unsurlar\u0131n\u0131 birle\u015ftiren Clive Barker&#8217;\u0131n kitaplar\u0131, Stephen King ile G\u00fcney Amerikal\u0131 romanc\u0131 Gabriel Garc\u00eda M\u00e1rquez&#8217;in harman\u0131d\u0131r. Onun yaratt\u0131\u011f\u0131 d\u00fcnyada en amans\u0131z korkular\u0131m\u0131z, kendi d\u00fc\u015flerimizdeki gibi su y\u00fcz\u00fcne \u00e7\u0131kar.\u201d<\/p>\n<p>Boston Herald<\/p>\n<p>\u201cD\u00e2hiyane bir yetenek&#8230; Tekinsiz olan\u0131 hi\u00e7 kimse Clive Barker gibi yazamaz.\u201d<br \/>\nCity Limits<\/td>\n<\/tr>\n<\/tbody>\n<\/table>\n<\/td>\n<\/tr>\n<\/tbody>\n<\/table>\n<\/td>\n<\/tr>\n<\/tbody>\n<\/table>\n<\/td>\n<\/tr>\n<\/tbody>\n<\/table>\n","protected":false},"excerpt":{"rendered":"<p>MUHTE\u015eEM G\u0130ZL\u0130 G\u00d6STER\u0130 | Sanat&#8217;\u0131n Birinci Kitab\u0131 Yazar : Clive Barker \u00c7eviri : Kerem Sanatel Y\u0131l : Temmuz 2010 Seri : &#8211; Maceraperest Yay\u0131nlar\u0131 Kapak : Karton Sayfa Say\u0131s\u0131 : 486 Etiket Fiyat\u0131 : 32,00 TL ISBN No : 9789753296885 Tan\u0131t\u0131m Yaz\u0131s\u0131 \u201cHowie&#8217;nin kafas\u0131nda bu denizin bir g\u00f6r\u00fcnt\u00fcs\u00fc belirdi. Jo-Beth&#8217;le payla\u015ft\u0131\u011f\u0131 k\u0131sa r\u00fcya s\u0131ras\u0131nda orada [&hellip;]<\/p>\n","protected":false},"author":3,"featured_media":0,"parent":57,"menu_order":0,"comment_status":"open","ping_status":"closed","template":"","meta":{"_acf_changed":false,"footnotes":""},"class_list":["post-4618","page","type-page","status-publish"],"acf":[],"_links":{"self":[{"href":"https:\/\/www.kayiprihtim.org\/portal\/wp-json\/wp\/v2\/pages\/4618","targetHints":{"allow":["GET"]}}],"collection":[{"href":"https:\/\/www.kayiprihtim.org\/portal\/wp-json\/wp\/v2\/pages"}],"about":[{"href":"https:\/\/www.kayiprihtim.org\/portal\/wp-json\/wp\/v2\/types\/page"}],"author":[{"embeddable":true,"href":"https:\/\/www.kayiprihtim.org\/portal\/wp-json\/wp\/v2\/users\/3"}],"replies":[{"embeddable":true,"href":"https:\/\/www.kayiprihtim.org\/portal\/wp-json\/wp\/v2\/comments?post=4618"}],"version-history":[{"count":0,"href":"https:\/\/www.kayiprihtim.org\/portal\/wp-json\/wp\/v2\/pages\/4618\/revisions"}],"up":[{"embeddable":true,"href":"https:\/\/www.kayiprihtim.org\/portal\/wp-json\/wp\/v2\/pages\/57"}],"wp:attachment":[{"href":"https:\/\/www.kayiprihtim.org\/portal\/wp-json\/wp\/v2\/media?parent=4618"}],"curies":[{"name":"wp","href":"https:\/\/api.w.org\/{rel}","templated":true}]}}