{"id":4789,"date":"2010-08-26T09:17:25","date_gmt":"2010-08-26T06:17:25","guid":{"rendered":"http:\/\/www.kayiprihtim.org\/portal\/?page_id=4789"},"modified":"2016-05-26T07:18:32","modified_gmt":"2016-05-26T04:18:32","slug":"cesur-yeni-dunya","status":"publish","type":"page","link":"https:\/\/www.kayiprihtim.org\/portal\/kitaplar\/cesur-yeni-dunya\/","title":{"rendered":"Cesur Yeni D\u00fcnya"},"content":{"rendered":"<p><a href=\"https:\/\/www.kayiprihtim.org\/portal\/gorsel\/cesur-yeni-dunya.jpg\"><img fetchpriority=\"high\" decoding=\"async\" class=\"alignright\" src=\"https:\/\/www.kayiprihtim.org\/portal\/gorsel\/cesur-yeni-dunya.jpg\" alt=\"\" width=\"200\" height=\"289\"><\/a>&#8220;Cesur Yeni D\u00fcnya&#8221; bizi &#8220;Ford&#8217;dan sonra 632 y\u0131l\u0131na&#8221; g\u00f6t\u00fcr\u00fcr. Bu d\u00fcnyan\u0131n cesur insanlar\u0131 kap\u0131s\u0131nda &#8220;Cemaat, \u00d6zde\u015flik, \u0130stikrar&#8221; yazan Londra Merkez Kulu\u00e7ka ve \u015eartland\u0131rma Merkezi&#8217;nde \u00fcretilirler. Kad\u0131nlar\u0131n d\u00f6llenmesi yasak ve ay\u0131p oldu\u011fu i\u00e7in, &#8220;annelik&#8217; ve &#8216;babal\u0131k&#8217; pornografik birer kavram olarak g\u00f6r\u00fcl\u00fcr Toplumsal istikrar\u0131n temel g\u00fcvencesi olan \u015fartland\u0131rma hipnopedya uykuda e\u011fitim ile sa\u011flan\u0131r. Hipnopedya sayesinde herkes mutludur; herkes \u00e7al\u0131\u015f\u0131r ve herkes e\u011flenir. &#8220;Herkes herkes i\u00e7indir.&#8221;<\/p>\n<p>&#8220;Cesur Yeni D\u00fcnya&#8221;n\u0131n \u00f6nemi yaln\u0131zca ard\u0131llar\u0131 i\u00e7in bir standart olu\u015fturmas\u0131 ve karamsar bir gelecek tasar\u0131m\u0131n\u0131n g\u00fc\u00e7l\u00fc betimlemesiyle de\u011fil, ayn\u0131 zamanda &#8216;birey yok edilse de s\u00fcren maceras\u0131n\u0131n&#8217; sa\u011flam bir \u00fcslupta anlat\u0131lmas\u0131yla da ilgili. Huxley, yap\u0131t\u0131n\u0131 \u00fctopa gelene\u011finin kuru anlat\u0131m\u0131n\u0131n d\u0131\u015f\u0131na \u00e7\u0131kar\u0131p &#8216;iyi edebiyat&#8217; kategorisine y\u00fckseltiyor.<\/p>\n","protected":false},"excerpt":{"rendered":"<p>&#8220;Cesur Yeni D\u00fcnya&#8221; bizi &#8220;Ford&#8217;dan sonra 632 y\u0131l\u0131na&#8221; g\u00f6t\u00fcr\u00fcr. Bu d\u00fcnyan\u0131n cesur insanlar\u0131 kap\u0131s\u0131nda &#8220;Cemaat, \u00d6zde\u015flik, \u0130stikrar&#8221; yazan Londra Merkez Kulu\u00e7ka ve \u015eartland\u0131rma Merkezi&#8217;nde \u00fcretilirler. Kad\u0131nlar\u0131n d\u00f6llenmesi yasak ve ay\u0131p oldu\u011fu i\u00e7in, &#8220;annelik&#8217; ve &#8216;babal\u0131k&#8217; pornografik birer kavram olarak g\u00f6r\u00fcl\u00fcr Toplumsal istikrar\u0131n temel g\u00fcvencesi olan \u015fartland\u0131rma hipnopedya uykuda e\u011fitim ile sa\u011flan\u0131r. Hipnopedya sayesinde herkes mutludur; [&hellip;]<\/p>\n","protected":false},"author":1,"featured_media":0,"parent":57,"menu_order":0,"comment_status":"open","ping_status":"closed","template":"","meta":{"_acf_changed":false,"footnotes":""},"class_list":["post-4789","page","type-page","status-publish"],"acf":[],"_links":{"self":[{"href":"https:\/\/www.kayiprihtim.org\/portal\/wp-json\/wp\/v2\/pages\/4789","targetHints":{"allow":["GET"]}}],"collection":[{"href":"https:\/\/www.kayiprihtim.org\/portal\/wp-json\/wp\/v2\/pages"}],"about":[{"href":"https:\/\/www.kayiprihtim.org\/portal\/wp-json\/wp\/v2\/types\/page"}],"author":[{"embeddable":true,"href":"https:\/\/www.kayiprihtim.org\/portal\/wp-json\/wp\/v2\/users\/1"}],"replies":[{"embeddable":true,"href":"https:\/\/www.kayiprihtim.org\/portal\/wp-json\/wp\/v2\/comments?post=4789"}],"version-history":[{"count":0,"href":"https:\/\/www.kayiprihtim.org\/portal\/wp-json\/wp\/v2\/pages\/4789\/revisions"}],"up":[{"embeddable":true,"href":"https:\/\/www.kayiprihtim.org\/portal\/wp-json\/wp\/v2\/pages\/57"}],"wp:attachment":[{"href":"https:\/\/www.kayiprihtim.org\/portal\/wp-json\/wp\/v2\/media?parent=4789"}],"curies":[{"name":"wp","href":"https:\/\/api.w.org\/{rel}","templated":true}]}}