{"id":5054,"date":"2010-09-16T11:57:09","date_gmt":"2010-09-16T08:57:09","guid":{"rendered":"http:\/\/www.kayiprihtim.org\/portal\/?page_id=5054"},"modified":"2016-05-26T06:07:37","modified_gmt":"2016-05-26T03:07:37","slug":"darren-shan-serisi","status":"publish","type":"page","link":"https:\/\/www.kayiprihtim.org\/portal\/kitaplar\/darren-shan-serisi\/","title":{"rendered":"Darren Shan Serisi"},"content":{"rendered":"<p>Korku ve vampir edebiyat\u0131n\u0131n \u00e7a\u011fda\u015f ustas\u0131 Darren Shan&#8217;\u0131n, &#8216;Saga&#8217; olarak adland\u0131rd\u0131\u011f\u0131 on iki kitapl\u0131k vampir serisidir.<\/p>\n<p>T\u00fcm d\u00fcnyada milyonlarca hayran\u0131 bulunan, onlarca farkl\u0131 dile \u00e7evrilen ve 2009 y\u0131l\u0131nda beyazperdeye de uyarlanarak t\u00fcm dikkatleri \u00fczerine \u00e7eken Ucubeler Sirki serisinin onuncu kitab\u0131yla b\u00fcy\u00fck finale ad\u0131m ad\u0131m yakla\u015f\u0131rken, t\u00fcyler \u00fcrpertici yepyeni bir ser\u00fcvenle serinin ritmi yeniden y\u00fckseliyor.<\/p>\n<p>Darren Shan s\u0131radan bir \u00f6\u011frenciydi. Ta ki yak\u0131n arkada\u015f\u0131 Steve&#8217;le birlikte Ucubeler Sirki&#8217;ne gitmek i\u00e7in bilet alana kadar. Sirkte bir vampirle kar\u015f\u0131la\u015ft\u0131klar\u0131nda hayatlar\u0131 sonsuza dek de\u011fi\u015fti. Ve Darren, gecenin \u00e7ocu\u011fu olarak yeniden do\u011fdu&#8230; Serinin ilk alt\u0131 kitab\u0131, Vampir Prensi&#8217;ne d\u00f6n\u00fc\u015fene dek Darren&#8217;\u0131n hayat\u0131ndan kesitler sunarken, geriye kalan kitaplar ise bir prens olarak Darren&#8217;\u0131n hayatla ve Vampanez Lordu&#8217;yla amans\u0131z m\u00fccadelesini anlat\u0131yor.<\/p>\n<h3>Seride Bulunan Kitaplar<\/h3>\n<ol>\n<li>Ucubeler Sirki<\/li>\n<li>Vampirin Asistan\u0131<\/li>\n<li>Kan T\u00fcnelleri<\/li>\n<li>Vampirler Da\u011f\u0131<\/li>\n<li>\u00d6l\u00fcmc\u00fcl S\u0131nav<\/li>\n<li>Vampir Prensi<\/li>\n<li>G\u00fcn Bat\u0131m\u0131 Avc\u0131lar\u0131<\/li>\n<li>Gecenin M\u00fcttefikleri<\/li>\n<li>\u015eafak Katilleri<\/li>\n<li>Ruhlar G\u00f6l\u00fc<\/li>\n<li>G\u00f6lgelerin H\u00fck\u00fcmdar\u0131<\/li>\n<li>Kaderin \u00c7ocuklar\u0131<\/li>\n<\/ol>\n","protected":false},"excerpt":{"rendered":"<p>Korku ve vampir edebiyat\u0131n\u0131n \u00e7a\u011fda\u015f ustas\u0131 Darren Shan&#8217;\u0131n, &#8216;Saga&#8217; olarak adland\u0131rd\u0131\u011f\u0131 on iki kitapl\u0131k vampir serisidir. T\u00fcm d\u00fcnyada milyonlarca hayran\u0131 bulunan, onlarca farkl\u0131 dile \u00e7evrilen ve 2009 y\u0131l\u0131nda beyazperdeye de uyarlanarak t\u00fcm dikkatleri \u00fczerine \u00e7eken Ucubeler Sirki serisinin onuncu kitab\u0131yla b\u00fcy\u00fck finale ad\u0131m ad\u0131m yakla\u015f\u0131rken, t\u00fcyler \u00fcrpertici yepyeni bir ser\u00fcvenle serinin ritmi yeniden y\u00fckseliyor. Darren [&hellip;]<\/p>\n","protected":false},"author":1,"featured_media":0,"parent":57,"menu_order":0,"comment_status":"open","ping_status":"closed","template":"","meta":{"_acf_changed":false,"footnotes":""},"class_list":["post-5054","page","type-page","status-publish"],"acf":[],"_links":{"self":[{"href":"https:\/\/www.kayiprihtim.org\/portal\/wp-json\/wp\/v2\/pages\/5054","targetHints":{"allow":["GET"]}}],"collection":[{"href":"https:\/\/www.kayiprihtim.org\/portal\/wp-json\/wp\/v2\/pages"}],"about":[{"href":"https:\/\/www.kayiprihtim.org\/portal\/wp-json\/wp\/v2\/types\/page"}],"author":[{"embeddable":true,"href":"https:\/\/www.kayiprihtim.org\/portal\/wp-json\/wp\/v2\/users\/1"}],"replies":[{"embeddable":true,"href":"https:\/\/www.kayiprihtim.org\/portal\/wp-json\/wp\/v2\/comments?post=5054"}],"version-history":[{"count":0,"href":"https:\/\/www.kayiprihtim.org\/portal\/wp-json\/wp\/v2\/pages\/5054\/revisions"}],"up":[{"embeddable":true,"href":"https:\/\/www.kayiprihtim.org\/portal\/wp-json\/wp\/v2\/pages\/57"}],"wp:attachment":[{"href":"https:\/\/www.kayiprihtim.org\/portal\/wp-json\/wp\/v2\/media?parent=5054"}],"curies":[{"name":"wp","href":"https:\/\/api.w.org\/{rel}","templated":true}]}}