{"id":553,"date":"2009-01-23T20:14:15","date_gmt":"2009-01-23T18:14:15","guid":{"rendered":"http:\/\/www.kayiprihtim.org\/portal\/?page_id=553"},"modified":"2012-01-28T12:24:58","modified_gmt":"2012-01-28T10:24:58","slug":"frp-nedir","status":"publish","type":"page","link":"https:\/\/www.kayiprihtim.org\/portal\/frp\/frp-nedir\/","title":{"rendered":"FRP Nedir?"},"content":{"rendered":"<p><img fetchpriority=\"high\" decoding=\"async\" class=\"alignnone\" src=\"https:\/\/www.kayiprihtim.org\/portal\/gorsel\/firp.jpg\" alt=\"\" width=\"490\" height=\"209\"><\/p>\n<p style=\"text-indent: 0.4cm; text-align: justify;\">\u00dclkemizde \u00f6zellikle Y\u00fcz\u00fcklerin Efendisi sinema filmi ile y\u00fckseli\u015fe ge\u00e7en FRP&#8217;nin asl\u0131nda k\u00f6kleri \u00e7ok daha eskilere dayanmakta. Peter Jackson sa\u011f olsun, yurdum insan\u0131na fantastik d\u00fcnyalar\u0131n i\u00e7 y\u00fcz\u00fcn\u00fc az da olsa tan\u0131ma f\u0131rsat\u0131 vermi\u015f oldu. Yoksa bizim \u00fclkemizde FRP&#8217;nin ge\u00e7mi\u015fi bir hayli k\u00f6t\u00fc. Benim ya\u015f\u0131tlar\u0131m olanlar hat\u0131rlarlar, seneler \u00f6nce FRP oynayan (ayn\u0131 zamanda da uyu\u015fturucu ba\u011f\u0131ml\u0131s\u0131yd\u0131 yanl\u0131\u015f hat\u0131rlam\u0131yorsam) liseli bir gen\u00e7 k\u0131z\u0131n intihar\u0131n\u0131n t\u00fcm sorumlulu\u011fu bu oyuna y\u00fcklenmi\u015f ve yarg\u0131s\u0131z infaza gidilerek FRP&#8217;nin \u015feytan icad\u0131 oldu\u011funa kadar varm\u0131\u015ft\u0131 yorumlar (Neee, h\u0131rs\u0131z m\u0131 oynuyorsun? Ba\u015fka tanr\u0131lara m\u0131 tap\u0131yorsun Allah&#8217;\u0131m sen koru!). Ama i\u015fte bir \u015fey pop\u00fcler oldu mu da hemen arkas\u0131ndan destek geliveriyor \u015fimdi oldu\u011fu gibi (Mesela Y\u00fcz\u00fcklerin Efendisi filminin sponsoru olan bir gazetemiz, zaman\u0131nda FRP&#8217;yi karalayan yaz\u0131lar\u0131 man\u015fetten vermi\u015fti).<\/p>\n<p style=\"text-indent: 0.4cm; text-align: justify;\">Neyse, y\u0131llard\u0131r i\u00e7imde ukde kalan bu konuyu da burada a\u00e7\u0131klad\u0131ktan sonra gelelim yaz\u0131n\u0131n amac\u0131na. Nedir FRP? \u00d6ncelikle a\u00e7\u0131l\u0131m\u0131 <strong>Fantasy Role Playing<\/strong> yani <strong>Fantastik Rol Yapma<\/strong>&#8216;d\u0131r. Ad\u0131ndan da belli oldu\u011fu gibi bu oyunda oyuncular i\u00e7lerinde az ya da \u00e7ok bulunan teatral yeteneklerini sergilerler yani &#8220;rol yaparlar&#8221;. Oyun en az 2 ki\u015fi ile (biri DM yani oyunu oynatan ki\u015fi) oynan\u0131r ve size gerekli olan tek \u015fey hayal g\u00fcc\u00fcn\u00fczd\u00fcr. Tabii ki oyunu daha zevkli hale getirmek i\u00e7in baz\u0131 eklemeler yapabilirsiniz mesela bir zar tak\u0131m\u0131, oyun kitaplar\u0131 (DM&#8217;s Handbook, Monster Manual, Player&#8217;s Handbook&#8230;) (s\u0131ras\u0131 gelince anlataca\u011f\u0131m), haritalar, yiyecek ve i\u00e7ecekler (genelde cips, sandvi\u00e7 kola, biraz fazlas\u0131 b\u00fcnyede rage yap\u0131yor dikkat :). Ayr\u0131ca tecr\u00fcbelerimden sabittir ki en e\u011flenceli grup 1 DM ve 4 oyuncudan olu\u015fmaktad\u0131r \u00e7\u00fcnk\u00fc daha fazla ki\u015fi olunca DM herkesi takip etmekte zorlanmaya ba\u015fl\u0131yor.<\/p>\n<p style=\"text-indent: 0.4cm; text-align: justify;\">\u00d6ncelikle bir noktaya a\u00e7\u0131kl\u0131k getireyim, FRP&#8217;nin as\u0131l amac\u0131 arkada\u015flar\u0131n\u0131zla e\u011flenceli bir vakit ge\u00e7irmektir. Ayr\u0131ca bu oyun sizin ger\u00e7ek hayatta herhangi bir nedenden \u00f6t\u00fcr\u00fc d\u0131\u015far\u0131ya yans\u0131tamad\u0131\u011f\u0131n\u0131z ki\u015fili\u011finizi ortaya \u00e7\u0131karman\u0131za yard\u0131mc\u0131 olur. Zaten en \u00e7ok tercih edilen setting (s\u0131ras\u0131 gelince demi\u015ftim de\u011fil mi :) olan AD&amp;D&#8217;nin T\u00fcrk\u00e7e \u00e7evirisi rekl\u00e2m\u0131nda da arkada\u015f\u0131n\u0131 tan\u0131man\u0131n en iyi yolu gibisinden bir ibare ge\u00e7iyor.<\/p>\n<p style=\"text-indent: 0.4cm; text-align: justify;\">\u00c7ok \u00f6nemli bir konu ise FRP denince akla gelen t\u00fcm o yarat\u0131klar\u0131n (elf, c\u00fcce, goblin, hobbit&#8230;) illaki oyunda ge\u00e7mesi gerekli de\u011fil. \u00d6nemli olan oyunu oynarken kendinizi bamba\u015fka bir yerde hissetmeniz. E\u011fer isterseniz bir jedi ya da Kral Arthur&#8217;un yuvarlak masa \u015f\u00f6valyelerinden biri olmak tamamen sizin elinizde. Her \u015fey hayal g\u00fcc\u00fcn\u00fcz\u00fcn s\u0131n\u0131rlar\u0131na kalm\u0131\u015f.<\/p>\n<hr \/>\n<table id=\"table20\" style=\"border-collapse: collapse; height: 21px;\" border=\"0\" cellspacing=\"0\" cellpadding=\"2\" width=\"470\">\n<tbody>\n<tr>\n<td style=\"border-style: solid ridge ridge; border-width: 1px; padding-left: 4px; padding-right: 4px;\" width=\"98%\" bgcolor=\"#C0B18D\"><strong><span style=\"font-size: 9pt; font-family: Tahoma;\">Emir \u00c7etinba\u015f | <span style=\"color: #800000;\">Galadtar<\/span><\/span><br \/>\n<\/strong><\/td>\n<\/tr>\n<\/tbody>\n<\/table>\n","protected":false},"excerpt":{"rendered":"<p>\u00dclkemizde \u00f6zellikle Y\u00fcz\u00fcklerin Efendisi sinema filmi ile y\u00fckseli\u015fe ge\u00e7en FRP&#8217;nin asl\u0131nda k\u00f6kleri \u00e7ok daha eskilere dayanmakta. Peter Jackson sa\u011f olsun, yurdum insan\u0131na fantastik d\u00fcnyalar\u0131n i\u00e7 y\u00fcz\u00fcn\u00fc az da olsa tan\u0131ma f\u0131rsat\u0131 vermi\u015f oldu. Yoksa bizim \u00fclkemizde FRP&#8217;nin ge\u00e7mi\u015fi bir hayli k\u00f6t\u00fc. Benim ya\u015f\u0131tlar\u0131m olanlar hat\u0131rlarlar, seneler \u00f6nce FRP oynayan (ayn\u0131 zamanda da uyu\u015fturucu ba\u011f\u0131ml\u0131s\u0131yd\u0131 yanl\u0131\u015f [&hellip;]<\/p>\n","protected":false},"author":1,"featured_media":0,"parent":4891,"menu_order":0,"comment_status":"open","ping_status":"closed","template":"","meta":{"_acf_changed":false,"footnotes":""},"class_list":["post-553","page","type-page","status-publish"],"acf":[],"_links":{"self":[{"href":"https:\/\/www.kayiprihtim.org\/portal\/wp-json\/wp\/v2\/pages\/553","targetHints":{"allow":["GET"]}}],"collection":[{"href":"https:\/\/www.kayiprihtim.org\/portal\/wp-json\/wp\/v2\/pages"}],"about":[{"href":"https:\/\/www.kayiprihtim.org\/portal\/wp-json\/wp\/v2\/types\/page"}],"author":[{"embeddable":true,"href":"https:\/\/www.kayiprihtim.org\/portal\/wp-json\/wp\/v2\/users\/1"}],"replies":[{"embeddable":true,"href":"https:\/\/www.kayiprihtim.org\/portal\/wp-json\/wp\/v2\/comments?post=553"}],"version-history":[{"count":0,"href":"https:\/\/www.kayiprihtim.org\/portal\/wp-json\/wp\/v2\/pages\/553\/revisions"}],"up":[{"embeddable":true,"href":"https:\/\/www.kayiprihtim.org\/portal\/wp-json\/wp\/v2\/pages\/4891"}],"wp:attachment":[{"href":"https:\/\/www.kayiprihtim.org\/portal\/wp-json\/wp\/v2\/media?parent=553"}],"curies":[{"name":"wp","href":"https:\/\/api.w.org\/{rel}","templated":true}]}}