{"id":6295,"date":"2010-12-18T09:09:53","date_gmt":"2010-12-18T07:09:53","guid":{"rendered":"http:\/\/www.kayiprihtim.org\/portal\/"},"modified":"2016-05-26T06:11:32","modified_gmt":"2016-05-26T03:11:32","slug":"dusus-serisi","status":"publish","type":"page","link":"https:\/\/www.kayiprihtim.org\/portal\/kitaplar\/dusus-serisi\/","title":{"rendered":"D\u00fc\u015f\u00fc\u015f Serisi"},"content":{"rendered":"<p>Alacakaranl\u0131k serisinin bitmesine \u00fcz\u00fcl\u00fcp doyamayanlar i\u00e7in&#8230;<\/p>\n<p>Lauren Kate&#8217;in kusursuz yabanc\u0131lar\u0131na&#8230; Meleklerine \u00e2\u015f\u0131k olacaks\u0131n\u0131z!<\/p>\n<h3>Seride Bulunan Kitaplar<\/h3>\n<ol>\n<li>D\u00fc\u015f\u00fc\u015f<\/li>\n<li>Azap<\/li>\n<li>Tutku<\/li>\n<li>A\u015fka D\u00fc\u015f\u00fc\u015f<\/li>\n<li>Vurgun<\/li>\n<\/ol>\n","protected":false},"excerpt":{"rendered":"<p>Alacakaranl\u0131k serisinin bitmesine \u00fcz\u00fcl\u00fcp doyamayanlar i\u00e7in&#8230; Lauren Kate&#8217;in kusursuz yabanc\u0131lar\u0131na&#8230; Meleklerine \u00e2\u015f\u0131k olacaks\u0131n\u0131z! Seride Bulunan Kitaplar D\u00fc\u015f\u00fc\u015f Azap Tutku A\u015fka D\u00fc\u015f\u00fc\u015f Vurgun<\/p>\n","protected":false},"author":1,"featured_media":0,"parent":57,"menu_order":0,"comment_status":"open","ping_status":"closed","template":"","meta":{"_acf_changed":false,"footnotes":""},"class_list":["post-6295","page","type-page","status-publish"],"acf":[],"_links":{"self":[{"href":"https:\/\/www.kayiprihtim.org\/portal\/wp-json\/wp\/v2\/pages\/6295","targetHints":{"allow":["GET"]}}],"collection":[{"href":"https:\/\/www.kayiprihtim.org\/portal\/wp-json\/wp\/v2\/pages"}],"about":[{"href":"https:\/\/www.kayiprihtim.org\/portal\/wp-json\/wp\/v2\/types\/page"}],"author":[{"embeddable":true,"href":"https:\/\/www.kayiprihtim.org\/portal\/wp-json\/wp\/v2\/users\/1"}],"replies":[{"embeddable":true,"href":"https:\/\/www.kayiprihtim.org\/portal\/wp-json\/wp\/v2\/comments?post=6295"}],"version-history":[{"count":0,"href":"https:\/\/www.kayiprihtim.org\/portal\/wp-json\/wp\/v2\/pages\/6295\/revisions"}],"up":[{"embeddable":true,"href":"https:\/\/www.kayiprihtim.org\/portal\/wp-json\/wp\/v2\/pages\/57"}],"wp:attachment":[{"href":"https:\/\/www.kayiprihtim.org\/portal\/wp-json\/wp\/v2\/media?parent=6295"}],"curies":[{"name":"wp","href":"https:\/\/api.w.org\/{rel}","templated":true}]}}