{"id":6375,"date":"2010-12-22T12:10:04","date_gmt":"2010-12-22T10:10:04","guid":{"rendered":"http:\/\/www.kayiprihtim.org\/portal\/"},"modified":"2012-01-28T12:26:22","modified_gmt":"2012-01-28T10:26:22","slug":"gediksavaslari-dunyasindan","status":"publish","type":"page","link":"https:\/\/www.kayiprihtim.org\/portal\/kitaplar\/gediksavaslari-efsanesi\/gediksavaslari-dunyasindan\/","title":{"rendered":"Gediksava\u015flar\u0131 D\u00fcnyas\u0131ndan"},"content":{"rendered":"<table style=\"border: thin outset; border-collapse: collapse; height: 30px; width: 470px;\" border=\"0\" cellpadding=\"2\">\n<tbody>\n<tr>\n<td width=\"30%\" bgcolor=\"#330000\"><span style=\"font-family: Verdana; color: #ffffff;\"><strong><a name=\"1\"><\/a>AS\u0130LKAN PRENS<br \/>\n<\/strong><\/span><\/td>\n<\/tr>\n<\/tbody>\n<\/table>\n<table style=\"border-collapse: collapse; width: 462px; height: 250px;\" border=\"0\" cellspacing=\"0\" cellpadding=\"0\" bordercolor=\"#111111\">\n<tbody>\n<tr>\n<td width=\"58%\" align=\"center\" valign=\"top\">\n<table style=\"border-collapse: collapse; width: 315px; height: 248px;\" border=\"0\" cellspacing=\"2\">\n<tbody>\n<tr>\n<td width=\"100%\" align=\"right\">\n<table style=\"width: 310px; height: 88px;\" border=\"0\" cellspacing=\"0\">\n<tbody>\n<tr bgcolor=\"#D1C4A5\">\n<td width=\"39%\"><strong>Yazar<\/strong><\/td>\n<td width=\"3%\">:<\/td>\n<td width=\"51%\">Raymond E. Feist<\/td>\n<\/tr>\n<tr bgcolor=\"#E4DDCB\">\n<td><strong>\u00c7eviren<\/strong><\/td>\n<td width=\"3%\">:<\/td>\n<td width=\"51%\">Asl\u0131 Tohumcu<\/td>\n<\/tr>\n<tr bgcolor=\"#D1C4A5\">\n<td width=\"39%\"><strong>Yay\u0131na Haz\u0131rlayan<\/strong><strong> <\/strong><\/td>\n<td width=\"3%\">:<\/td>\n<td width=\"51%\">Bora \u00d6ng\u00fcrer<\/td>\n<\/tr>\n<tr bgcolor=\"#E4DDCB\">\n<td width=\"39%\"><strong>\u00d6zg\u00fcn Ad\u0131<\/strong><\/td>\n<td width=\"3%\">:<\/td>\n<td width=\"51%\">Prince of The Blood<\/td>\n<\/tr>\n<\/tbody>\n<\/table>\n<\/td>\n<\/tr>\n<tr>\n<td style=\"border-style: solid ridge ridge; border-width: 1px; padding-left: 4px; padding-right: 4px;\" width=\"100%\" bgcolor=\"#C0B18D\"><strong><span style=\"font-size: 9pt; font-family: Tahoma;\">\u0130thaki Yay\u0131nlar\u0131<br \/>\n<\/span><\/strong><\/td>\n<\/tr>\n<tr>\n<td width=\"100%\" align=\"right\">\n<table style=\"width: 310px; height: 88px;\" border=\"0\" cellspacing=\"0\">\n<tbody>\n<tr bgcolor=\"#D1C4A5\">\n<td width=\"39%\"><strong>\u00c7\u0131k\u0131\u015f Tarihi<\/strong><\/td>\n<td width=\"3%\">:<\/td>\n<td width=\"51%\">Ekim, 2004<\/td>\n<\/tr>\n<tr bgcolor=\"#E4DDCB\">\n<td><strong>Sayfa Say\u0131s\u0131<\/strong><\/td>\n<td width=\"3%\">:<\/td>\n<td width=\"51%\">432<\/td>\n<\/tr>\n<tr bgcolor=\"#D1C4A5\">\n<td width=\"39%\"><strong>Fiyat\u0131<\/strong><\/td>\n<td width=\"3%\">:<\/td>\n<td width=\"51%\">19,00 TL<\/td>\n<\/tr>\n<tr bgcolor=\"#E4DDCB\">\n<td width=\"39%\"><strong>ISBN No<\/strong><\/td>\n<td width=\"3%\">:<\/td>\n<td width=\"51%\">9789752730595<\/td>\n<\/tr>\n<\/tbody>\n<\/table>\n<\/td>\n<\/tr>\n<\/tbody>\n<\/table>\n<\/td>\n<td width=\"39%\" align=\"left\" valign=\"top\">\n<p style=\"text-align: center;\">\n<p><a href=\"https:\/\/www.kayiprihtim.org\/portal\/gorsel\/asilkan-prens.jpg\" target=\"_blank\"><img decoding=\"async\" src=\"https:\/\/www.kayiprihtim.org\/portal\/gorsel\/asilkan-prens.jpg\" border=\"0\" alt=\"\" hspace=\"1\" width=\"140\" height=\"219\" class=\"aligncenter\"><\/a><\/td>\n<\/tr>\n<\/tbody>\n<\/table>\n<table style=\"border-collapse: collapse; width: 47%;\" border=\"0\" cellpadding=\"0\">\n<tbody>\n<tr>\n<td width=\"54%\">\n<table style=\"border-collapse: collapse; height: 147px; width: 470px;\" border=\"0\" cellspacing=\"0\" cellpadding=\"2\">\n<tbody>\n<tr>\n<td style=\"border-style: solid ridge ridge; border-width: 1px; padding-left: 4px; padding-right: 4px;\" width=\"98%\" bgcolor=\"#C0B18D\"><strong><span style=\"font-size: 9pt; font-family: Tahoma;\">Tan\u0131t\u0131m Yaz\u0131s\u0131<\/span><\/strong><\/td>\n<\/tr>\n<tr>\n<td width=\"99%\" align=\"left\">\n<table style=\"width: 465px;\" border=\"0\">\n<tbody>\n<tr>\n<td style=\"border-style: outset; border-width: 1px;\" width=\"96%\" bgcolor=\"#D1C4A5\">\n<table style=\"border-collapse: collapse; width: 452px; height: 199px;\" border=\"0\" cellspacing=\"0\" cellpadding=\"5\" bgcolor=\"#D1C4A5\" bordercolor=\"#D1C4A5\">\n<tbody>\n<tr>\n<td width=\"96%\" bgcolor=\"#D1C4A5\">Gediksava\u015flar\u0131 Efsanesi&#8217;ndeki olaylar\u0131n \u00fczerinden ge\u00e7en yirmi y\u0131lda her \u015fey yerli yerine oturmu\u015f g\u00f6r\u00fcnmektedir. Ancak Kesh \u0130mparatori\u00e7esi&#8217;ni taht\u0131ndan indirmeye \u00e7al\u0131\u015fan bir grup g\u00fc\u00e7l\u00fc asilzade kirli oyunlarla saray\u0131 b\u00f6lmeye \u00e7al\u0131\u015fmaktad\u0131r.<\/p>\n<p>Krondor&#8217;un iki prensi Borric ve Erland kendilerini t\u00fcm bu \u00e7eki\u015fmelerin ortas\u0131nda bulurlar. Borric, kendisini \u00f6ld\u00fcrmeye \u00e7al\u0131\u015fanlardan ka\u00e7\u0131p hainlerin planlar\u0131 konusunda saray\u0131 uyarmak i\u00e7in \u00e7aresizce yola koyulur.<\/p>\n<p>Tehlike \u00f6ylesine b\u00fcy\u00fckt\u00fcr ki, hainlerin planlar\u0131 ba\u015far\u0131l\u0131 olursa imparatorlu\u011fu b\u00f6lecek bir sava\u015f ba\u015flayacakt\u0131r.<\/p>\n<p>Gediksava\u015flar\u0131 Efsanesi&#8217;nin ba\u015far\u0131l\u0131 romanlar\u0131n\u0131n yarat\u0131c\u0131s\u0131, epik fantazinin usta kalemi Feist&#8217;ten yeni bir destans\u0131 macera.<br \/>\nA\u015fk ve rekabet, b\u00fcy\u00fc ve efsaneyle \u00f6r\u00fclm\u00fc\u015f hareket dolu bir \u00f6yk\u00fc&#8230;<\/p>\n<p>&#8220;Ayr\u0131nt\u0131yla tasarlanm\u0131\u015f bir arka plan&#8230; Yarat\u0131lan karakterler ger\u00e7ek gibi g\u00f6z\u00fcken bir fantazi d\u00fcnyas\u0131n\u0131n i\u00e7inde can buluyorlar.&#8221;<br \/>\n<em><strong>-Publishers Weekly-<\/strong><\/em><\/p>\n<hr size=\"1\" \/><strong>D\u00fczelti: <\/strong>Murat Ayd\u0131n<br \/>\n<strong>Yay\u0131n Koordinat\u00f6r\u00fc : <\/strong>F\u00fcsun Ta\u015f<br \/>\n<strong>Sayfa D\u00fczeni : <\/strong>Ye\u015fim Ercan Ayd\u0131n<br \/>\n<strong>Sanat Y\u00f6netmeni :<\/strong> Murat \u00d6zg\u00fcl<\/td>\n<\/tr>\n<\/tbody>\n<\/table>\n<\/td>\n<\/tr>\n<\/tbody>\n<\/table>\n<\/td>\n<\/tr>\n<\/tbody>\n<\/table>\n<\/td>\n<\/tr>\n<\/tbody>\n<\/table>\n<p><span style=\"color: #E4DDCB;\">&#8211;<\/span><\/p>\n<table style=\"border: thin outset; border-collapse: collapse; height: 30px; width: 470px;\" border=\"0\" cellpadding=\"2\">\n<tbody>\n<tr>\n<td width=\"30%\" bgcolor=\"#330000\"><span style=\"font-family: Verdana; color: #ffffff;\"><strong><a name=\"2\"><\/a>KRALIN KORSANI<br \/>\n<\/strong><\/span><\/td>\n<\/tr>\n<\/tbody>\n<\/table>\n<table style=\"border-collapse: collapse; width: 462px; height: 250px;\" border=\"0\" cellspacing=\"0\" cellpadding=\"0\" bordercolor=\"#111111\">\n<tbody>\n<tr>\n<td width=\"58%\" align=\"center\" valign=\"top\">\n<table style=\"border-collapse: collapse; width: 315px; height: 248px;\" border=\"0\" cellspacing=\"2\">\n<tbody>\n<tr>\n<td width=\"100%\" align=\"right\">\n<table style=\"width: 310px; height: 88px;\" border=\"0\" cellspacing=\"0\">\n<tbody>\n<tr bgcolor=\"#D1C4A5\">\n<td width=\"39%\"><strong>Yazar<\/strong><\/td>\n<td width=\"3%\">:<\/td>\n<td width=\"51%\">Raymond E. Feist<\/td>\n<\/tr>\n<tr bgcolor=\"#E4DDCB\">\n<td><strong>\u00c7eviren<\/strong><\/td>\n<td width=\"3%\">:<\/td>\n<td width=\"51%\">Asl\u0131 Tohumcu<\/td>\n<\/tr>\n<tr bgcolor=\"#D1C4A5\">\n<td width=\"39%\"><strong>Yay\u0131na Haz\u0131rlayan<\/strong><strong> <\/strong><\/td>\n<td width=\"3%\">:<\/td>\n<td width=\"51%\">Bora \u00d6ng\u00fcrer<\/td>\n<\/tr>\n<tr bgcolor=\"#E4DDCB\">\n<td width=\"39%\"><strong>\u00d6zg\u00fcn Ad\u0131<\/strong><\/td>\n<td width=\"3%\">:<\/td>\n<td width=\"51%\">The King&#8217;s Buccaneer<\/td>\n<\/tr>\n<\/tbody>\n<\/table>\n<\/td>\n<\/tr>\n<tr>\n<td style=\"border-style: solid ridge ridge; border-width: 1px; padding-left: 4px; padding-right: 4px;\" width=\"100%\" bgcolor=\"#C0B18D\"><strong><span style=\"font-size: 9pt; font-family: Tahoma;\">\u0130thaki Yay\u0131nlar\u0131<br \/>\n<\/span><\/strong><\/td>\n<\/tr>\n<tr>\n<td width=\"100%\" align=\"right\">\n<table style=\"width: 310px; height: 88px;\" border=\"0\" cellspacing=\"0\">\n<tbody>\n<tr bgcolor=\"#D1C4A5\">\n<td width=\"39%\"><strong>\u00c7\u0131k\u0131\u015f Tarihi<\/strong><\/td>\n<td width=\"3%\">:<\/td>\n<td width=\"51%\">Temmuz, 2005<\/td>\n<\/tr>\n<tr bgcolor=\"#E4DDCB\">\n<td><strong>Sayfa Say\u0131s\u0131<\/strong><\/td>\n<td width=\"3%\">:<\/td>\n<td width=\"51%\">698<\/td>\n<\/tr>\n<tr bgcolor=\"#D1C4A5\">\n<td width=\"39%\"><strong>Fiyat\u0131<\/strong><\/td>\n<td width=\"3%\">:<\/td>\n<td width=\"51%\">26,00 TL<\/td>\n<\/tr>\n<tr bgcolor=\"#E4DDCB\">\n<td width=\"39%\"><strong>ISBN No<\/strong><\/td>\n<td width=\"3%\">:<\/td>\n<td width=\"51%\">9789752731424<\/td>\n<\/tr>\n<\/tbody>\n<\/table>\n<\/td>\n<\/tr>\n<\/tbody>\n<\/table>\n<\/td>\n<td width=\"39%\" align=\"left\" valign=\"top\">\n<p style=\"text-align: center;\">\n<p><a href=\"https:\/\/www.kayiprihtim.org\/portal\/gorsel\/kralin-korsani.jpg\" target=\"_blank\"><img decoding=\"async\" src=\"https:\/\/www.kayiprihtim.org\/portal\/gorsel\/kralin-korsani.jpg\" border=\"0\" alt=\"\" hspace=\"1\" width=\"140\" height=\"219\" class=\"aligncenter\"><\/a><\/td>\n<\/tr>\n<\/tbody>\n<\/table>\n<table style=\"border-collapse: collapse; width: 47%;\" border=\"0\" cellpadding=\"0\">\n<tbody>\n<tr>\n<td width=\"54%\">\n<table style=\"border-collapse: collapse; height: 147px; width: 470px;\" border=\"0\" cellspacing=\"0\" cellpadding=\"2\">\n<tbody>\n<tr>\n<td style=\"border-style: solid ridge ridge; border-width: 1px; padding-left: 4px; padding-right: 4px;\" width=\"98%\" bgcolor=\"#C0B18D\"><strong><span style=\"font-size: 9pt; font-family: Tahoma;\">Tan\u0131t\u0131m Yaz\u0131s\u0131<\/span><\/strong><\/td>\n<\/tr>\n<tr>\n<td width=\"99%\" align=\"left\">\n<table style=\"width: 465px;\" border=\"0\">\n<tbody>\n<tr>\n<td style=\"border-style: outset; border-width: 1px;\" width=\"96%\" bgcolor=\"#D1C4A5\">\n<table style=\"border-collapse: collapse; width: 452px; height: 199px;\" border=\"0\" cellspacing=\"0\" cellpadding=\"5\" bgcolor=\"#D1C4A5\" bordercolor=\"#D1C4A5\">\n<tbody>\n<tr>\n<td width=\"96%\" bgcolor=\"#D1C4A5\">Krondor Prensi Arutha&#8217;n\u0131n k\u00fc\u00e7\u00fck o\u011flu Nicholas parlak ve yetenekli bir gen\u00e7tir, ancak saraydaki k\u0131s\u0131tlay\u0131c\u0131 hayat y\u00fcz\u00fcnden a\u015f\u0131r\u0131 korumac\u0131 bir \u015fekilde yeti\u015ftirilmi\u015ftir. Saray duvarlar\u0131n\u0131n d\u0131\u015f\u0131ndaki d\u00fcnyay\u0131 tan\u0131mak isteyen Nicholas, asilzade Harry ile birlikte Crydee&#8217;ye yelken a\u00e7ar. G\u00fczel ba\u015flayan bu deniz yolculu\u011fu, Nicholas&#8217;\u0131n omuzlar\u0131na beklemedi\u011fi bir<br \/>\nsorumluluk y\u00fckleyen tehlikeli bir maceraya d\u00f6n\u00fc\u015fecektir.<br \/>\nCrydee, Krondorlu misafirlerinin gelmesine yak\u0131n, bilinmeyen g\u00fc\u00e7ler taraf\u0131ndan vah\u015fi bir sald\u0131r\u0131ya u\u011frar. Kale bir y\u0131k\u0131nt\u0131ya d\u00f6n\u00fc\u015fm\u00fc\u015f, Crydee halk\u0131 katledilmi\u015f ve Nicholas&#8217;\u0131n da arkada\u015f\u0131 olan iki soylu kad\u0131n ka\u00e7\u0131r\u0131lm\u0131\u015ft\u0131r.<\/p>\n<p>Sald\u0131r\u0131n\u0131n basit bir ak\u0131n olmad\u0131\u011f\u0131na dair ipu\u00e7lar\u0131 vard\u0131r.<br \/>\nNicholas, Veliaht&#8217;\u0131n karde\u015fi olarak uzun ve tehlikeli bir yolculu\u011fa \u00e7\u0131kmak zorunda kal\u0131r. Ve vatan\u0131n\u0131n bildik s\u0131n\u0131rlar\u0131ndan uzakla\u015ft\u0131k\u00e7a, iki soylu kad\u0131n\u0131n hayat\u0131ndan, hatta Krall\u0131\u011f\u0131n kaderinden \u00e7ok daha \u00f6nemli bir tehlikenin s\u00f6z konusu oldu\u011funu kavramaya ba\u015flar.<\/p>\n<p>Bu cani korsanlar\u0131n arkas\u0131nda b\u00fct\u00fcn Midkemia&#8217;y\u0131 tehdit eden karanl\u0131k bir g\u00fc\u00e7 yatmaktad\u0131r ve Nicholas&#8217;\u0131n ka\u00e7\u0131n\u0131lmaz kaderi bu g\u00fc\u00e7le kar\u015f\u0131 kar\u015f\u0131ya gelmektir.<\/p>\n<hr size=\"1\" \/><strong>D\u00fczelti: <\/strong>Oylum Y\u0131lmaz<br \/>\n<strong>Yay\u0131n Koordinat\u00f6r\u00fc : <\/strong>F\u00fcsun Ta\u015f<br \/>\n<strong>Sayfa D\u00fczeni : <\/strong>Ye\u015fim Ercan Ayd\u0131n<br \/>\n<strong>Sanat Y\u00f6netmeni :<\/strong> \u0130brahim \u00c7e\u015fmecio\u011flu<\/td>\n<\/tr>\n<\/tbody>\n<\/table>\n<\/td>\n<\/tr>\n<\/tbody>\n<\/table>\n<\/td>\n<\/tr>\n<\/tbody>\n<\/table>\n<\/td>\n<\/tr>\n<\/tbody>\n<\/table>\n","protected":false},"excerpt":{"rendered":"<p>AS\u0130LKAN PRENS Yazar : Raymond E. Feist \u00c7eviren : Asl\u0131 Tohumcu Yay\u0131na Haz\u0131rlayan : Bora \u00d6ng\u00fcrer \u00d6zg\u00fcn Ad\u0131 : Prince of The Blood \u0130thaki Yay\u0131nlar\u0131 \u00c7\u0131k\u0131\u015f Tarihi : Ekim, 2004 Sayfa Say\u0131s\u0131 : 432 Fiyat\u0131 : 19,00 TL ISBN No : 9789752730595 Tan\u0131t\u0131m Yaz\u0131s\u0131 Gediksava\u015flar\u0131 Efsanesi&#8217;ndeki olaylar\u0131n \u00fczerinden ge\u00e7en yirmi y\u0131lda her \u015fey yerli yerine [&hellip;]<\/p>\n","protected":false},"author":1,"featured_media":0,"parent":1810,"menu_order":0,"comment_status":"open","ping_status":"closed","template":"","meta":{"_acf_changed":false,"footnotes":""},"class_list":["post-6375","page","type-page","status-publish"],"acf":[],"_links":{"self":[{"href":"https:\/\/www.kayiprihtim.org\/portal\/wp-json\/wp\/v2\/pages\/6375","targetHints":{"allow":["GET"]}}],"collection":[{"href":"https:\/\/www.kayiprihtim.org\/portal\/wp-json\/wp\/v2\/pages"}],"about":[{"href":"https:\/\/www.kayiprihtim.org\/portal\/wp-json\/wp\/v2\/types\/page"}],"author":[{"embeddable":true,"href":"https:\/\/www.kayiprihtim.org\/portal\/wp-json\/wp\/v2\/users\/1"}],"replies":[{"embeddable":true,"href":"https:\/\/www.kayiprihtim.org\/portal\/wp-json\/wp\/v2\/comments?post=6375"}],"version-history":[{"count":0,"href":"https:\/\/www.kayiprihtim.org\/portal\/wp-json\/wp\/v2\/pages\/6375\/revisions"}],"up":[{"embeddable":true,"href":"https:\/\/www.kayiprihtim.org\/portal\/wp-json\/wp\/v2\/pages\/1810"}],"wp:attachment":[{"href":"https:\/\/www.kayiprihtim.org\/portal\/wp-json\/wp\/v2\/media?parent=6375"}],"curies":[{"name":"wp","href":"https:\/\/api.w.org\/{rel}","templated":true}]}}