{"id":6672,"date":"2011-01-06T14:21:45","date_gmt":"2011-01-06T12:21:45","guid":{"rendered":"http:\/\/www.kayiprihtim.org\/portal\/"},"modified":"2013-07-06T05:37:27","modified_gmt":"2013-07-06T02:37:27","slug":"hazal-erdal-soylesisi","status":"publish","type":"page","link":"https:\/\/www.kayiprihtim.org\/portal\/roportajlar\/hazal-erdal-soylesisi\/","title":{"rendered":"Hazal Erdal S\u00f6yle\u015fisi!"},"content":{"rendered":"<p style=\"text-align: center;\"><img decoding=\"async\" class=\"aligncenter\" src=\"https:\/\/www.kayiprihtim.org\/portal\/gorsel\/hazal-erdal-roportaj.jpg\" alt=\"\"><\/p>\n<ul style=\"text-align: justify;\">\n<li><strong>Nas\u0131l seslendirme sanat\u00e7\u0131s\u0131 oldunuz? Seslendirme sanat\u00e7\u0131s\u0131 olmadan \u00f6nce bir i\u015fle u\u011fra\u015f\u0131yor muydunuz?<\/strong><\/li>\n<\/ul>\n<p style=\"text-indent: 0.4cm; text-align: justify;\">San\u0131r\u0131m u\u011fra\u015famazd\u0131m, \u00e7\u00fcnk\u00fc 8 ya\u015f\u0131nda ba\u015flad\u0131m dublaja. Ben biraz i\u00e7ine do\u011fdum diyebilirim bu i\u015fin, \u00e7\u00fcnk\u00fc annem ve babam da dublaj sanat\u00e7\u0131s\u0131. Kucaklarda ba\u015flad\u0131m yani dublaja. O zamanlar i\u00e7in 8 k\u00fc\u00e7\u00fck bir ya\u015ft\u0131 ama \u015fimdi \u00e7ok daha k\u00fc\u00e7\u00fck ya\u015fta ba\u015flayanlar var.<\/p>\n<ul style=\"text-align: justify;\">\n<li><strong>Seslendirmeye ba\u015flamadan \u00f6nce kitaplar\u0131 okumu\u015f muydunuz? Okuduysan\u0131z, Hermione&#8217;ye dublaj teklifi geldi\u011finde nas\u0131l hissetiniz?<\/strong><\/li>\n<\/ul>\n<p style=\"text-align: right;\">[stextbox id=&#8221;info&#8221; float=&#8221;true&#8221; align=&#8221;right&#8221;]<img decoding=\"async\" class=\"alignright\" src=\"https:\/\/www.kayiprihtim.org\/portal\/images\/lotrfrodo.png\" alt=\"\" width=\"60\" height=\"80\"><span style=\"color: #ff0000;\"><span style=\"font-size: 11pt; line-height: 1.2em;\"><strong>R\u00d6PORTAJ<\/strong><\/span><\/span><\/p>\n<p style=\"text-align: right;\"><strong>Murat I\u015feri<\/strong>\n<\/p>\n<p style=\"text-indent: 0.4cm; text-align: justify;\">Bu cevab\u0131ma \u00e7o\u011fu insan \u015fa\u015f\u0131r\u0131yor ama ben Harry Potter serisini hi\u00e7 sevmiyordum. Bu y\u00fczden ilk teklifi geldi\u011fi zaman \u00e7ok bir \u015fey hissetmedim, ama 3. filmi konu\u015ftuktan sonra kitab\u0131n\u0131 da bir okuyay\u0131m dedim ve hayran oldum. Hayran oldu\u011fum \u015fey ise tam olarak hayalg\u00fcc\u00fcyd\u00fc :) O g\u00fcnden beri filmlerin gelece\u011fi g\u00fcn\u00fc sizin gibi bende iple \u00e7ekiyorum. Ama san\u0131r\u0131m biraz daha \u015fansl\u0131 olarak 1 ay \u00f6nce izliyorum nihahah!<\/p>\n<ul style=\"text-align: justify;\">\n<li><strong>Seslendirdi\u011finiz karakterle ilgili sizin d\u00fc\u015f\u00fcnceleriniz neler? Kendi karakterinizi d\u00fc\u015f\u00fcnd\u00fc\u011f\u00fcn\u00fczde seslendirdi\u011finiz karakterle ortak y\u00f6nleriniz oldu\u011funu d\u00fc\u015f\u00fcn\u00fcyor musunuz?<\/strong><\/li>\n<\/ul>\n<p style=\"text-indent: 0.4cm; text-align: justify;\">Hermione kitaptaki favori karakterim. Nedeni ise ki\u015fili\u011fi en oturmu\u015f olanlar\u0131 ve \u00e7ok zeki bir k\u0131z bence. H\u0131zl\u0131 karar vermiyor, verdi\u011fi kararlar hayat kurtar\u0131r cinsten oluyor. Benzerlik, ikimiz de \u00e7ok h\u0131rsl\u0131y\u0131z ve ben de a\u015fk konusunda \u00e7ok utangac\u0131md\u0131r. Bir de, ikimizin de ortak noktas\u0131 Ron san\u0131r\u0131m; ha bir de ben de \u00e7ok ine\u011fimdir :)<\/p>\n<ul style=\"text-align: justify;\">\n<li><strong>Harry Potter ve Fantastik Edebiyat&#8217;a daha \u00f6nce bir ilginiz var m\u0131yd\u0131? Harry Potter d\u0131\u015f\u0131nda takip etti\u011finiz bir fantazya serisi varsa adlar\u0131n\u0131 \u00f6\u011frenebilir miyiz?<\/strong><\/li>\n<\/ul>\n<p style=\"text-indent: 0.4cm; text-align: justify;\">Dedi\u011fim gibi okumaya ba\u015flad\u0131\u011f\u0131m g\u00fcnden beri s\u0131ra altlar\u0131nda kitap bitirdi\u011fimi bilirim, ama onun d\u0131\u015f\u0131nda fantezi ne film olarak ne kitap olarak hi\u00e7 tarz\u0131m de\u011fildir. Ben daha realist \u015feyleri seviyorum.<\/p>\n<ul style=\"text-align: justify;\">\n<li><strong>Kim oldu\u011funuzu bilmedi\u011fi halde sizi sesinizden tan\u0131yan kimse oldu mu? E\u011fer olduysa, insanlar Hermione&#8217;nin seslendirmesini yapan ki\u015fi oldu\u011funuzu anlay\u0131nca nas\u0131l tepkiler veriyorlar?<\/strong><\/li>\n<\/ul>\n<p style=\"text-indent: 0.4cm; text-align: justify;\">Ya bu konudan \u00e7ok muzdaribim, kimse tan\u0131m\u0131yor. Sesim mikrofonda \u00e7ok farkl\u0131 \u00e7\u0131k\u0131yor :) Ama ben seviyorum bunu, gizemli oluyor \u00e7akt\u0131rmay\u0131n. Anlay\u0131nca de\u011fil, \u00e7\u00fcnk\u00fc anlam\u0131yorlar ama \u00e7o\u011fu duydu\u011funda inanm\u0131yor&#8230;<\/p>\n<ul style=\"text-align: justify;\">\n<li><strong>Ba\u015fka filmlerde de seslendirme yapt\u0131n\u0131z m\u0131? E\u011fer yapt\u0131ysan\u0131z Harry Potter filmlerinin sizin i\u00e7in farkl\u0131 bir yeri var m\u0131?<\/strong><\/li>\n<\/ul>\n<p style=\"text-indent: 0.4cm; text-align: justify;\">Bir\u00e7ok filmde seslendirme yapt\u0131m. \u00c7o\u011funlukla animasyon filmleri. Hepsinin yeri ayr\u0131d\u0131r ama Harry Potter bamba\u015fka, \u00e7\u00fcnk\u00fc konu\u015fmasak bile bir ku\u015fak olarak biz onlarla b\u00fcy\u00fcd\u00fck. Hatta bir video payla\u015ft\u0131m Harry Potter&#8217;la ilgili ve alt\u0131na da \u00e7ocuklu\u011fum bitiyor yazd\u0131m&#8230; Ger\u00e7ekten Hermione benim i\u00e7in \u00e7ok \u00f6zel&#8230;<\/p>\n<ul style=\"text-align: justify;\">\n<li><strong>Kendinize \u00f6rnek ald\u0131\u011f\u0131n\u0131z ve \u00e7al\u0131\u015fmalar\u0131n\u0131 be\u011fendi\u011finiz bir seslendirme sanat\u00e7\u0131s\u0131 var m\u0131?<\/strong><\/li>\n<\/ul>\n<p style=\"text-indent: 0.4cm; text-align: justify;\">G\u00fclen Karaman&#8217;\u0131 tek ge\u00e7erim, bu i\u015fin piridir, \u00fcstatt\u0131r. Filmdeki karakteri sadece konu\u015fmaz oynar adeta. \u00d6rnek almak de\u011fil ama inan\u0131lmaz severek dinledi\u011fim bir sanat\u00e7\u0131d\u0131r.<\/p>\n<ul style=\"text-align: justify;\">\n<li><strong>Harry Potter 7, 2. B\u00f6l\u00fcm \u00e7al\u0131\u015fmalar\u0131 ne zaman ba\u015fl\u0131yor?<\/strong><\/li>\n<\/ul>\n<p style=\"text-indent: 0.4cm; text-align: justify;\">San\u0131r\u0131m may\u0131s sonu, haziran gibi ba\u015flayacak, bizler de heyecanla bekliyoruz.<\/p>\n<ul style=\"text-align: justify;\">\n<li><strong>Harry Potter d\u0131\u015f\u0131nda, bu aralar yeni \u00e7al\u0131\u015fmalarla u\u011fra\u015f\u0131yor musunuz?<\/strong><\/li>\n<\/ul>\n<p style=\"text-indent: 0.4cm; text-align: justify;\">Bu aralar \u00d6SS nedeniyle \u00e7ok yo\u011funum, o y\u00fczden u\u011fra\u015fam\u0131yorum ama bir vizyon filmi gelirse severek konu\u015furum.<\/p>\n<ul style=\"text-align: justify;\">\n<li><strong>Son olarak s\u00f6ylemek istedikleriniz var m\u0131?<\/strong><\/li>\n<\/ul>\n<p style=\"text-indent: 0.4cm; text-align: justify;\">Bu keyifli r\u00f6portaj i\u00e7in te\u015fekk\u00fcr ederim, ha bir de wingardium leviosaH de\u011fil :) Wingardium Leviosa&#8230;<\/p>\n","protected":false},"excerpt":{"rendered":"<p>Nas\u0131l seslendirme sanat\u00e7\u0131s\u0131 oldunuz? Seslendirme sanat\u00e7\u0131s\u0131 olmadan \u00f6nce bir i\u015fle u\u011fra\u015f\u0131yor muydunuz? San\u0131r\u0131m u\u011fra\u015famazd\u0131m, \u00e7\u00fcnk\u00fc 8 ya\u015f\u0131nda ba\u015flad\u0131m dublaja. Ben biraz i\u00e7ine do\u011fdum diyebilirim bu i\u015fin, \u00e7\u00fcnk\u00fc annem ve babam da dublaj sanat\u00e7\u0131s\u0131. Kucaklarda ba\u015flad\u0131m yani dublaja. O zamanlar i\u00e7in 8 k\u00fc\u00e7\u00fck bir ya\u015ft\u0131 ama \u015fimdi \u00e7ok daha k\u00fc\u00e7\u00fck ya\u015fta ba\u015flayanlar var. Seslendirmeye ba\u015flamadan \u00f6nce [&hellip;]<\/p>\n","protected":false},"author":1,"featured_media":0,"parent":1029,"menu_order":0,"comment_status":"open","ping_status":"closed","template":"page2.php","meta":{"_acf_changed":false,"footnotes":""},"class_list":["post-6672","page","type-page","status-publish"],"acf":[],"_links":{"self":[{"href":"https:\/\/www.kayiprihtim.org\/portal\/wp-json\/wp\/v2\/pages\/6672","targetHints":{"allow":["GET"]}}],"collection":[{"href":"https:\/\/www.kayiprihtim.org\/portal\/wp-json\/wp\/v2\/pages"}],"about":[{"href":"https:\/\/www.kayiprihtim.org\/portal\/wp-json\/wp\/v2\/types\/page"}],"author":[{"embeddable":true,"href":"https:\/\/www.kayiprihtim.org\/portal\/wp-json\/wp\/v2\/users\/1"}],"replies":[{"embeddable":true,"href":"https:\/\/www.kayiprihtim.org\/portal\/wp-json\/wp\/v2\/comments?post=6672"}],"version-history":[{"count":0,"href":"https:\/\/www.kayiprihtim.org\/portal\/wp-json\/wp\/v2\/pages\/6672\/revisions"}],"up":[{"embeddable":true,"href":"https:\/\/www.kayiprihtim.org\/portal\/wp-json\/wp\/v2\/pages\/1029"}],"wp:attachment":[{"href":"https:\/\/www.kayiprihtim.org\/portal\/wp-json\/wp\/v2\/media?parent=6672"}],"curies":[{"name":"wp","href":"https:\/\/api.w.org\/{rel}","templated":true}]}}

Hazal Erdal Söyleşisi!

<p style="text-align: center;"><img decoding="async" class="aligncenter" src="https://www.kayiprihtim.org/portal/gorsel/hazal-erdal-roportaj.jpg" alt=""></p>
<ul style="text-align: justify;">
<li><strong>Nasıl seslendirme sanatçısı oldunuz? Seslendirme sanatçısı olmadan önce bir işle uğraşıyor muydunuz?</strong></li>
</ul>
<p style="text-indent: 0.4cm; text-align: justify;">Sanırım uğraşamazdım, çünkü 8 yaşında başladım dublaja. Ben biraz içine doğdum diyebilirim bu işin, çünkü annem ve babam da dublaj sanatçısı. Kucaklarda başladım yani dublaja. O zamanlar için 8 küçük bir yaştı ama şimdi çok daha küçük yaşta başlayanlar var.</p>
<ul style="text-align: justify;">
<li><strong>Seslendirmeye başlamadan önce kitapları okumuş muydunuz? Okuduysanız, Hermione&#8217;ye dublaj teklifi geldiğinde nasıl hissetiniz?</strong></li>
</ul>
<p style="text-align: right;">[stextbox id=&#8221;info&#8221; float=&#8221;true&#8221; align=&#8221;right&#8221;]<img decoding="async" class="alignright" src="https://www.kayiprihtim.org/portal/images/lotrfrodo.png" alt="" width="60" height="80"><span style="color: #ff0000;"><span style="font-size: 11pt; line-height: 1.2em;"><strong>RÖPORTAJ</strong></span></span></p>
<p style="text-align: right;"><strong>Murat Işeri</strong>
</p>
<p style="text-indent: 0.4cm; text-align: justify;">Bu cevabıma çoğu insan şaşırıyor ama ben Harry Potter serisini hiç sevmiyordum. Bu yüzden ilk teklifi geldiği zaman çok bir şey hissetmedim, ama 3. filmi konuştuktan sonra kitabını da bir okuyayım dedim ve hayran oldum. Hayran olduğum şey ise tam olarak hayalgücüydü :) O günden beri filmlerin geleceği günü sizin gibi bende iple çekiyorum. Ama sanırım biraz daha şanslı olarak 1 ay önce izliyorum nihahah!</p>
<ul style="text-align: justify;">
<li><strong>Seslendirdiğiniz karakterle ilgili sizin düşünceleriniz neler? Kendi karakterinizi düşündüğünüzde seslendirdiğiniz karakterle ortak yönleriniz olduğunu düşünüyor musunuz?</strong></li>
</ul>
<p style="text-indent: 0.4cm; text-align: justify;">Hermione kitaptaki favori karakterim. Nedeni ise kişiliği en oturmuş olanları ve çok zeki bir kız bence. Hızlı karar vermiyor, verdiği kararlar hayat kurtarır cinsten oluyor. Benzerlik, ikimiz de çok hırslıyız ve ben de aşk konusunda çok utangacımdır. Bir de, ikimizin de ortak noktası Ron sanırım; ha bir de ben de çok ineğimdir :)</p>
<ul style="text-align: justify;">
<li><strong>Harry Potter ve Fantastik Edebiyat&#8217;a daha önce bir ilginiz var mıydı? Harry Potter dışında takip ettiğiniz bir fantazya serisi varsa adlarını öğrenebilir miyiz?</strong></li>
</ul>
<p style="text-indent: 0.4cm; text-align: justify;">Dediğim gibi okumaya başladığım günden beri sıra altlarında kitap bitirdiğimi bilirim, ama onun dışında fantezi ne film olarak ne kitap olarak hiç tarzım değildir. Ben daha realist şeyleri seviyorum.</p>
<ul style="text-align: justify;">
<li><strong>Kim olduğunuzu bilmediği halde sizi sesinizden tanıyan kimse oldu mu? Eğer olduysa, insanlar Hermione&#8217;nin seslendirmesini yapan kişi olduğunuzu anlayınca nasıl tepkiler veriyorlar?</strong></li>
</ul>
<p style="text-indent: 0.4cm; text-align: justify;">Ya bu konudan çok muzdaribim, kimse tanımıyor. Sesim mikrofonda çok farklı çıkıyor :) Ama ben seviyorum bunu, gizemli oluyor çaktırmayın. Anlayınca değil, çünkü anlamıyorlar ama çoğu duyduğunda inanmıyor&#8230;</p>
<ul style="text-align: justify;">
<li><strong>Başka filmlerde de seslendirme yaptınız mı? Eğer yaptıysanız Harry Potter filmlerinin sizin için farklı bir yeri var mı?</strong></li>
</ul>
<p style="text-indent: 0.4cm; text-align: justify;">Birçok filmde seslendirme yaptım. Çoğunlukla animasyon filmleri. Hepsinin yeri ayrıdır ama Harry Potter bambaşka, çünkü konuşmasak bile bir kuşak olarak biz onlarla büyüdük. Hatta bir video paylaştım Harry Potter&#8217;la ilgili ve altına da çocukluğum bitiyor yazdım&#8230; Gerçekten Hermione benim için çok özel&#8230;</p>
<ul style="text-align: justify;">
<li><strong>Kendinize örnek aldığınız ve çalışmalarını beğendiğiniz bir seslendirme sanatçısı var mı?</strong></li>
</ul>
<p style="text-indent: 0.4cm; text-align: justify;">Gülen Karaman&#8217;ı tek geçerim, bu işin piridir, üstattır. Filmdeki karakteri sadece konuşmaz oynar adeta. Örnek almak değil ama inanılmaz severek dinlediğim bir sanatçıdır.</p>
<ul style="text-align: justify;">
<li><strong>Harry Potter 7, 2. Bölüm çalışmaları ne zaman başlıyor?</strong></li>
</ul>
<p style="text-indent: 0.4cm; text-align: justify;">Sanırım mayıs sonu, haziran gibi başlayacak, bizler de heyecanla bekliyoruz.</p>
<ul style="text-align: justify;">
<li><strong>Harry Potter dışında, bu aralar yeni çalışmalarla uğraşıyor musunuz?</strong></li>
</ul>
<p style="text-indent: 0.4cm; text-align: justify;">Bu aralar ÖSS nedeniyle çok yoğunum, o yüzden uğraşamıyorum ama bir vizyon filmi gelirse severek konuşurum.</p>
<ul style="text-align: justify;">
<li><strong>Son olarak söylemek istedikleriniz var mı?</strong></li>
</ul>
<p style="text-indent: 0.4cm; text-align: justify;">Bu keyifli röportaj için teşekkür ederim, ha bir de wingardium leviosaH değil :) Wingardium Leviosa&#8230;</p>

<p>Nasıl seslendirme sanatçısı oldunuz? Seslendirme sanatçısı olmadan önce bir işle uğraşıyor muydunuz? Sanırım uğraşamazdım, çünkü 8 yaşında başladım dublaja. Ben biraz içine doğdum diyebilirim bu işin, çünkü annem ve babam da dublaj sanatçısı. Kucaklarda başladım yani dublaja. O zamanlar için 8 küçük bir yaştı ama şimdi çok daha küçük yaşta başlayanlar var. Seslendirmeye başlamadan önce [&hellip;]</p>
