{"id":716,"date":"2009-02-07T11:00:30","date_gmt":"2009-02-07T09:00:30","guid":{"rendered":"http:\/\/www.kayiprihtim.org\/portal\/?page_id=716"},"modified":"2013-04-10T21:13:05","modified_gmt":"2013-04-10T18:13:05","slug":"gediksavaslari-efsanesi-okuma-rehberi","status":"publish","type":"page","link":"https:\/\/www.kayiprihtim.org\/portal\/okuma-rehberleri\/gediksavaslari-efsanesi-okuma-rehberi\/","title":{"rendered":"Gediksava\u015flar\u0131 Efsanesi Okuma Rehberi"},"content":{"rendered":"<p><strong>Ged<\/strong><strong>iksava\u015flar\u0131 Efsanesi<\/strong><\/p>\n<ol>\n<li>B\u00fcy\u00fcc\u00fc (\u00c7\u0131rak) <span style=\"color: #993300;\">-1982-<\/span><\/li>\n<li>B\u00fcy\u00fcc\u00fc (Usta) <span style=\"color: #993300;\">-1982-<\/span><\/li>\n<li>G\u00fcm\u00fc\u015fdiken <span style=\"color: #993300;\">-1985-<\/span><\/li>\n<li>Sethanon&#8217;da Karanl\u0131k <span style=\"color: #993300;\">-1986-<\/span><\/li>\n<\/ol>\n<p><strong>Krondor Serisi<\/strong><\/p>\n<ol>\n<li>\u0130hanet <span style=\"color: #993300;\">-1998-<\/span><\/li>\n<li>Kiral\u0131k Katiller<span style=\"color: #993300;\"> -1999-<\/span><\/li>\n<li>Tanr\u0131lar\u0131n G\u00f6zya\u015f\u0131 <span style=\"color: #993300;\">-2001-<\/span><\/li>\n<\/ol>\n<p><strong>Gediksava\u015flar\u0131 D\u00fcnyas\u0131ndan<\/strong><\/p>\n<ol>\n<li>Asilkan Prens <span style=\"color: #993300;\">-1989-<\/span><\/li>\n<li>Kral\u0131n Korasn\u0131 <span style=\"color: #993300;\">-1992-<\/span><\/li>\n<\/ol>\n<p><strong>Y\u0131lan Sava\u015flar\u0131 Efsanesi<\/strong><\/p>\n<ol>\n<li>Karanl\u0131k Krali\u00e7enin G\u00f6lgesi <span style=\"color: #993300;\">-1994-<\/span><\/li>\n<li>T\u00fcccar Prens&#8217;in Y\u00fckseli\u015fi <span style=\"color: #993300;\">-1995-<\/span><\/li>\n<li>\u0130blis Kral\u0131n \u00d6fkesi <span style=\"color: #993300;\">-1997-<\/span><\/li>\n<li>K\u0131r\u0131k Tac\u0131n Par\u00e7alar\u0131 <span style=\"color: #993300;\">-1998-<\/span><\/li>\n<\/ol>\n<p><strong> \u0130mparatorluk \u00dc\u00e7lemesi<\/strong><\/p>\n<ol>\n<li>\u0130mparatorlu\u011fun K\u0131z\u0131 <span style=\"color: #993300;\">-1987-<\/span><\/li>\n<li>\u0130mparatorlu\u011fun Hizmetkar\u0131 <span style=\"color: #993300;\">-1990-<\/span><\/li>\n<li>\u0130mparatorlu\u011fun Han\u0131mefendisi <span style=\"color: #993300;\">-1992-<\/span> <em> <\/em><\/li>\n<\/ol>\n<p><strong>G\u00f6lgeler Meclisi Serisi<\/strong><\/p>\n<ol>\n<li>G\u00fcm\u00fc\u015f \u015eahinin Pen\u00e7esi <span style=\"color: #993300;\">-2002-<\/span><\/li>\n<li><span style=\"color: #000000;\">Tilkiler Kral\u0131 <\/span><span style=\"color: #993300;\">-2003-<\/span><\/li>\n<li><span style=\"color: #993300;\"><span style=\"color: #000000;\">S\u00fcrg\u00fcn\u00fcn D\u00f6n\u00fc\u015f\u00fc <\/span><\/span><span style=\"color: #993300;\">-2004-<\/span><span style=\"color: #993300;\"><br \/>\n<\/span><\/li>\n<\/ol>\n<p><strong>Karanl\u0131k Sava\u015f Efsanesi<\/strong><\/p>\n<ol>\n<li>Gece \u015eahinlerinin U\u00e7u\u015fu\u00a0<span style=\"color: #993300;\">-2005-<\/span><\/li>\n<li>Karanl\u0131k Bir Diyara Do\u011fru\u00a0<span style=\"color: #993300;\">-2006-<\/span><\/li>\n<li>Wrath of a Mad God <span style=\"color: #993300;\">-2007-<\/span><\/li>\n<\/ol>\n<div class=\"seperator\">#<\/div>\n<ul>\n<li><span style=\"color: #ff0000;\"><em><span style=\"color: #008080;\"><strong>Bunlar haricinde dilimize \u00e7evrilmeyen kitaplar\u0131 \u015funlard\u0131r:<\/strong><\/span><br \/>\n<\/em><\/span><\/li>\n<\/ul>\n<p><strong>Legends of the Riftwar <\/strong><\/p>\n<ol>\n<li>Honoured Enemy <span style=\"color: #993300;\">-2001-<\/span><\/li>\n<li>Murder in LaMut <span style=\"color: #993300;\">-2002-<\/span><\/li>\n<li>Jimmy the Hand <span style=\"color: #993300;\">-2003-<\/span><\/li>\n<\/ol>\n<p><strong>Demonwar Saga<\/strong><\/p>\n<ol>\n<li>Rides a Dread Legion <span style=\"color: #993300;\">-2009-<\/span><\/li>\n<li><span style=\"color: #993300;\"><span style=\"color: #000000;\">At the Gates of Darkness <\/span><\/span><span style=\"color: #993300;\">-2010-<\/span><strong><\/strong><\/li>\n<\/ol>\n<p><strong>Chaoswar Saga<\/strong><\/p>\n<ol>\n<li>A Kingdom Besieged <span style=\"color: #993300;\">-2011-<\/span><\/li>\n<li><span style=\"color: #000000;\">A Crown Imperiled <span style=\"color: #993300;\">-2012-<\/span><br \/>\n<\/span><\/li>\n<li><span style=\"color: #993300;\"><span style=\"color: #000000;\">Magician&#8217;s End <span style=\"color: #993300;\">-2013-<\/span><\/span><br \/>\n<\/span><\/li>\n<\/ol>\n<hr size=\"1\" \/>\n<p><strong>\u00d6NEML\u0130 NOT<\/strong>: <em>Eserlerin yan\u0131nda verilen tarihler, orijinal kitap \u00e7\u0131k\u0131\u015f tarihleridir.<\/em><\/p>\n","protected":false},"excerpt":{"rendered":"<p>Gediksava\u015flar\u0131 Efsanesi B\u00fcy\u00fcc\u00fc (\u00c7\u0131rak) -1982- B\u00fcy\u00fcc\u00fc (Usta) -1982- G\u00fcm\u00fc\u015fdiken -1985- Sethanon&#8217;da Karanl\u0131k -1986- Krondor Serisi \u0130hanet -1998- Kiral\u0131k Katiller -1999- Tanr\u0131lar\u0131n G\u00f6zya\u015f\u0131 -2001- Gediksava\u015flar\u0131 D\u00fcnyas\u0131ndan Asilkan Prens -1989- Kral\u0131n Korasn\u0131 -1992- Y\u0131lan Sava\u015flar\u0131 Efsanesi Karanl\u0131k Krali\u00e7enin G\u00f6lgesi -1994- T\u00fcccar Prens&#8217;in Y\u00fckseli\u015fi -1995- \u0130blis Kral\u0131n \u00d6fkesi -1997- K\u0131r\u0131k Tac\u0131n Par\u00e7alar\u0131 -1998- \u0130mparatorluk \u00dc\u00e7lemesi \u0130mparatorlu\u011fun K\u0131z\u0131 -1987- [&hellip;]<\/p>\n","protected":false},"author":1,"featured_media":0,"parent":726,"menu_order":0,"comment_status":"open","ping_status":"closed","template":"","meta":{"_acf_changed":false,"footnotes":""},"class_list":["post-716","page","type-page","status-publish"],"acf":[],"_links":{"self":[{"href":"https:\/\/www.kayiprihtim.org\/portal\/wp-json\/wp\/v2\/pages\/716","targetHints":{"allow":["GET"]}}],"collection":[{"href":"https:\/\/www.kayiprihtim.org\/portal\/wp-json\/wp\/v2\/pages"}],"about":[{"href":"https:\/\/www.kayiprihtim.org\/portal\/wp-json\/wp\/v2\/types\/page"}],"author":[{"embeddable":true,"href":"https:\/\/www.kayiprihtim.org\/portal\/wp-json\/wp\/v2\/users\/1"}],"replies":[{"embeddable":true,"href":"https:\/\/www.kayiprihtim.org\/portal\/wp-json\/wp\/v2\/comments?post=716"}],"version-history":[{"count":0,"href":"https:\/\/www.kayiprihtim.org\/portal\/wp-json\/wp\/v2\/pages\/716\/revisions"}],"up":[{"embeddable":true,"href":"https:\/\/www.kayiprihtim.org\/portal\/wp-json\/wp\/v2\/pages\/726"}],"wp:attachment":[{"href":"https:\/\/www.kayiprihtim.org\/portal\/wp-json\/wp\/v2\/media?parent=716"}],"curies":[{"name":"wp","href":"https:\/\/api.w.org\/{rel}","templated":true}]}}