{"id":726,"date":"2009-02-07T12:50:40","date_gmt":"2009-02-07T09:50:40","guid":{"rendered":"http:\/\/www.kayiprihtim.org\/portal\/?page_id=726"},"modified":"2021-09-25T18:21:35","modified_gmt":"2021-09-25T15:21:35","slug":"okuma-rehberleri","status":"publish","type":"page","link":"https:\/\/www.kayiprihtim.org\/portal\/okuma-rehberleri\/","title":{"rendered":"Okuma Rehberleri"},"content":{"rendered":"<p style=\"text-align: center;\"><a href=\"https:\/\/www.kayiprihtim.org\/portal\/okuma-rehberleri\/#a\">A<\/a> &#8211; <a href=\"https:\/\/www.kayiprihtim.org\/portal\/okuma-rehberleri\/#b\">B<\/a> &#8211; <a href=\"https:\/\/www.kayiprihtim.org\/portal\/okuma-rehberleri\/#c\">C-\u00c7<\/a> &#8211; <a href=\"https:\/\/www.kayiprihtim.org\/portal\/okuma-rehberleri\/#d\">D<\/a> &#8211; <a href=\"https:\/\/www.kayiprihtim.org\/portal\/okuma-rehberleri\/#e\">E<\/a> &#8211; <a href=\"https:\/\/www.kayiprihtim.org\/portal\/okuma-rehberleri\/#f\">F<\/a> &#8211; <a href=\"https:\/\/www.kayiprihtim.org\/portal\/okuma-rehberleri\/#g\">G<\/a> &#8211; <a href=\"https:\/\/www.kayiprihtim.org\/portal\/okuma-rehberleri\/#h\">H<\/a> &#8211; <a href=\"https:\/\/www.kayiprihtim.org\/portal\/okuma-rehberleri\/#i\">I-\u0130<\/a> &#8211; <a href=\"https:\/\/www.kayiprihtim.org\/portal\/okuma-rehberleri\/#j\">J<\/a> &#8211; <a href=\"https:\/\/www.kayiprihtim.org\/portal\/okuma-rehberleri\/#k\">K<\/a> &#8211; <a href=\"https:\/\/www.kayiprihtim.org\/portal\/okuma-rehberleri\/#l\">L<\/a> &#8211; <a href=\"https:\/\/www.kayiprihtim.org\/portal\/okuma-rehberleri\/#m\">M<\/a> &#8211; <a href=\"https:\/\/www.kayiprihtim.org\/portal\/okuma-rehberleri\/#n\">N<\/a> &#8211; <a href=\"https:\/\/www.kayiprihtim.org\/portal\/okuma-rehberleri\/#o\">O-\u00d6<\/a> &#8211; <a href=\"https:\/\/www.kayiprihtim.org\/portal\/okuma-rehberleri\/#p\">P<\/a> &#8211; <a href=\"https:\/\/www.kayiprihtim.org\/portal\/okuma-rehberleri\/#r\">R<\/a> &#8211; <a href=\"https:\/\/www.kayiprihtim.org\/portal\/okuma-rehberleri\/#s\">S<\/a> &#8211; <a href=\"https:\/\/www.kayiprihtim.org\/portal\/okuma-rehberleri\/#t\">T<\/a> &#8211; <a href=\"https:\/\/www.kayiprihtim.org\/portal\/okuma-rehberleri\/#u\">U<\/a> &#8211; <a href=\"https:\/\/www.kayiprihtim.org\/portal\/okuma-rehberleri\/#v\">V<\/a> &#8211; <a href=\"https:\/\/www.kayiprihtim.org\/portal\/okuma-rehberleri\/#w\">W<\/a> &#8211; <a href=\"https:\/\/www.kayiprihtim.org\/portal\/okuma-rehberleri\/#y\">Y<\/a> &#8211; <a href=\"https:\/\/www.kayiprihtim.org\/portal\/okuma-rehberleri\/#z\">Z<\/a><\/p>\n<h1 style=\"text-align: center;\"><a name=\"a\"><\/a><strong>A<\/strong><\/h1>\n<p style=\"text-align: center;\"><a href=\"https:\/\/www.kayiprihtim.org\/portal\/anita-blake-serisi-okuma-rehberi\/\">Anita Blake<\/a><\/p>\n<p style=\"text-align: center;\"><a href=\"https:\/\/www.kayiprihtim.org\/portal\/toplu-okuma-rehberleri\/#artemis-fowl\">Artemis Fowl<\/a><\/p>\n<p style=\"text-align: center;\"><a href=\"https:\/\/www.kayiprihtim.org\/portal\/toplu-okuma-rehberleri\/#ates-ruzgari\">Ate\u015f R\u00fczgar\u0131 Serisi<\/a><\/p>\n<p style=\"text-align: center;\"><a href=\"https:\/\/www.kayiprihtim.org\/portal\/toplu-okuma-rehberleri\/#avalonun-sisleri\">Avalon&#8217;un Sisleri<\/a><\/p>\n<h1 style=\"text-align: center;\"><a name=\"b\"><\/a><strong>B<\/strong><\/h1>\n<p style=\"text-align: center;\"><a href=\"https:\/\/www.kayiprihtim.org\/portal\/toplu-okuma-rehberleri\/#bartimaeus\">Bartimaeus \u00dc\u00e7lemesi<\/a><\/p>\n<p style=\"text-align: center;\"><a href=\"https:\/\/www.kayiprihtim.org\/portal\/toplu-okuma-rehberleri\/#belgariad\">Belgariad Serisi<\/a><\/p>\n<p style=\"text-align: center;\"><a href=\"https:\/\/www.kayiprihtim.org\/portal\/toplu-okuma-rehberleri\/#osmanli-efendisi\">Bir Osmanl\u0131 Efendisinin Fantastik Hayalleri<\/a><\/p>\n<h1 style=\"text-align: center;\"><a name=\"c\"><\/a><strong>C<\/strong><\/h1>\n<p style=\"text-align: center;\"><a href=\"https:\/\/www.kayiprihtim.org\/portal\/toplu-okuma-rehberleri\/#cthulhu-mitosu\">Cthulhu Mitosu<\/a><\/p>\n<h1 style=\"text-align: center;\"><a name=\"d\"><\/a><strong>D<\/strong><\/h1>\n<p style=\"text-align: center;\"><a href=\"https:\/\/www.kayiprihtim.org\/portal\/toplu-okuma-rehberleri\/#diablo\">Diablo Serisi<\/a><\/p>\n<p style=\"text-align: center;\"><a href=\"https:\/\/www.kayiprihtim.org\/portal\/disk-dunya-serisi-okuma-rehberi\/\">Disk D\u00fcnya Serisi<\/a><\/p>\n<p style=\"text-align: center;\">Diskd\u00fcnya Serisi 2.0<\/p>\n<p style=\"text-align: center;\"><a href=\"https:\/\/www.kayiprihtim.org\/portal\/toplu-okuma-rehberleri\/#dort-seruvenci\">D\u00f6rt Ser\u00fcvenci Serisi<\/a><\/p>\n<p style=\"text-align: center;\"><a href=\"https:\/\/www.kayiprihtim.org\/portal\/toplu-okuma-rehberleri\/#dragonvarld\">Dragonvarld \u00dc\u00e7lemesi<\/a><\/p>\n<p style=\"text-align: center;\"><a href=\"https:\/\/www.kayiprihtim.org\/portal\/toplu-okuma-rehberleri\/#dune\">Dune Serisi<\/a><\/p>\n<p style=\"text-align: center;\"><a href=\"https:\/\/www.kayiprihtim.org\/portal\/toplu-okuma-rehberleri\/#dunyanin-yedi-harikasi\">D\u00fcnyan\u0131n Yedi Harikas\u0131<\/a><\/p>\n<h1 style=\"text-align: center;\"><a name=\"e\"><\/a><strong>E<\/strong><\/h1>\n<p style=\"text-align: center;\"><a href=\"https:\/\/www.kayiprihtim.org\/portal\/ejderha-mizragi-okuma-rehberi\/\">Ejderha M\u0131zra\u011f\u0131<\/a><\/p>\n<p style=\"text-align: center;\"><a href=\"https:\/\/www.kayiprihtim.org\/portal\/toplu-okuma-rehberleri\/#einarinn\">Einarinn Serisi<\/a><\/p>\n<p style=\"text-align: center;\"><a href=\"https:\/\/www.kayiprihtim.org\/portal\/toplu-okuma-rehberleri\/#ejderha-prens\">Ejderha Prens Serisi<\/a><\/p>\n<p style=\"text-align: center;\"><a href=\"https:\/\/www.kayiprihtim.org\/portal\/toplu-okuma-rehberleri\/#elenium\">Elenium Serisi<\/a><\/p>\n<p style=\"text-align: center;\"><a href=\"https:\/\/www.kayiprihtim.org\/portal\/toplu-okuma-rehberleri\/#elric-destani\">Elric Destan\u0131 Serisi<\/a><\/p>\n<p style=\"text-align: center;\"><a href=\"https:\/\/www.kayiprihtim.org\/portal\/toplu-okuma-rehberleri\/#ender\">Ender Serisi<\/a><\/p>\n<h1 style=\"text-align: center;\"><a name=\"g\"><\/a><strong>G<\/strong><\/h1>\n<p style=\"text-align: center;\"><a href=\"https:\/\/www.kayiprihtim.org\/portal\/gediksavaslari-efsanesi-okuma-rehberi\/\">Gediksava\u015flar\u0131 Efsanesi<\/a><\/p>\n<p style=\"text-align: center;\"><a href=\"https:\/\/www.kayiprihtim.org\/portal\/toplu-okuma-rehberleri\/#guc-kalitlari\">G\u00fc\u00e7 Kal\u0131tlar\u0131 Serisi<\/a><\/p>\n<h1 style=\"text-align: center;\"><a name=\"h\"><\/a><strong>H<\/strong><\/h1>\n<p style=\"text-align: center;\"><a href=\"https:\/\/www.kayiprihtim.org\/portal\/toplu-okuma-rehberleri\/#harry-potter\">Harry Potter Serisi<\/a><\/p>\n<p style=\"text-align: center;\">Hawkmoon Destan\u0131<\/p>\n<p style=\"text-align: center;\"><a href=\"https:\/\/www.kayiprihtim.org\/portal\/toplu-okuma-rehberleri\/#hukumran-tas\">H\u00fck\u00fcmran Ta\u015f Serisi<\/a><\/p>\n<h1 style=\"text-align: center;\"><a name=\"i\"><\/a><strong>I-\u0130<\/strong><\/h1>\n<p style=\"text-align: center;\"><a href=\"https:\/\/www.kayiprihtim.org\/portal\/toplu-okuma-rehberleri\/#iblis-savaslari\">\u0130blis Sava\u015flar\u0131 Serisi<\/a><\/p>\n<h1 style=\"text-align: center;\"><a name=\"k\"><\/a><strong>K<\/strong><\/h1>\n<p style=\"text-align: center;\"><a href=\"https:\/\/www.kayiprihtim.org\/portal\/toplu-okuma-rehberleri\/#kahinin-gulu\">Kahinin G\u00fcl\u00fc Serisi<\/a><\/p>\n<p style=\"text-align: center;\"><a href=\"https:\/\/www.kayiprihtim.org\/portal\/toplu-okuma-rehberleri\/#kara-buyucu\">Kara B\u00fcy\u00fcc\u00fc Serisi<\/a><\/p>\n<p style=\"text-align: center;\"><a href=\"https:\/\/www.kayiprihtim.org\/portal\/toplu-okuma-rehberleri\/#karakilic\">Karak\u0131l\u0131\u00e7 Serisi<\/a><\/p>\n<p style=\"text-align: center;\"><a href=\"https:\/\/www.kayiprihtim.org\/portal\/toplu-okuma-rehberleri\/#kara-kule\">Kara Kule Serisi<\/a><\/p>\n<p style=\"text-align: center;\"><a href=\"https:\/\/www.kayiprihtim.org\/portal\/toplu-okuma-rehberleri\/#karanlik-cevher\">Karanl\u0131k Cevher Serisi<\/a><\/p>\n<p style=\"text-align: center;\"><a href=\"https:\/\/www.kayiprihtim.org\/portal\/toplu-okuma-rehberleri\/#kayip-kiliclar\">Kay\u0131p K\u0131l\u0131\u00e7lar Serisi<\/a><\/p>\n<h1 style=\"text-align: center;\"><a name=\"m\"><\/a><strong>M<\/strong><\/h1>\n<p style=\"text-align: center;\"><a href=\"https:\/\/www.kayiprihtim.org\/portal\/toplu-okuma-rehberleri\/#malloryon\">Malloryon Serisi<\/a><\/p>\n<p style=\"text-align: center;\"><a href=\"https:\/\/www.kayiprihtim.org\/portal\/toplu-okuma-rehberleri\/#miras-dongusu\">Miras D\u00f6ng\u00fcs\u00fc<\/a><\/p>\n<p style=\"text-align: center;\"><a href=\"https:\/\/www.kayiprihtim.org\/portal\/toplu-okuma-rehberleri\/#moira\">Moira Serisi<\/a><\/p>\n<h1 style=\"text-align: center;\"><a name=\"o\"><\/a><strong>O-\u00d6<\/strong><\/h1>\n<p style=\"text-align: center;\"><a href=\"https:\/\/www.kayiprihtim.org\/portal\/toplu-okuma-rehberleri\/#otherland\">Otherland Serisi<\/a><\/p>\n<p style=\"text-align: center;\"><a href=\"https:\/\/www.kayiprihtim.org\/portal\/olum-kapisi-serisi-okuma-rehberi\/\">\u00d6l\u00fcm Kap\u0131s\u0131<\/a><\/p>\n<h1 style=\"text-align: center;\"><a name=\"p\"><\/a><strong>P<\/strong><\/h1>\n<p style=\"text-align: center;\"><a href=\"https:\/\/www.kayiprihtim.org\/portal\/toplu-okuma-rehberleri\/#peggy-sue\">Peggy Sue ve Hayaletler<br \/>\n<\/a><\/p>\n<p style=\"text-align: center;\"><a href=\"https:\/\/www.kayiprihtim.org\/portal\/toplu-okuma-rehberleri\/#percy-jackson\">Percy Jackson ve Olimposlular<\/a><\/p>\n<p style=\"text-align: center;\"><a href=\"https:\/\/www.kayiprihtim.org\/portal\/toplu-okuma-rehberleri\/#perg\">Perg Efsaneleri<\/a><\/p>\n<p style=\"text-align: center;\"><a href=\"https:\/\/www.kayiprihtim.org\/portal\/toplu-okuma-rehberleri\/#peri-savaslari\">Peri Sava\u015flar\u0131<\/a><\/p>\n<p style=\"text-align: center;\"><a href=\"https:\/\/www.kayiprihtim.org\/portal\/toplu-okuma-rehberleri\/#pern\">Pern Serisi<\/a><\/p>\n<h1 style=\"text-align: center;\"><a name=\"r\"><\/a><strong>R<\/strong><\/h1>\n<p style=\"text-align: center;\"><a href=\"https:\/\/www.kayiprihtim.org\/portal\/ravenloft-serisi-okuma-rehberi\/\">Ravenloft Serisi<\/a><\/p>\n<h1 style=\"text-align: center;\"><a name=\"s\"><\/a><strong>S-\u015e<\/strong><\/h1>\n<p style=\"text-align: center;\"><a href=\"https:\/\/www.kayiprihtim.org\/portal\/toplu-okuma-rehberleri\/#savas-lordu-yilliklari\">Sava\u015f Lordu Y\u0131ll\u0131klar\u0131<\/a><\/p>\n<p style=\"text-align: center;\"><a href=\"https:\/\/www.kayiprihtim.org\/portal\/shannara-efsanesi-okuma-rehberi\/\">Shannara Efsanesi<\/a><\/p>\n<p style=\"text-align: center;\"><a href=\"https:\/\/www.kayiprihtim.org\/portal\/toplu-okuma-rehberleri\/#son-hanedan-buyucusu\">Son Hanedan B\u00fcy\u00fcc\u00fcs\u00fc<\/a><\/p>\n<h1 style=\"text-align: center;\"><a name=\"t\"><\/a><strong>T<\/strong><\/h1>\n<p style=\"text-align: center;\"><a href=\"https:\/\/www.kayiprihtim.org\/portal\/toplu-okuma-rehberleri\/#tamuli\">Tamuli Serisi<\/a><\/p>\n<h1 style=\"text-align: center;\"><a name=\"u\"><\/a><strong>U-\u00dc<\/strong><\/h1>\n<p style=\"text-align: center;\"><a href=\"https:\/\/www.kayiprihtim.org\/portal\/toplu-okuma-rehberleri\/#ultima\">Ultima Serisi<\/a><\/p>\n<p style=\"text-align: center;\"><a href=\"https:\/\/www.kayiprihtim.org\/portal\/unutulmus-diyarlar-okuma-rehberi\/\">Unutulmu\u015f Diyarlar<\/a><\/p>\n<h1 style=\"text-align: center;\"><a name=\"v\"><\/a><strong>V<\/strong><\/h1>\n<p style=\"text-align: center;\"><a href=\"https:\/\/www.kayiprihtim.org\/portal\/vakif-serisi-okuma-rehberi\/\">Vak\u0131f Serisi<\/a><\/p>\n<p style=\"text-align: center;\"><a href=\"https:\/\/www.kayiprihtim.org\/portal\/vlad-taltos-serisi-okuma-rehberi\/\">Vlad Taltos Serisi <\/a><\/p>\n<h1 style=\"text-align: center;\"><a name=\"w\"><\/a><strong>W<\/strong><\/h1>\n<p style=\"text-align: center;\"><a href=\"https:\/\/www.kayiprihtim.org\/portal\/toplu-okuma-rehberleri\/#warcraft\">Warcraft Serisi<\/a><\/p>\n<h1 style=\"text-align: center;\"><a name=\"y\"><\/a><strong>Y<\/strong><\/h1>\n<p style=\"text-align: center;\"><a href=\"https:\/\/www.kayiprihtim.org\/portal\/toplu-okuma-rehberleri\/#yerdeniz\">Yerdeniz Serisi<\/a><\/p>\n<p style=\"text-align: center;\"><a href=\"https:\/\/www.kayiprihtim.org\/portal\/toplu-okuma-rehberleri\/#yeryuzu-cocuklari\">Yery\u00fcz\u00fc \u00c7ocuklar\u0131 Serisi<\/a><\/p>\n<p style=\"text-align: center;\"><a href=\"https:\/\/www.kayiprihtim.org\/portal\/yuzuklerin-efendisi-okuma-rehberi\/\">Y\u00fcz\u00fcklerin Efendisi<\/a><\/p>\n<h1 style=\"text-align: center;\"><a name=\"z\"><\/a><strong>Z<\/strong><\/h1>\n<p style=\"text-align: center;\"><a href=\"https:\/\/www.kayiprihtim.org\/portal\/zaman-carki-serisi-okuma-rehberi\/\">Zaman \u00c7ark\u0131<\/a><\/p>\n","protected":false},"excerpt":{"rendered":"<p>A &#8211; B &#8211; C-\u00c7 &#8211; D &#8211; E &#8211; F &#8211; G &#8211; H &#8211; I-\u0130 &#8211; J &#8211; K &#8211; L &#8211; M &#8211; N &#8211; O-\u00d6 &#8211; P &#8211; R &#8211; S &#8211; T &#8211; U &#8211; V &#8211; W &#8211; Y &#8211; Z A Anita Blake Artemis Fowl Ate\u015f R\u00fczgar\u0131 Serisi [&hellip;]<\/p>\n","protected":false},"author":1,"featured_media":0,"parent":0,"menu_order":0,"comment_status":"closed","ping_status":"closed","template":"","meta":{"_acf_changed":false,"footnotes":""},"class_list":["post-726","page","type-page","status-publish"],"acf":[],"_links":{"self":[{"href":"https:\/\/www.kayiprihtim.org\/portal\/wp-json\/wp\/v2\/pages\/726","targetHints":{"allow":["GET"]}}],"collection":[{"href":"https:\/\/www.kayiprihtim.org\/portal\/wp-json\/wp\/v2\/pages"}],"about":[{"href":"https:\/\/www.kayiprihtim.org\/portal\/wp-json\/wp\/v2\/types\/page"}],"author":[{"embeddable":true,"href":"https:\/\/www.kayiprihtim.org\/portal\/wp-json\/wp\/v2\/users\/1"}],"replies":[{"embeddable":true,"href":"https:\/\/www.kayiprihtim.org\/portal\/wp-json\/wp\/v2\/comments?post=726"}],"version-history":[{"count":4,"href":"https:\/\/www.kayiprihtim.org\/portal\/wp-json\/wp\/v2\/pages\/726\/revisions"}],"predecessor-version":[{"id":59449,"href":"https:\/\/www.kayiprihtim.org\/portal\/wp-json\/wp\/v2\/pages\/726\/revisions\/59449"}],"wp:attachment":[{"href":"https:\/\/www.kayiprihtim.org\/portal\/wp-json\/wp\/v2\/media?parent=726"}],"curies":[{"name":"wp","href":"https:\/\/api.w.org\/{rel}","templated":true}]}}