{"id":794,"date":"2009-02-11T22:27:42","date_gmt":"2009-02-11T20:27:42","guid":{"rendered":"http:\/\/www.kayiprihtim.org\/portal\/?page_id=794"},"modified":"2021-06-06T01:56:52","modified_gmt":"2021-06-05T22:56:52","slug":"mortensen-ve-lee-hobbit-hakkinda-konustu","status":"publish","type":"page","link":"https:\/\/www.kayiprihtim.org\/portal\/roportajlar\/mortensen-ve-lee-hobbit-hakkinda-konustu\/","title":{"rendered":"Mortensen ve Lee Hobbit Hakk\u0131nda Konu\u015ftu"},"content":{"rendered":"<p>Christopher Lee&#8217;nin IGN&#8217;ye, Viggo Mortensen&#8217;in de totalfilm.com&#8217;a verdikleri r\u00f6portajlarda Hobbit de konu\u015fuldu.<\/p>\n<h3 style=\"padding-left: 30px;\"><span style=\"color: #993300;\"><strong>Christopher Lee<\/strong><\/span><\/h3>\n<p><strong>IGN<\/strong>: <em>Saruman rol\u00fcn\u00fc The Hobbit\u2019te ya da onu Y\u00fcz\u00fcklerin Efendisi\u2019ne ba\u011flayan devam filminde tekrar canland\u0131rmak ister miydiniz?<\/em><\/p>\n<p><strong>Lee<\/strong>: Ian McKellen\u2019in Gandalf\u2019\u0131 tekrar oynamay\u0131 akbul etti\u011fini duydum. Ancak benim karakterim [kitapta] g\u00f6r\u00fcnm\u00fcyor. Ama asla bilemezsiniz. Aniden b\u00fcy\u00fcc\u00fcler konseyini dahil edebilirler. Bir fikrim yok. Kimse bana bu gizemli 2. filmden bahsetmedi, The Hobbit\u2019ten \u00f6ncesini mi anlatacak, yoksa sonras\u0131n\u0131, Y\u00fcz\u00fcklerin efendisinden \u00f6ncesini mi?<\/p>\n<p style=\"text-align: center;\"><img decoding=\"async\" class=\"aligncenter\" src=\"http:\/\/upload.wikimedia.org\/wikipedia\/tr\/e\/ef\/Saruman.jpg\" alt=\"\"><\/p>\n<p><strong>IGN<\/strong>: <em>The Hobbit ile Y\u00fcz\u00fcklerin Efendisi aras\u0131ndaki olaylar\u0131 ba\u011flayan bir film olmal\u0131. Bir Tolkien uzman\u0131 olarak set i\u00e7in uygun biri olabilirsiniz&#8230; <\/em><\/p>\n<p><strong>Lee<\/strong>: Evet, b\u00fcy\u00fcc\u00fclerin y\u00fczlerce y\u0131l ya\u015fl\u0131 oldu\u011funu unutmamal\u0131s\u0131n\u0131z. Belki Ak Saruman\u2019\u0131n konseyin ba\u015f\u0131nda oldu\u011fu ve iyi, kibar, nazik ve m\u00fckemmel birisi oldu\u011fu zamanlara tekab\u00fcl eder. Bu a\u00e7\u0131dan onu g\u00f6sterebilirler \u00e7\u00fcnk\u00fc onun neden aniden karar de\u011fi\u015ftirdi\u011fi a\u00e7\u0131klanmad\u0131.<\/p>\n<p><strong>IGN<\/strong>:<em> Rol\u00fc tekrar oynamaya istekli misiniz? <\/em><\/p>\n<p><strong>Lee<\/strong>: \u00d6z\u00fcnde \u00e7ok istiyorum. Ama art\u0131k belli bir ya\u015fa geldim [86] ve yeniden Yeni Zelanda\u2019ya yolculuk etmek beni \u00e7ok yoracakt\u0131r. Benim i\u00e7in kolay olmayacakt\u0131r \u00e7\u00fcnk\u00fc \u00e7ok zorlu bir yolculuk ve \u00fcz\u00fclerek s\u00f6yl\u00fcyorum ki yapamayabilirim.<\/p>\n<p><strong>IGN<\/strong>:<em>E\u011fer sizin b\u00f6l\u00fcm\u00fcn\u00fcz\u00fc Londra\u2019da \u00e7ekilebiliyor olsalar ilgilenir miydiniz? <\/em><\/p>\n<p><strong>Lee<\/strong>: Evet, kesinlikle.<\/p>\n<h3 style=\"padding-left: 30px;\"><span style=\"color: #993300;\"><strong>Viggo Mortensen<\/strong><\/span><\/h3>\n<p>\u201cMuhtemelen di\u011fer \u00fc\u00e7l\u00fc gibi hayran b\u0131rakacak.\u201d<\/p>\n<p>Aragorn olarak rol\u00fcn\u00fc tekrar oynay\u0131p oynamayaca\u011f\u0131na hitaben, Y\u00fcz\u00fcklerin Efendisi y\u0131ld\u0131z\u0131 Viggo Mortensen The Hobbit hakk\u0131nda totalfilm.com a konu\u015ftu.<\/p>\n<p>\u201cBa\u015fka bir akt\u00f6r\u00fcn yapmas\u0131 yerine, i\u015fi kendim bitirmeyi tercih ederim.\u201d Diyor Mortensen. \u201cKonuyla ilgiliyim, ama bunun Tolkien\u2019in ruhuna uyumlu yap\u0131ld\u0131\u011f\u0131n\u0131 g\u00f6rmek isterim.\u201d<\/p>\n<p>Viggo, yeni y\u00f6netmen Guillermo del Toro\u2019yu onaylad\u0131\u011f\u0131n\u0131 belirterek \u015funu s\u00f6yledi; \u201cO azimli, zeki ve en az Jackson kadar inat\u00e7\u0131.\u201d<\/p>\n<p>\u201cBirka\u00e7 ki\u015finin senaryoda son dakikada de\u011fi\u015fiklikler yapmas\u0131yla olay\u0131n Y\u00fcz\u00fcklerin Efendisi\u2019ndeki gibi koca bir sirke d\u00f6n\u00fc\u015f\u00fcp d\u00f6n\u00fc\u015fmeyece\u011fi de var.\u201d<\/p>\n<p>\u201cBelki de bu \u015fekilde daha ak\u0131c\u0131 ve etkili olur, bir a\u00e7\u0131dan da muhtemelen di\u011fer \u00fc\u00e7l\u00fc gibi hayran b\u0131rakacak.\u201d<\/p>\n<p style=\"text-align: center;\">\n<p>Mortensen ayr\u0131ca orijinal \u00fc\u00e7lemenin \u00fcst\u00fcne \u00e7al\u0131\u015f\u0131l\u0131rken efektlerden \u00e7ok fazla yararlan\u0131ld\u0131\u011f\u0131n\u0131 s\u00f6yl\u00fcyor.<\/p>\n<p>\u201cY\u00fcz\u00fck Karde\u015fli\u011fi bana g\u00f6re Tolkien\u2019e en ba\u011fl\u0131 kal\u0131nan b\u00f6l\u00fcmd\u00fc. Performans ve \u00f6yk\u00fc anlat\u0131m\u0131nda her t\u00fcrl\u00fc inceli\u011fin en \u00e7ok gerekti\u011fi b\u00f6l\u00fcmd\u00fc.\u201d<\/p>\n<p>\u201c\u0130kinciyle ba\u015flamak \u00f6zel efekt i\u015fini daha da art\u0131rd\u0131. Tabii bu, bu tip filmlerin en iyi olmayacaklar\u0131n\u0131 s\u00f6ylemek anlam\u0131na gelmez.\u201d<\/p>\n<p>\u201cFilmin ba\u015far\u0131s\u0131n\u0131 tart\u0131\u015famazs\u0131n\u0131z, ama ben olsayd\u0131m, efektlere de\u011fil de karakterle\u015ftirmeye odaklanm\u0131\u015f olurdum.\u201d<\/p>\n<p>\u201c\u0130kincil karakterlerin daha fazla konu\u015fmas\u0131n\u0131 ve kahramanlara o kadar odaklan\u0131lmamas\u0131n\u0131 sa\u011flard\u0131m. Her y\u00f6nden, ilk filmde sunulmu\u015f orta d\u00fcnya \u0131rklar\u0131 aras\u0131nda daha bir denge vard\u0131. \u0130li\u015fkilerle daha ba\u011f\u0131nt\u0131l\u0131yd\u0131\u2026 Bu sadece ki\u015fisel zevkim.\u201d<\/p>\n","protected":false},"excerpt":{"rendered":"<p>Christopher Lee&#8217;nin IGN&#8217;ye, Viggo Mortensen&#8217;in de totalfilm.com&#8217;a verdikleri r\u00f6portajlarda Hobbit de konu\u015fuldu. Christopher Lee IGN: Saruman rol\u00fcn\u00fc The Hobbit\u2019te ya da onu Y\u00fcz\u00fcklerin Efendisi\u2019ne ba\u011flayan devam filminde tekrar canland\u0131rmak ister miydiniz? Lee: Ian McKellen\u2019in Gandalf\u2019\u0131 tekrar oynamay\u0131 akbul etti\u011fini duydum. Ancak benim karakterim [kitapta] g\u00f6r\u00fcnm\u00fcyor. Ama asla bilemezsiniz. Aniden b\u00fcy\u00fcc\u00fcler konseyini dahil edebilirler. Bir fikrim [&hellip;]<\/p>\n","protected":false},"author":3,"featured_media":0,"parent":1029,"menu_order":0,"comment_status":"open","ping_status":"closed","template":"page2.php","meta":{"_acf_changed":false,"footnotes":""},"class_list":["post-794","page","type-page","status-publish"],"acf":[],"_links":{"self":[{"href":"https:\/\/www.kayiprihtim.org\/portal\/wp-json\/wp\/v2\/pages\/794","targetHints":{"allow":["GET"]}}],"collection":[{"href":"https:\/\/www.kayiprihtim.org\/portal\/wp-json\/wp\/v2\/pages"}],"about":[{"href":"https:\/\/www.kayiprihtim.org\/portal\/wp-json\/wp\/v2\/types\/page"}],"author":[{"embeddable":true,"href":"https:\/\/www.kayiprihtim.org\/portal\/wp-json\/wp\/v2\/users\/3"}],"replies":[{"embeddable":true,"href":"https:\/\/www.kayiprihtim.org\/portal\/wp-json\/wp\/v2\/comments?post=794"}],"version-history":[{"count":1,"href":"https:\/\/www.kayiprihtim.org\/portal\/wp-json\/wp\/v2\/pages\/794\/revisions"}],"predecessor-version":[{"id":59324,"href":"https:\/\/www.kayiprihtim.org\/portal\/wp-json\/wp\/v2\/pages\/794\/revisions\/59324"}],"up":[{"embeddable":true,"href":"https:\/\/www.kayiprihtim.org\/portal\/wp-json\/wp\/v2\/pages\/1029"}],"wp:attachment":[{"href":"https:\/\/www.kayiprihtim.org\/portal\/wp-json\/wp\/v2\/media?parent=794"}],"curies":[{"name":"wp","href":"https:\/\/api.w.org\/{rel}","templated":true}]}}