{"id":8840,"date":"2011-04-22T10:56:26","date_gmt":"2011-04-22T07:56:26","guid":{"rendered":"http:\/\/www.kayiprihtim.org\/portal\/"},"modified":"2016-05-26T06:18:07","modified_gmt":"2016-05-26T03:18:07","slug":"sandman","status":"publish","type":"page","link":"https:\/\/www.kayiprihtim.org\/portal\/kitaplar\/sandman\/","title":{"rendered":"Sandman"},"content":{"rendered":"<p>Neil Gaiman&#8217;\u0131n efsaneler aras\u0131na girmi\u015f toplamda 11 ciltten olu\u015fan \u00e7izgi roman serisi.<\/p>\n<h3>Seride Bulunan Kitaplar<\/h3>\n<ol>\n<li>D\u00fc\u015f M\u00fczi\u011fi<\/li>\n<li>Bebek Evi<\/li>\n<li>D\u00fc\u015f \u00dclkesi<\/li>\n<li>Sisler Mevsimi<\/li>\n<li>Sen Oyunu<\/li>\n<li>Fabllar ve Yans\u0131malar<\/li>\n<li>K\u0131sa Ya\u015famlar<\/li>\n<li>D\u00fcnyalar\u0131n Sonu<\/li>\n<li>Merhametliler<\/li>\n<li>Uyan\u0131\u015f<\/li>\n<li>Ebedi Geceler<\/li>\n<\/ol>\n","protected":false},"excerpt":{"rendered":"<p>Neil Gaiman&#8217;\u0131n efsaneler aras\u0131na girmi\u015f toplamda 11 ciltten olu\u015fan \u00e7izgi roman serisi. Seride Bulunan Kitaplar D\u00fc\u015f M\u00fczi\u011fi Bebek Evi D\u00fc\u015f \u00dclkesi Sisler Mevsimi Sen Oyunu Fabllar ve Yans\u0131malar K\u0131sa Ya\u015famlar D\u00fcnyalar\u0131n Sonu Merhametliler Uyan\u0131\u015f Ebedi Geceler<\/p>\n","protected":false},"author":1,"featured_media":0,"parent":57,"menu_order":0,"comment_status":"open","ping_status":"closed","template":"","meta":{"_acf_changed":false,"footnotes":""},"class_list":["post-8840","page","type-page","status-publish"],"acf":[],"_links":{"self":[{"href":"https:\/\/www.kayiprihtim.org\/portal\/wp-json\/wp\/v2\/pages\/8840","targetHints":{"allow":["GET"]}}],"collection":[{"href":"https:\/\/www.kayiprihtim.org\/portal\/wp-json\/wp\/v2\/pages"}],"about":[{"href":"https:\/\/www.kayiprihtim.org\/portal\/wp-json\/wp\/v2\/types\/page"}],"author":[{"embeddable":true,"href":"https:\/\/www.kayiprihtim.org\/portal\/wp-json\/wp\/v2\/users\/1"}],"replies":[{"embeddable":true,"href":"https:\/\/www.kayiprihtim.org\/portal\/wp-json\/wp\/v2\/comments?post=8840"}],"version-history":[{"count":0,"href":"https:\/\/www.kayiprihtim.org\/portal\/wp-json\/wp\/v2\/pages\/8840\/revisions"}],"up":[{"embeddable":true,"href":"https:\/\/www.kayiprihtim.org\/portal\/wp-json\/wp\/v2\/pages\/57"}],"wp:attachment":[{"href":"https:\/\/www.kayiprihtim.org\/portal\/wp-json\/wp\/v2\/media?parent=8840"}],"curies":[{"name":"wp","href":"https:\/\/api.w.org\/{rel}","templated":true}]}}