{"id":89,"date":"2008-06-19T05:47:59","date_gmt":"2008-06-19T12:47:59","guid":{"rendered":"http:\/\/www.hayalcini.net\/blog\/olum-kapisi-serisi\/"},"modified":"2016-05-26T05:27:06","modified_gmt":"2016-05-26T02:27:06","slug":"olum-kapisi-serisi","status":"publish","type":"page","link":"https:\/\/www.kayiprihtim.org\/portal\/kitaplar\/olum-kapisi-serisi\/","title":{"rendered":"\u00d6l\u00fcm Kap\u0131s\u0131 Serisi"},"content":{"rendered":"<p>Margaret Weis ve Tracy Hickman&#8217;\u0131n kaleme ald\u0131klar\u0131 toplamda yedi kitaptan olu\u015fan fantastik kurgu serisidir.<\/p>\n","protected":false},"excerpt":{"rendered":"<p>Margaret Weis ve Tracy Hickman&#8217;\u0131n kaleme ald\u0131klar\u0131 toplamda yedi kitaptan olu\u015fan fantastik kurgu serisidir.<\/p>\n","protected":false},"author":1,"featured_media":0,"parent":57,"menu_order":0,"comment_status":"open","ping_status":"closed","template":"","meta":{"_acf_changed":false,"footnotes":""},"class_list":["post-89","page","type-page","status-publish"],"acf":[],"_links":{"self":[{"href":"https:\/\/www.kayiprihtim.org\/portal\/wp-json\/wp\/v2\/pages\/89","targetHints":{"allow":["GET"]}}],"collection":[{"href":"https:\/\/www.kayiprihtim.org\/portal\/wp-json\/wp\/v2\/pages"}],"about":[{"href":"https:\/\/www.kayiprihtim.org\/portal\/wp-json\/wp\/v2\/types\/page"}],"author":[{"embeddable":true,"href":"https:\/\/www.kayiprihtim.org\/portal\/wp-json\/wp\/v2\/users\/1"}],"replies":[{"embeddable":true,"href":"https:\/\/www.kayiprihtim.org\/portal\/wp-json\/wp\/v2\/comments?post=89"}],"version-history":[{"count":0,"href":"https:\/\/www.kayiprihtim.org\/portal\/wp-json\/wp\/v2\/pages\/89\/revisions"}],"up":[{"embeddable":true,"href":"https:\/\/www.kayiprihtim.org\/portal\/wp-json\/wp\/v2\/pages\/57"}],"wp:attachment":[{"href":"https:\/\/www.kayiprihtim.org\/portal\/wp-json\/wp\/v2\/media?parent=89"}],"curies":[{"name":"wp","href":"https:\/\/api.w.org\/{rel}","templated":true}]}}