{"id":9779,"date":"2011-05-25T17:36:26","date_gmt":"2011-05-25T14:36:26","guid":{"rendered":"http:\/\/www.kayiprihtim.org\/portal\/"},"modified":"2011-05-25T17:50:05","modified_gmt":"2011-05-25T14:50:05","slug":"korkusuz","status":"publish","type":"page","link":"https:\/\/www.kayiprihtim.org\/portal\/kitaplar\/korkusuz\/","title":{"rendered":"Korkusuz"},"content":{"rendered":"<table style=\"border: thin outset; border-collapse: collapse; height: 30px; width: 470px;\" border=\"0\" cellpadding=\"2\">\n<tbody>\n<tr>\n<td width=\"30%\" bgcolor=\"#330000\"><span style=\"color: #ffffff;\"><span style=\"font-family: Verdana;\"><strong>TA\u015eTAN ET<br \/>\n<\/strong><\/span><\/span><\/td>\n<\/tr>\n<\/tbody>\n<\/table>\n<table style=\"border-collapse: collapse; width: 462px; height: 250px;\" border=\"0\" cellspacing=\"0\" cellpadding=\"0\" bordercolor=\"#111111\">\n<tbody>\n<tr>\n<td width=\"58%\" align=\"center\" valign=\"top\">\n<table style=\"border-collapse: collapse; width: 315px; height: 248px;\" border=\"0\" cellspacing=\"2\">\n<tbody>\n<tr>\n<td width=\"100%\" align=\"right\">\n<table style=\"width: 310px; height: 88px;\" border=\"0\" cellspacing=\"0\">\n<tbody>\n<tr bgcolor=\"#D1C4A5\">\n<td width=\"39%\"><strong>Yazar<\/strong><\/td>\n<td width=\"3%\">:<\/td>\n<td width=\"51%\">Cornelia Funke<\/td>\n<\/tr>\n<tr bgcolor=\"#E4DDCB\">\n<td><strong>\u00c7eviri<\/strong><\/td>\n<td width=\"3%\">:<\/td>\n<td width=\"51%\">Nazife Merto\u011flu<\/td>\n<\/tr>\n<tr bgcolor=\"#D1C4A5\">\n<td width=\"39%\"><strong>\u00d6zg\u00fcn Ad\u0131<\/strong><\/td>\n<td width=\"3%\">:<\/td>\n<td width=\"51%\">Reckless<\/td>\n<\/tr>\n<tr bgcolor=\"#E4DDCB\">\n<td width=\"39%\"><strong>Yay\u0131na Haz\u0131rl\u0131k<\/strong><\/td>\n<td width=\"3%\">:<\/td>\n<td width=\"51%\">Bo\u011fa\u00e7 Erkan<\/td>\n<\/tr>\n<\/tbody>\n<\/table>\n<\/td>\n<\/tr>\n<tr>\n<td style=\"border-style: solid ridge ridge; border-width: 1px; padding-left: 4px; padding-right: 4px;\" width=\"100%\" bgcolor=\"#C0B18D\"><strong><span style=\"font-size: 9pt; font-family: Tahoma;\">Arkada\u015f Yay\u0131nlar\u0131<br \/>\n<\/span><\/strong><\/td>\n<\/tr>\n<tr>\n<td width=\"100%\" align=\"right\">\n<table style=\"width: 310px; height: 88px;\" border=\"0\" cellspacing=\"0\">\n<tbody>\n<tr bgcolor=\"#E4DDCB\">\n<td width=\"39%\"><strong>\u00c7\u0131k\u0131\u015f Tarihi<\/strong><\/td>\n<td width=\"3%\">:<\/td>\n<td width=\"51%\">May\u0131s, 2011<\/td>\n<\/tr>\n<tr bgcolor=\"#D1C4A5\">\n<td><strong>Sayfa Say\u0131s\u0131<\/strong><\/td>\n<td width=\"3%\">:<\/td>\n<td width=\"51%\">344<\/td>\n<\/tr>\n<tr bgcolor=\"#E4DDCB\">\n<td width=\"39%\"><strong>Fiyat\u0131<\/strong><\/td>\n<td width=\"3%\">:<\/td>\n<td width=\"51%\">16,50 TL<\/td>\n<\/tr>\n<tr bgcolor=\"#D1C4A5\">\n<td width=\"39%\"><strong>ISBN No<\/strong><\/td>\n<td width=\"3%\">:<\/td>\n<td width=\"51%\">978-975-509-675-9<\/td>\n<\/tr>\n<\/tbody>\n<\/table>\n<\/td>\n<\/tr>\n<\/tbody>\n<\/table>\n<\/td>\n<td width=\"39%\" align=\"left\" valign=\"top\">\n<p style=\"text-align: center;\">\n<p style=\"text-align: center;\"><a href=\"https:\/\/www.kayiprihtim.org\/portal\/gorsel\/Korkusuz_tastan-et.jpg\" target=\"_blank\"><img decoding=\"async\" class=\"aligncenter\" src=\"https:\/\/www.kayiprihtim.org\/portal\/gorsel\/Korkusuz_tastan-et.jpg\" border=\"0\" alt=\"\" hspace=\"1\" width=\"140\" height=\"219\"><\/a><\/p>\n<\/td>\n<\/tr>\n<\/tbody>\n<\/table>\n<table style=\"border-collapse: collapse; width: 47%;\" border=\"0\" cellpadding=\"0\">\n<tbody>\n<tr>\n<td width=\"54%\">\n<table style=\"border-collapse: collapse; height: 147px; width: 470px;\" border=\"0\" cellspacing=\"0\" cellpadding=\"2\">\n<tbody>\n<tr>\n<td style=\"border-style: solid ridge ridge; border-width: 1px; padding-left: 4px; padding-right: 4px;\" width=\"98%\" bgcolor=\"#C0B18D\"><strong><span style=\"font-size: 9pt; font-family: Tahoma;\">Tan\u0131t\u0131m Yaz\u0131s\u0131<\/span><\/strong><\/td>\n<\/tr>\n<tr>\n<td width=\"99%\" align=\"left\">\n<table style=\"width: 465px;\" border=\"0\">\n<tbody>\n<tr>\n<td style=\"border-style: outset; border-width: 1px;\" width=\"96%\" bgcolor=\"#D1C4A5\">\n<table style=\"border-collapse: collapse; width: 452px; height: 199px;\" border=\"0\" cellspacing=\"0\" cellpadding=\"5\" bgcolor=\"#D1C4A5\" bordercolor=\"#D1C4A5\">\n<tbody>\n<tr>\n<td width=\"96%\" bgcolor=\"#D1C4A5\">\n<p style=\"text-align: center;\"><strong><em>AYNA, ANCAK KEND\u0130 YANSIMASINI G<\/em><\/strong><strong><em>\u00d6<\/em><\/strong><strong><em>REMEYENLERE A<\/em><\/strong><strong><em>\u00c7<\/em><\/strong><strong><em>ILIR<\/em><\/strong><strong><em>.<\/em><\/strong><\/p>\n<p><em> <\/em><\/p>\n<p><em>Aynad\u00fcnya,  bazen d\u00fcnyam\u0131zla b\u00fcy\u00fck benzerlikler g\u00f6steren, bazen de akla kara kadar  farkl\u0131; masals\u0131 yarat\u0131klar\u0131n topraklar\u0131nda gezindi\u011fi; hararetli g\u00fc\u00e7  sava\u015flar\u0131n\u0131n ya\u015fand\u0131\u011f\u0131; c\u00fcceler, elfler, periler, Goyllar, Heinzeller  gibi t\u00fcrl\u00fc varl\u0131klara ev sahipli\u011fi yapan b\u00fcy\u00fcl\u00fc bir d\u00fcnya. \u0130ki d\u00fcnyay\u0131  birbirine ba\u011flayan kap\u0131 ise, John Korkusuz\u2019un \u00e7al\u0131\u015fma odas\u0131nda duran  aynadan ba\u015fka bir \u015fey de\u011fil. <\/em><\/p>\n<p><em>Babas\u0131n\u0131n  onlar\u0131 terk edip gitmesinin ard\u0131ndan, Jakob aynay\u0131 ve ard\u0131ndaki d\u00fcnyay\u0131  ke\u015ffeder ve d\u00fczenli olarak di\u011fer taraftaki Aynad\u00fcnya\u2019y\u0131 ziyaret etmeye  ba\u015flar. Ama hi\u00e7bir \u015fey g\u00f6r\u00fcnd\u00fc\u011f\u00fc kadar kolay olmayacak, karde\u015fi Will\u2019in  de pe\u015fine d\u00fc\u015f\u00fcp di\u011fer tarafa gelmesinden sonra olaylar \u00e7\u0131lg\u0131nca bir  tempoyla ilerlemeye ba\u015flayacakt\u0131r.<\/em><\/p>\n<p><em>Goyllar  karde\u015fi Will\u2019i yaray\u0131nca, Will\u2019in cildi Aynad\u00fcnyan\u0131n yer alt\u0131nda  ya\u015fayan \u0131rklar\u0131ndan biri olan Goyllar\u0131n cildini saran ta\u015fla kaplanmaya  ba\u015flar. Jakob bir yandan insanlar ve Goyllar aras\u0131nda s\u00fcr\u00fcp giden sava\u015fa  ra\u011fmen hayatta kalmay\u0131 ba\u015farmal\u0131, bir yandan da karde\u015fi bedenini saran  Goyl b\u00fcy\u00fcs\u00fcne yenik d\u00fc\u015fmeden \u00f6nce onu kurtar\u0131p, ait oldu\u011fu d\u00fcnyaya geri  g\u00f6ndermelidir.<\/em><\/p>\n<p>Korkusuz, Cornelia Funke\u2019ninen \u00e7ok \u00f6nem verdi\u011fi projelerinden biri ve <strong>dizinin ikinci kitab\u0131<\/strong> da bu y\u0131l\u0131n ilerleyen d\u00f6nemlerinde piyasalarda yerini alacak.<\/p>\n<p>Farkl\u0131  \u0131rklar ve bu \u0131rklar\u0131n birbirleriyle etkile\u015fimleri, teknolojik olarak  d\u00fcnyam\u0131za k\u0131yasla geri olan yap\u0131s\u0131, ayaklar\u0131 yere basan ve fantastik  \u00f6\u011feleri b\u00fcnyelerinde ve \u00e7evrelerinde bar\u0131nd\u0131r\u0131yor olmalar\u0131na kar\u015f\u0131n  ger\u00e7ek\u00e7i bir \u015fekilde betimlenmi\u015f karakterler gibi \u00f6\u011feler sayesinde,  Funke masals\u0131 bir atmosferin h\u00e2kim oldu\u011fu bir d\u00fcnya yarat\u0131yor bizler  i\u00e7in.<\/td>\n<\/tr>\n<\/tbody>\n<\/table>\n<\/td>\n<\/tr>\n<\/tbody>\n<\/table>\n<\/td>\n<\/tr>\n<\/tbody>\n<\/table>\n<\/td>\n<\/tr>\n<\/tbody>\n<\/table>\n","protected":false},"excerpt":{"rendered":"<p>TA\u015eTAN ET Yazar : Cornelia Funke \u00c7eviri : Nazife Merto\u011flu \u00d6zg\u00fcn Ad\u0131 : Reckless Yay\u0131na Haz\u0131rl\u0131k : Bo\u011fa\u00e7 Erkan Arkada\u015f Yay\u0131nlar\u0131 \u00c7\u0131k\u0131\u015f Tarihi : May\u0131s, 2011 Sayfa Say\u0131s\u0131 : 344 Fiyat\u0131 : 16,50 TL ISBN No : 978-975-509-675-9 Tan\u0131t\u0131m Yaz\u0131s\u0131 AYNA, ANCAK KEND\u0130 YANSIMASINI G\u00d6REMEYENLERE A\u00c7ILIR. Aynad\u00fcnya, bazen d\u00fcnyam\u0131zla b\u00fcy\u00fck benzerlikler g\u00f6steren, bazen de akla [&hellip;]<\/p>\n","protected":false},"author":1,"featured_media":0,"parent":57,"menu_order":0,"comment_status":"open","ping_status":"closed","template":"","meta":{"_acf_changed":false,"footnotes":""},"class_list":["post-9779","page","type-page","status-publish"],"acf":[],"_links":{"self":[{"href":"https:\/\/www.kayiprihtim.org\/portal\/wp-json\/wp\/v2\/pages\/9779","targetHints":{"allow":["GET"]}}],"collection":[{"href":"https:\/\/www.kayiprihtim.org\/portal\/wp-json\/wp\/v2\/pages"}],"about":[{"href":"https:\/\/www.kayiprihtim.org\/portal\/wp-json\/wp\/v2\/types\/page"}],"author":[{"embeddable":true,"href":"https:\/\/www.kayiprihtim.org\/portal\/wp-json\/wp\/v2\/users\/1"}],"replies":[{"embeddable":true,"href":"https:\/\/www.kayiprihtim.org\/portal\/wp-json\/wp\/v2\/comments?post=9779"}],"version-history":[{"count":0,"href":"https:\/\/www.kayiprihtim.org\/portal\/wp-json\/wp\/v2\/pages\/9779\/revisions"}],"up":[{"embeddable":true,"href":"https:\/\/www.kayiprihtim.org\/portal\/wp-json\/wp\/v2\/pages\/57"}],"wp:attachment":[{"href":"https:\/\/www.kayiprihtim.org\/portal\/wp-json\/wp\/v2\/media?parent=9779"}],"curies":[{"name":"wp","href":"https:\/\/api.w.org\/{rel}","templated":true}]}}